{"id":35269,"date":"2026-02-25T13:04:34","date_gmt":"2026-02-25T12:04:34","guid":{"rendered":"https:\/\/www.alliancerotterdam.nl\/?post_type=tribe_events&#038;p=35269"},"modified":"2026-03-23T14:51:52","modified_gmt":"2026-03-23T13:51:52","slug":"diner-de-la-francophonie","status":"publish","type":"tribe_events","link":"https:\/\/www.alliancerotterdam.nl\/nl\/evennement\/diner-de-la-francophonie\/","title":{"rendered":"D\u00eener de la Francophonie"},"content":{"rendered":"<p>\ud83c\uddeb\ud83c\uddf7 D\u00eener de la Francophonie \u00e0 l&#8217;Alliance Fran\u00e7aise Rotterdam \ud83e\udd56<\/p>\n<p>Envie de voyager le temps d&#8217;une soir\u00e9e et de partir \u00e0 la d\u00e9couverte des saveurs des pays francophones ? Nous avons le plaisir de vous convier \u00e0 <strong>notre repas de la Francophonie le vendredi 27 mars \u00e0 18h30<\/strong> !<\/p>\n<p>Au programme de la soir\u00e9e :<br \/>\n\ud83d\udd38 Des sp\u00e9cialit\u00e9s francophones (entr\u00e9e libanaise, plat marocain, fromages fran\u00e7ais, dessert antillais)<br \/>\n\ud83d\udd38 Remise du prix concours photo<br \/>\n\ud83d\udd38 Quiz sur le monde francophone<\/p>\n<p>C\u00e9l\u00e9brons ensemble le Mois de la Francophonie lors d&#8217;un moment convivial, propice aux rencontres et aux d\u00e9couvertes culturelles !<\/p>\n<p>Inscriptions ouvertes jusqu&#8217;au 26 mars \u2013 places limit\u00e9es !<\/p>\n<p>Ticket (repas + 1 verre) : <a href=\"https:\/\/www.alliancerotterdam.nl\/produit\/repas-de-la-francophonie-tarif-enfants\/\" target=\"_blank\" rel=\"noopener\">15\u20ac pour les enfants (jusqu&#8217;\u00e0 12 ans)<\/a> \/ <a href=\"https:\/\/www.alliancerotterdam.nl\/produit\/repas-de-la-francophonie-tarif-membres\/\" target=\"_blank\" rel=\"noopener\">22\u20ac pour les membres<\/a> \/ <a href=\"https:\/\/www.alliancerotterdam.nl\/produit\/repas-de-la-francophonie-tarif-adultes\/\" target=\"_blank\" rel=\"noopener\">27\u20ac pour les adultes<\/a><\/p>\n<p>____________________<\/p>\n<p>ENG D\u00eener de la Francophonie &#8211; Alliance Fran\u00e7aise Rotterdam \ud83e\udd56<\/p>\n<p>Do you want to travel for an evening and discover the flavours of French-speaking countries? We are delighted to invite you to <strong>our Francophonie dinner on Friday 27 March at 6:30 pm<\/strong>!<\/p>\n<p>The evening&#8217;s programme includes:<br \/>\n\ud83d\udd38 Francophone specialities (Lebanese starter, Moroccan main course, French cheeses, Caribbean dessert)<br \/>\n\ud83d\udd38 Photo contest prize-giving<br \/>\n\ud83d\udd38 Quiz on the French-speaking world<\/p>\n<p>Let&#8217;s celebrate the Month of Francophonie together during a friendly evening, perfect for meeting new people and discovering new cultures!<\/p>\n<p>Registration is open until 26 March &#8211; limited places available!<\/p>\n<p>Ticket (dinner + 1 drink): <a href=\"https:\/\/www.alliancerotterdam.nl\/produit\/repas-de-la-francophonie-tarif-enfants\/\" target=\"_blank\" rel=\"noopener\">15\u20ac for children (up to 12 years old)<\/a> \/ <a href=\"https:\/\/www.alliancerotterdam.nl\/produit\/repas-de-la-francophonie-tarif-membres\/\" target=\"_blank\" rel=\"noopener\">22\u20ac for members<\/a> \/ <a href=\"https:\/\/www.alliancerotterdam.nl\/produit\/repas-de-la-francophonie-tarif-adultes\/\" target=\"_blank\" rel=\"noopener\">27\u20ac for adult<\/a><\/p>\n<p>____________________<\/p>\n<p>NL Francofonie-diner &#8211; Alliance Fran\u00e7aise Rotterdam \ud83e\udd56<\/p>\n<p>Zin om even weg te zijn en de smaken van de Franstalige landen te ontdekken? We nodigen je van harte uit voor ons <strong>Francofonie-diner op vrijdag 27 maart om 18.30 uur!<\/strong><\/p>\n<p>Op het programma van de avond staan:<br \/>\n\ud83d\udd38 Franstalige specialiteiten (Libanese voorgerecht, Marokkaans hoofdgerecht, Franse kazen, Caribisch dessert)<br \/>\n\ud83d\udd38 Prijsuitreiking fotowedstrijd<br \/>\n\ud83d\udd38 Quiz over de Franstalige wereld<\/p>\n<p>Laten we samen de Maand van de Francophonie vieren tijdens een gezellige avond, ideaal om nieuwe mensen te ontmoeten en nieuwe culturen te ontdekken!<\/p>\n<p>Inschrijven kan tot 26 maart &#8211; beperkt aantal plaatsen beschikbaar!<\/p>\n<p>Ticket (diner + 1 drankje): <a href=\"https:\/\/www.alliancerotterdam.nl\/produit\/repas-de-la-francophonie-tarif-enfants\/\" target=\"_blank\" rel=\"noopener\">15 \u20ac voor kinderen (tot 12 jaar)<\/a>\u00a0\/ <a href=\"https:\/\/www.alliancerotterdam.nl\/produit\/repas-de-la-francophonie-tarif-membres\/\" target=\"_blank\" rel=\"noopener\">22\u20ac voor leden<\/a>\u00a0\/ <a href=\"https:\/\/www.alliancerotterdam.nl\/produit\/repas-de-la-francophonie-tarif-adultes\/\" target=\"_blank\" rel=\"noopener\">27\u20ac voor niet leden<\/a><\/p>\n","protected":false},"excerpt":{"rendered":"<p>\ud83c\uddeb\ud83c\uddf7 D\u00eener de la Francophonie \u00e0 l&#8217;Alliance Fran\u00e7aise Rotterdam \ud83e\udd56 Envie de voyager le temps d&#8217;une soir\u00e9e et de partir \u00e0 la d\u00e9couverte des saveurs des pays francophones ? Nous [&hellip;]<\/p>\n","protected":false},"author":3,"featured_media":35270,"template":"","meta":{"_et_pb_use_builder":"","_et_pb_old_content":"","_et_gb_content_width":"","_tribe_events_status":"","_tribe_events_status_reason":"","footnotes":""},"tags":[],"tribe_events_cat":[],"class_list":["post-35269","tribe_events","type-tribe_events","status-publish","has-post-thumbnail","hentry"],"_links":{"self":[{"href":"https:\/\/www.alliancerotterdam.nl\/nl\/wp-json\/wp\/v2\/tribe_events\/35269","targetHints":{"allow":["GET"]}}],"collection":[{"href":"https:\/\/www.alliancerotterdam.nl\/nl\/wp-json\/wp\/v2\/tribe_events"}],"about":[{"href":"https:\/\/www.alliancerotterdam.nl\/nl\/wp-json\/wp\/v2\/types\/tribe_events"}],"author":[{"embeddable":true,"href":"https:\/\/www.alliancerotterdam.nl\/nl\/wp-json\/wp\/v2\/users\/3"}],"version-history":[{"count":13,"href":"https:\/\/www.alliancerotterdam.nl\/nl\/wp-json\/wp\/v2\/tribe_events\/35269\/revisions"}],"predecessor-version":[{"id":35932,"href":"https:\/\/www.alliancerotterdam.nl\/nl\/wp-json\/wp\/v2\/tribe_events\/35269\/revisions\/35932"}],"wp:featuredmedia":[{"embeddable":true,"href":"https:\/\/www.alliancerotterdam.nl\/nl\/wp-json\/wp\/v2\/media\/35270"}],"wp:attachment":[{"href":"https:\/\/www.alliancerotterdam.nl\/nl\/wp-json\/wp\/v2\/media?parent=35269"}],"wp:term":[{"taxonomy":"post_tag","embeddable":true,"href":"https:\/\/www.alliancerotterdam.nl\/nl\/wp-json\/wp\/v2\/tags?post=35269"},{"taxonomy":"tribe_events_cat","embeddable":true,"href":"https:\/\/www.alliancerotterdam.nl\/nl\/wp-json\/wp\/v2\/tribe_events_cat?post=35269"}],"curies":[{"name":"wp","href":"https:\/\/api.w.org\/{rel}","templated":true}]}}

Dîner de la Francophonie

<p>🇫🇷 Dîner de la Francophonie à l&#8217;Alliance Française Rotterdam 🥖</p>
<p>Envie de voyager le temps d&#8217;une soirée et de partir à la découverte des saveurs des pays francophones ? Nous avons le plaisir de vous convier à <strong>notre repas de la Francophonie le vendredi 27 mars à 18h30</strong> !</p>
<p>Au programme de la soirée :<br />
🔸 Des spécialités francophones (entrée libanaise, plat marocain, fromages français, dessert antillais)<br />
🔸 Remise du prix concours photo<br />
🔸 Quiz sur le monde francophone</p>
<p>Célébrons ensemble le Mois de la Francophonie lors d&#8217;un moment convivial, propice aux rencontres et aux découvertes culturelles !</p>
<p>Inscriptions ouvertes jusqu&#8217;au 26 mars – places limitées !</p>
<p>Ticket (repas + 1 verre) : <a href="https://www.alliancerotterdam.nl/produit/repas-de-la-francophonie-tarif-enfants/" target="_blank" rel="noopener">15€ pour les enfants (jusqu&#8217;à 12 ans)</a> / <a href="https://www.alliancerotterdam.nl/produit/repas-de-la-francophonie-tarif-membres/" target="_blank" rel="noopener">22€ pour les membres</a> / <a href="https://www.alliancerotterdam.nl/produit/repas-de-la-francophonie-tarif-adultes/" target="_blank" rel="noopener">27€ pour les adultes</a></p>
<p>____________________</p>
<p>ENG Dîner de la Francophonie &#8211; Alliance Française Rotterdam 🥖</p>
<p>Do you want to travel for an evening and discover the flavours of French-speaking countries? We are delighted to invite you to <strong>our Francophonie dinner on Friday 27 March at 6:30 pm</strong>!</p>
<p>The evening&#8217;s programme includes:<br />
🔸 Francophone specialities (Lebanese starter, Moroccan main course, French cheeses, Caribbean dessert)<br />
🔸 Photo contest prize-giving<br />
🔸 Quiz on the French-speaking world</p>
<p>Let&#8217;s celebrate the Month of Francophonie together during a friendly evening, perfect for meeting new people and discovering new cultures!</p>
<p>Registration is open until 26 March &#8211; limited places available!</p>
<p>Ticket (dinner + 1 drink): <a href="https://www.alliancerotterdam.nl/produit/repas-de-la-francophonie-tarif-enfants/" target="_blank" rel="noopener">15€ for children (up to 12 years old)</a> / <a href="https://www.alliancerotterdam.nl/produit/repas-de-la-francophonie-tarif-membres/" target="_blank" rel="noopener">22€ for members</a> / <a href="https://www.alliancerotterdam.nl/produit/repas-de-la-francophonie-tarif-adultes/" target="_blank" rel="noopener">27€ for adult</a></p>
<p>____________________</p>
<p>NL Francofonie-diner &#8211; Alliance Française Rotterdam 🥖</p>
<p>Zin om even weg te zijn en de smaken van de Franstalige landen te ontdekken? We nodigen je van harte uit voor ons <strong>Francofonie-diner op vrijdag 27 maart om 18.30 uur!</strong></p>
<p>Op het programma van de avond staan:<br />
🔸 Franstalige specialiteiten (Libanese voorgerecht, Marokkaans hoofdgerecht, Franse kazen, Caribisch dessert)<br />
🔸 Prijsuitreiking fotowedstrijd<br />
🔸 Quiz over de Franstalige wereld</p>
<p>Laten we samen de Maand van de Francophonie vieren tijdens een gezellige avond, ideaal om nieuwe mensen te ontmoeten en nieuwe culturen te ontdekken!</p>
<p>Inschrijven kan tot 26 maart &#8211; beperkt aantal plaatsen beschikbaar!</p>
<p>Ticket (diner + 1 drankje): <a href="https://www.alliancerotterdam.nl/produit/repas-de-la-francophonie-tarif-enfants/" target="_blank" rel="noopener">15 € voor kinderen (tot 12 jaar)</a> / <a href="https://www.alliancerotterdam.nl/produit/repas-de-la-francophonie-tarif-membres/" target="_blank" rel="noopener">22€ voor leden</a> / <a href="https://www.alliancerotterdam.nl/produit/repas-de-la-francophonie-tarif-adultes/" target="_blank" rel="noopener">27€ voor niet leden</a></p>

<p>🇫🇷 Dîner de la Francophonie à l&#8217;Alliance Française Rotterdam 🥖 Envie de voyager le temps d&#8217;une soirée et de partir à la découverte des saveurs des pays francophones ? Nous [&hellip;]</p>
