{"id":33142,"date":"2025-07-29T17:30:51","date_gmt":"2025-07-29T15:30:51","guid":{"rendered":"https:\/\/www.alliancerotterdam.nl\/?post_type=tribe_events&#038;p=33142"},"modified":"2025-08-01T19:14:01","modified_gmt":"2025-08-01T17:14:01","slug":"comment-redefinir-les-differentes-manieres-detre-militantes-pour-des-artistes-femmes","status":"publish","type":"tribe_events","link":"https:\/\/www.alliancerotterdam.nl\/nl\/evennement\/comment-redefinir-les-differentes-manieres-detre-militantes-pour-des-artistes-femmes\/","title":{"rendered":"Comment red\u00e9finir les diff\u00e9rentes mani\u00e8res d\u2019\u00eatre militantes pour des artistes femmes ?\u00a0"},"content":{"rendered":"<div dir=\"ltr\">\n<div dir=\"ltr\">\n<div dir=\"ltr\">\n<div dir=\"ltr\">\n<div class=\"\" dir=\"auto\">\n<div class=\"\" dir=\"auto\">\n<div class=\"\" dir=\"auto\">\n<div class=\"\">\n<div class=\"\">\n<p align=\"LEFT\">En collaboration avec la Galerie Phoebus, l&#8217;Alliance Fran\u00e7aise Rotterdam vous propose d&#8217;assister \u00e0 la conf\u00e9rence : <strong>Comment red\u00e9finir les diff\u00e9rentes mani\u00e8res d\u2019\u00eatre militantes pour des artistes femmes ?\u00a0<\/strong><\/p>\n<p align=\"LEFT\">\n<\/div>\n<p align=\"LEFT\">Du 24 avril au 14 septembre, la Galerie Phoebus expose le collectif la tangente au sein de son Ladekastproject &#8211; deux commodes qui invitent les artistes \u00e0 s&#8217;exprimer librement.<\/p>\n<p align=\"LEFT\">A l&#8217;occasion de la cl\u00f4ture de l&#8217;exposition, 11 artistes du collectif la tangente seront pr\u00e9sentes \u00e0 Rotterdam pour discuter de la question du militantisme dans la pratique de l&#8217;art par les femmes. Dans leur discussion, elles seront rejointes par des artistes et sp\u00e9cialistes de l&#8217;art n\u00e9erlandais.<\/p>\n<p align=\"LEFT\">\n<\/div>\n<p align=\"LEFT\"><em>La tangente<\/em> : Depuis 2016, les 18 artistes femmes de <strong>la tangente<\/strong> d\u00e9veloppent des \u00e9changes de paroles sur leurs pratiques respectives et sur l&#8217;art. Sans programme ni concept, ce sont leurs relations d&#8217;estime dans une \u00e9coute attentive qui ont ciment\u00e9 le groupe, rejetant tr\u00e8s vite la formule de &#8220;militantes f\u00e9ministes&#8221;. <span class=\"\">Au fil du temps, chemin faisant, sans d\u00e9terminisme<strong> l<\/strong><\/span><span class=\"\"><b class=\"\">a tangente <\/b><\/span><span class=\"\">s&#8217;est identifi\u00e9e comme un collectif de 18 individualit\u00e9s sans aucun lien stylistique, formant un corps utopique au f\u00e9minin avec une confiance ind\u00e9fectible en l\u2019art.<\/span><\/p>\n<p align=\"LEFT\">\ud83d\udcc5 Rendez-vous le<strong> samedi 13 septembre \u00e0 14h<\/strong> <strong>\u00e0 la <a href=\"https:\/\/www.phoebus.nl\/\">Galerie Pheobus<\/a><\/strong> (<span class=\"OYPEnA font-feature-liga-off font-feature-clig-off font-feature-calt-off text-decoration-none text-strikethrough-none\">Eendrachtsweg 61 3012LG) <\/span>pour une discussion suivie d&#8217;une rencontre avec les artistes et d&#8217;une pr\u00e9sentation de leurs \u0153uvres \u00e0 partir de 16h.<\/p>\n<\/div>\n<p align=\"LEFT\">\ud83c\udfa4 Conf\u00e9rence en anglais.<\/p>\n<div class=\"\" dir=\"auto\">\n<p align=\"LEFT\"><strong>\ud83c\udfab Entr\u00e9e gratuite sur r\u00e9servation. <a href=\"https:\/\/www.alliancerotterdam.nl\/produit\/how-to-redefine-the-different-ways-of-being-activists-for-women-artists\/\">Merci de r\u00e9server votre ticket ICI\u00a0<\/a><\/strong><\/p>\n<\/div>\n<\/div>\n<\/div>\n<\/div>\n<\/div>\n<\/div>\n<\/div>\n","protected":false},"excerpt":{"rendered":"<p>En collaboration avec la Galerie Phoebus, l&#8217;Alliance Fran\u00e7aise Rotterdam vous propose d&#8217;assister \u00e0 la conf\u00e9rence : Comment red\u00e9finir les diff\u00e9rentes mani\u00e8res d\u2019\u00eatre militantes pour des artistes femmes ?\u00a0 Du 24 [&hellip;]<\/p>\n","protected":false},"author":2,"featured_media":33206,"template":"","meta":{"_et_pb_use_builder":"","_et_pb_old_content":"","_et_gb_content_width":"","_tribe_events_status":"","_tribe_events_status_reason":"","footnotes":""},"tags":[],"tribe_events_cat":[],"class_list":["post-33142","tribe_events","type-tribe_events","status-publish","has-post-thumbnail","hentry"],"_links":{"self":[{"href":"https:\/\/www.alliancerotterdam.nl\/nl\/wp-json\/wp\/v2\/tribe_events\/33142","targetHints":{"allow":["GET"]}}],"collection":[{"href":"https:\/\/www.alliancerotterdam.nl\/nl\/wp-json\/wp\/v2\/tribe_events"}],"about":[{"href":"https:\/\/www.alliancerotterdam.nl\/nl\/wp-json\/wp\/v2\/types\/tribe_events"}],"author":[{"embeddable":true,"href":"https:\/\/www.alliancerotterdam.nl\/nl\/wp-json\/wp\/v2\/users\/2"}],"version-history":[{"count":13,"href":"https:\/\/www.alliancerotterdam.nl\/nl\/wp-json\/wp\/v2\/tribe_events\/33142\/revisions"}],"predecessor-version":[{"id":33259,"href":"https:\/\/www.alliancerotterdam.nl\/nl\/wp-json\/wp\/v2\/tribe_events\/33142\/revisions\/33259"}],"wp:featuredmedia":[{"embeddable":true,"href":"https:\/\/www.alliancerotterdam.nl\/nl\/wp-json\/wp\/v2\/media\/33206"}],"wp:attachment":[{"href":"https:\/\/www.alliancerotterdam.nl\/nl\/wp-json\/wp\/v2\/media?parent=33142"}],"wp:term":[{"taxonomy":"post_tag","embeddable":true,"href":"https:\/\/www.alliancerotterdam.nl\/nl\/wp-json\/wp\/v2\/tags?post=33142"},{"taxonomy":"tribe_events_cat","embeddable":true,"href":"https:\/\/www.alliancerotterdam.nl\/nl\/wp-json\/wp\/v2\/tribe_events_cat?post=33142"}],"curies":[{"name":"wp","href":"https:\/\/api.w.org\/{rel}","templated":true}]}}

Comment redéfinir les différentes manières d’être militantes pour des artistes femmes ?

<div dir="ltr">
<div dir="ltr">
<div dir="ltr">
<div dir="ltr">
<div class="" dir="auto">
<div class="" dir="auto">
<div class="" dir="auto">
<div class="">
<div class="">
<p align="LEFT">En collaboration avec la Galerie Phoebus, l&#8217;Alliance Française Rotterdam vous propose d&#8217;assister à la conférence : <strong>Comment redéfinir les différentes manières d’être militantes pour des artistes femmes ? </strong></p>
<p align="LEFT">
</div>
<p align="LEFT">Du 24 avril au 14 septembre, la Galerie Phoebus expose le collectif la tangente au sein de son Ladekastproject &#8211; deux commodes qui invitent les artistes à s&#8217;exprimer librement.</p>
<p align="LEFT">A l&#8217;occasion de la clôture de l&#8217;exposition, 11 artistes du collectif la tangente seront présentes à Rotterdam pour discuter de la question du militantisme dans la pratique de l&#8217;art par les femmes. Dans leur discussion, elles seront rejointes par des artistes et spécialistes de l&#8217;art néerlandais.</p>
<p align="LEFT">
</div>
<p align="LEFT"><em>La tangente</em> : Depuis 2016, les 18 artistes femmes de <strong>la tangente</strong> développent des échanges de paroles sur leurs pratiques respectives et sur l&#8217;art. Sans programme ni concept, ce sont leurs relations d&#8217;estime dans une écoute attentive qui ont cimenté le groupe, rejetant très vite la formule de &#8220;militantes féministes&#8221;. <span class="">Au fil du temps, chemin faisant, sans déterminisme<strong> l</strong></span><span class=""><b class="">a tangente </b></span><span class="">s&#8217;est identifiée comme un collectif de 18 individualités sans aucun lien stylistique, formant un corps utopique au féminin avec une confiance indéfectible en l’art.</span></p>
<p align="LEFT">📅 Rendez-vous le<strong> samedi 13 septembre à 14h</strong> <strong>à la <a href="https://www.phoebus.nl/">Galerie Pheobus</a></strong> (<span class="OYPEnA font-feature-liga-off font-feature-clig-off font-feature-calt-off text-decoration-none text-strikethrough-none">Eendrachtsweg 61 3012LG) </span>pour une discussion suivie d&#8217;une rencontre avec les artistes et d&#8217;une présentation de leurs œuvres à partir de 16h.</p>
</div>
<p align="LEFT">🎤 Conférence en anglais.</p>
<div class="" dir="auto">
<p align="LEFT"><strong>🎫 Entrée gratuite sur réservation. <a href="https://www.alliancerotterdam.nl/produit/how-to-redefine-the-different-ways-of-being-activists-for-women-artists/">Merci de réserver votre ticket ICI </a></strong></p>
</div>
</div>
</div>
</div>
</div>
</div>
</div>

<p>En collaboration avec la Galerie Phoebus, l&#8217;Alliance Française Rotterdam vous propose d&#8217;assister à la conférence : Comment redéfinir les différentes manières d’être militantes pour des artistes femmes ?  Du 24 [&hellip;]</p>
