{"id":31674,"date":"2025-06-05T10:00:46","date_gmt":"2025-06-05T08:00:46","guid":{"rendered":"https:\/\/www.alliancerotterdam.nl\/?post_type=tribe_events&#038;p=31674"},"modified":"2025-06-05T14:50:28","modified_gmt":"2025-06-05T12:50:28","slug":"tiny-desk-concert-x-soiree-salsa","status":"publish","type":"tribe_events","link":"https:\/\/www.alliancerotterdam.nl\/nl\/evennement\/tiny-desk-concert-x-soiree-salsa\/","title":{"rendered":"Tiny Desk Concert x Soir\u00e9e Salsa"},"content":{"rendered":"<p>Au mois de juillet, l\u2019Alliance Fran\u00e7aise Rotterdam vous invite \u00e0 vivre une soir\u00e9e in\u00e9dite m\u00ealant musique latine et ambiance intimiste dans l\u2019esprit des c\u00e9l\u00e8bres\u00a0Tiny Desk Concerts.<\/p>\n<p>Au programme : <strong>Concert exceptionnel de Gerardo Rosales &amp; Guillaume Marcenac. <\/strong>Ces deux artistes d&#8217;exception unissent leurs talents pour un moment musical vibrant et plein d&#8217;\u00e9motions.<\/p>\n<p>Gerardo Rosales \u2013 Percussionniste l\u00e9gendaire originaire du Venezuela, il a collabor\u00e9 avec les plus grands noms de la musique latine comme Bebo Vald\u00e9s, Paquito de Rivera et Oscar D\u2019Le\u00f3n.<\/p>\n<p>Guillaume Marcenac\u2013 Pianiste et compositeur fran\u00e7ais, son univers m\u00eale jazz, musique classique et influences du monde. Il a partag\u00e9 la sc\u00e8ne avec Gerardo Rosales, Tess Merlot, Emma Heesters, entre autres.<\/p>\n<p><strong>Et pour prolonger la f\u00eate\u2026<\/strong><br \/>\nLaissez-vous emporter par un\u00a0DJ set latino\u00a0irr\u00e9sistible, parfait pour faire danser les amateurs de salsa !<\/p>\n<p>Entr\u00e9e sur r\u00e9servation uniquement \u2013 Places limit\u00e9es !<\/p>\n<p>\ud83d\udc49 R\u00e9servations :<\/p>\n<ul>\n<li><a href=\"https:\/\/www.alliancerotterdam.nl\/produit\/tiny-desk-concert-x-soiree-salsa-tarif-reduit\/\">Tarif membres, \u00e9tudiants, -18 ans : 12\u20ac<\/a><\/li>\n<li><a href=\"https:\/\/www.alliancerotterdam.nl\/produit\/tiny-desk-concert-x-soiree-salsa\/\">Tarif classique : 15\u20ac<\/a><\/li>\n<\/ul>\n","protected":false},"excerpt":{"rendered":"<p>Au mois de juillet, l\u2019Alliance Fran\u00e7aise Rotterdam vous invite \u00e0 vivre une soir\u00e9e in\u00e9dite m\u00ealant musique latine et ambiance intimiste dans l\u2019esprit des c\u00e9l\u00e8bres\u00a0Tiny Desk Concerts. Au programme : Concert [&hellip;]<\/p>\n","protected":false},"author":3,"featured_media":0,"template":"","meta":{"_et_pb_use_builder":"","_et_pb_old_content":"","_et_gb_content_width":"","_tribe_events_status":"","_tribe_events_status_reason":"","footnotes":""},"tags":[],"tribe_events_cat":[],"class_list":["post-31674","tribe_events","type-tribe_events","status-publish","hentry"],"_links":{"self":[{"href":"https:\/\/www.alliancerotterdam.nl\/nl\/wp-json\/wp\/v2\/tribe_events\/31674","targetHints":{"allow":["GET"]}}],"collection":[{"href":"https:\/\/www.alliancerotterdam.nl\/nl\/wp-json\/wp\/v2\/tribe_events"}],"about":[{"href":"https:\/\/www.alliancerotterdam.nl\/nl\/wp-json\/wp\/v2\/types\/tribe_events"}],"author":[{"embeddable":true,"href":"https:\/\/www.alliancerotterdam.nl\/nl\/wp-json\/wp\/v2\/users\/3"}],"version-history":[{"count":14,"href":"https:\/\/www.alliancerotterdam.nl\/nl\/wp-json\/wp\/v2\/tribe_events\/31674\/revisions"}],"predecessor-version":[{"id":31699,"href":"https:\/\/www.alliancerotterdam.nl\/nl\/wp-json\/wp\/v2\/tribe_events\/31674\/revisions\/31699"}],"wp:attachment":[{"href":"https:\/\/www.alliancerotterdam.nl\/nl\/wp-json\/wp\/v2\/media?parent=31674"}],"wp:term":[{"taxonomy":"post_tag","embeddable":true,"href":"https:\/\/www.alliancerotterdam.nl\/nl\/wp-json\/wp\/v2\/tags?post=31674"},{"taxonomy":"tribe_events_cat","embeddable":true,"href":"https:\/\/www.alliancerotterdam.nl\/nl\/wp-json\/wp\/v2\/tribe_events_cat?post=31674"}],"curies":[{"name":"wp","href":"https:\/\/api.w.org\/{rel}","templated":true}]}}

Tiny Desk Concert x Soirée Salsa

<p>Au mois de juillet, l’Alliance Française Rotterdam vous invite à vivre une soirée inédite mêlant musique latine et ambiance intimiste dans l’esprit des célèbres Tiny Desk Concerts.</p>
<p>Au programme : <strong>Concert exceptionnel de Gerardo Rosales &amp; Guillaume Marcenac. </strong>Ces deux artistes d&#8217;exception unissent leurs talents pour un moment musical vibrant et plein d&#8217;émotions.</p>
<p>Gerardo Rosales – Percussionniste légendaire originaire du Venezuela, il a collaboré avec les plus grands noms de la musique latine comme Bebo Valdés, Paquito de Rivera et Oscar D’León.</p>
<p>Guillaume Marcenac– Pianiste et compositeur français, son univers mêle jazz, musique classique et influences du monde. Il a partagé la scène avec Gerardo Rosales, Tess Merlot, Emma Heesters, entre autres.</p>
<p><strong>Et pour prolonger la fête…</strong><br />
Laissez-vous emporter par un DJ set latino irrésistible, parfait pour faire danser les amateurs de salsa !</p>
<p>Entrée sur réservation uniquement – Places limitées !</p>
<p>👉 Réservations :</p>
<ul>
<li><a href="https://www.alliancerotterdam.nl/produit/tiny-desk-concert-x-soiree-salsa-tarif-reduit/">Tarif membres, étudiants, -18 ans : 12€</a></li>
<li><a href="https://www.alliancerotterdam.nl/produit/tiny-desk-concert-x-soiree-salsa/">Tarif classique : 15€</a></li>
</ul>

<p>Au mois de juillet, l’Alliance Française Rotterdam vous invite à vivre une soirée inédite mêlant musique latine et ambiance intimiste dans l’esprit des célèbres Tiny Desk Concerts. Au programme : Concert [&hellip;]</p>
