{"id":19207,"date":"2024-10-22T15:07:11","date_gmt":"2024-10-22T13:07:11","guid":{"rendered":"https:\/\/www.alliancerotterdam.nl\/?post_type=tribe_events&amp;p=19207"},"modified":"2024-10-22T15:07:11","modified_gmt":"2024-10-22T13:07:11","slug":"rencontre-dedicace-lauraine-meyer-et-chloe-genovesi-fluitman-2","status":"publish","type":"tribe_events","link":"https:\/\/www.alliancerotterdam.nl\/nl\/evennement\/rencontre-dedicace-lauraine-meyer-et-chloe-genovesi-fluitman-2\/","title":{"rendered":"Rencontre &#8211; D\u00e9dicace : Lauraine Meyer et Chlo\u00e9 Genovesi Fluitman"},"content":{"rendered":"<p>A l&#8217;occasion de la parution de <strong>&#8220;Moi j&#8217;aurais pas fait comme \u00e7a&#8230;&#8221;<\/strong>, l&#8217;Alliance Fran\u00e7aise de Rotterdam invite <strong>Lauraine Meyer<\/strong> et <strong>Chlo\u00e9 Genovesi Fluitman !<\/strong><\/p>\n<p>Rendez-vous le <strong>16 novembre \u00e0 9h45<\/strong> pour une rencontre avec les autrices <img loading=\"lazy\" decoding=\"async\" class=\"\" src=\"https:\/\/images.emojiterra.com\/google\/android-12l\/512px\/1f4da.png\" alt=\" Livres Emoji\" width=\"26\" height=\"26\" \/><\/p>\n<p><!--StartFragment --><\/p>\n<p class=\"pf0\"><em><span class=\"cf1\"><img loading=\"lazy\" decoding=\"async\" class=\"\" src=\"https:\/\/images.emojiterra.com\/google\/noto-emoji\/unicode-15\/color\/512px\/270f.png\" alt=\"\u270f\ufe0f Crayon Emoji\" width=\"17\" height=\"17\" \/> M\u00eame sous couvert de bienveillance, toutes ces remarques, avis et conseils agacent et d\u00e9stabilisent les parents, au point parfois de leur faire perdre confiance en eux.<br \/>\nComment r\u00e9agir et y r\u00e9pondre sans se f\u00e2cher avec ses proches ? Pourquoi le sujet de la parentalit\u00e9 engendre-t-il autant de commentaires ? D\u2019une g\u00e9n\u00e9ration \u00e0 l\u2019autre, peut-on trouver un terrain d\u2019entente ?<br \/>\nPour r\u00e9pondre \u00e0 ces questions (et \u00e0 bien d\u2019autres), les deux autrices sont parties \u00e0 la rencontre de parents, de grands- parents, de soignants, de sociologues, d\u2019accompagnantes en p\u00e9rinatalit\u00e9 et d\u2019\u00e9crivaines. De la grossesse \u00e0 l\u2019\u00e9ducation des enfants, elles explorent nos conflits et nos contradictions\u2026 jusqu\u2019\u00e0 la r\u00e9conciliation.<\/span><span class=\"cf1\">\u00a0<\/span><\/em><\/p>\n<p><!--EndFragment --><\/p>\n<p>Au programme : Pr\u00e9sentation de &#8220;Moi j&#8217;aurais pas fait comme \u00e7a&#8230;&#8221;, discussion autour d&#8217;un petit d\u00e9jeuner, d\u00e9dicace et vente de livre.<\/p>\n<p><strong>La pr\u00e9sentation aura lieu de 9h45 \u00e0 10h30<\/strong>, les autrices seront ensuite pr\u00e9sentes jusqu&#8217;\u00e0 midi pour vous rencontrer et d\u00e9dicacer vos livres !<\/p>\n<p>Rencontre gratuite sur r\u00e9servation, un petit d\u00e9jeuner sera propos\u00e9 \u00e0 la vente sur place.<\/p>\n<p><a href=\"https:\/\/www.alliancerotterdam.nl\/produit\/rencontre-dedicace-lauraine-meyer-et-chloe-genovesi-fluitman\/\">RESERVEZ ICI !<\/a><\/p>\n<p>&nbsp;<\/p>\n","protected":false},"excerpt":{"rendered":"<p>A l&#8217;occasion de la parution de &#8220;Moi j&#8217;aurais pas fait comme \u00e7a&#8230;&#8221;, l&#8217;Alliance Fran\u00e7aise de Rotterdam invite Lauraine Meyer et Chlo\u00e9 Genovesi Fluitman ! Rendez-vous le 16 novembre \u00e0 9h45 [&hellip;]<\/p>\n","protected":false},"author":1,"featured_media":0,"template":"","meta":{"_et_pb_use_builder":"","_et_pb_old_content":"","_et_gb_content_width":"","_tribe_events_status":"","_tribe_events_status_reason":"","footnotes":""},"tags":[],"tribe_events_cat":[],"class_list":["post-19207","tribe_events","type-tribe_events","status-publish","hentry"],"_links":{"self":[{"href":"https:\/\/www.alliancerotterdam.nl\/nl\/wp-json\/wp\/v2\/tribe_events\/19207","targetHints":{"allow":["GET"]}}],"collection":[{"href":"https:\/\/www.alliancerotterdam.nl\/nl\/wp-json\/wp\/v2\/tribe_events"}],"about":[{"href":"https:\/\/www.alliancerotterdam.nl\/nl\/wp-json\/wp\/v2\/types\/tribe_events"}],"author":[{"embeddable":true,"href":"https:\/\/www.alliancerotterdam.nl\/nl\/wp-json\/wp\/v2\/users\/1"}],"version-history":[{"count":0,"href":"https:\/\/www.alliancerotterdam.nl\/nl\/wp-json\/wp\/v2\/tribe_events\/19207\/revisions"}],"wp:attachment":[{"href":"https:\/\/www.alliancerotterdam.nl\/nl\/wp-json\/wp\/v2\/media?parent=19207"}],"wp:term":[{"taxonomy":"post_tag","embeddable":true,"href":"https:\/\/www.alliancerotterdam.nl\/nl\/wp-json\/wp\/v2\/tags?post=19207"},{"taxonomy":"tribe_events_cat","embeddable":true,"href":"https:\/\/www.alliancerotterdam.nl\/nl\/wp-json\/wp\/v2\/tribe_events_cat?post=19207"}],"curies":[{"name":"wp","href":"https:\/\/api.w.org\/{rel}","templated":true}]}}

Rencontre &#8211; Dédicace : Lauraine Meyer et Chloé Genovesi Fluitman

<p>A l&#8217;occasion de la parution de <strong>&#8220;Moi j&#8217;aurais pas fait comme ça&#8230;&#8221;</strong>, l&#8217;Alliance Française de Rotterdam invite <strong>Lauraine Meyer</strong> et <strong>Chloé Genovesi Fluitman !</strong></p>
<p>Rendez-vous le <strong>16 novembre à 9h45</strong> pour une rencontre avec les autrices <img loading="lazy" decoding="async" class="" src="https://images.emojiterra.com/google/android-12l/512px/1f4da.png" alt=" Livres Emoji" width="26" height="26" /></p>
<p><!--StartFragment --></p>
<p class="pf0"><em><span class="cf1"><img loading="lazy" decoding="async" class="" src="https://images.emojiterra.com/google/noto-emoji/unicode-15/color/512px/270f.png" alt="✏️ Crayon Emoji" width="17" height="17" /> Même sous couvert de bienveillance, toutes ces remarques, avis et conseils agacent et déstabilisent les parents, au point parfois de leur faire perdre confiance en eux.<br />
Comment réagir et y répondre sans se fâcher avec ses proches ? Pourquoi le sujet de la parentalité engendre-t-il autant de commentaires ? D’une génération à l’autre, peut-on trouver un terrain d’entente ?<br />
Pour répondre à ces questions (et à bien d’autres), les deux autrices sont parties à la rencontre de parents, de grands- parents, de soignants, de sociologues, d’accompagnantes en périnatalité et d’écrivaines. De la grossesse à l’éducation des enfants, elles explorent nos conflits et nos contradictions… jusqu’à la réconciliation.</span><span class="cf1"> </span></em></p>
<p><!--EndFragment --></p>
<p>Au programme : Présentation de &#8220;Moi j&#8217;aurais pas fait comme ça&#8230;&#8221;, discussion autour d&#8217;un petit déjeuner, dédicace et vente de livre.</p>
<p><strong>La présentation aura lieu de 9h45 à 10h30</strong>, les autrices seront ensuite présentes jusqu&#8217;à midi pour vous rencontrer et dédicacer vos livres !</p>
<p>Rencontre gratuite sur réservation, un petit déjeuner sera proposé à la vente sur place.</p>
<p><a href="https://www.alliancerotterdam.nl/produit/rencontre-dedicace-lauraine-meyer-et-chloe-genovesi-fluitman/">RESERVEZ ICI !</a></p>
<p>&nbsp;</p>

<p>A l&#8217;occasion de la parution de &#8220;Moi j&#8217;aurais pas fait comme ça&#8230;&#8221;, l&#8217;Alliance Française de Rotterdam invite Lauraine Meyer et Chloé Genovesi Fluitman ! Rendez-vous le 16 novembre à 9h45 [&hellip;]</p>
