{"id":18438,"date":"2024-05-02T22:06:51","date_gmt":"2024-05-02T20:06:51","guid":{"rendered":"https:\/\/www.alliancerotterdam.nl\/?post_type=tribe_events&amp;p=18438"},"modified":"2024-05-02T22:06:51","modified_gmt":"2024-05-02T20:06:51","slug":"le-monde-sans-fin-inauguration-officielle-official-opening","status":"publish","type":"tribe_events","link":"https:\/\/www.alliancerotterdam.nl\/nl\/evennement\/le-monde-sans-fin-inauguration-officielle-official-opening\/","title":{"rendered":"Le monde sans fin : Inauguration officielle \/ Official opening"},"content":{"rendered":"<h3 style=\"text-align: center\"><strong>Inauguration Officielle \/ Official Opening<\/strong><\/h3>\n<p>&nbsp;<\/p>\n<p style=\"text-align: center\">Venez d\u00e9couvrir l\u2019exposition <em>Le Monde sans fin<\/em>, consacr\u00e9e \u00e0 la bande dessin\u00e9e \u00e0 succ\u00e8s de Christophe Blain et<br \/>\nJean-Marc Jancovici !<\/p>\n<p style=\"text-align: center\"><strong>Le mardi 14 avril \u00e0 18h<\/strong><br \/>\n<strong>Dans la galerie de l&#8217;Alliance Fran\u00e7aise Rotterdam<\/strong><\/p>\n<p>&nbsp;<\/p>\n<p>D\u00e9couvrez ou red\u00e9couvrez l&#8217;exposition lors de son inauguration officielle en pr\u00e9sence de l&#8217;ONG &#8211; The Ocean Cleanup.<\/p>\n<p>Depuis plus de dix ans,<a href=\"https:\/\/theoceancleanup.com\/\"> The Ocean Cleanup<\/a> recherche, extrait et surveille la pollution plastique dans les oc\u00e9ans et les rivi\u00e8res du monde entier \u2013 avec des millions de kilogrammes \u00e9limin\u00e9s \u00e0 ce jour.<\/p>\n<p>&#x1f449; Introduction in\u00e9dite de l&#8217;exposition propos\u00e9e par Caroline Leclerc (Deputy Head Rivers)<\/p>\n<p>&#x1f4ac; En anglais<\/p>\n<p>Entr\u00e9e gratuite pour tous !<\/p>\n<p>&nbsp;<\/p>\n<p><strong>ENG<\/strong> \/ Discover the exhibition Le Monde sans fin, based on the best-selling comic strip by Christophe Blain and Jean-Marc Jancovici!<\/p>\n<p style=\"text-align: center\"><strong>Tuesday, May 14th at 6 PM<\/strong><br \/>\n<strong>In the gallery of the Alliance Fran\u00e7aise Rotterdam<\/strong><\/p>\n<p>Discover or rediscover the exhibition during its official opening in the presence of the NGO &#8211; The Ocean Cleanup.<\/p>\n<p>For over ten years, <a href=\"https:\/\/theoceancleanup.com\/\">The Ocean Cleanup<\/a> has been researching, extracting, and monitoring plastic pollution in oceans and rivers globally \u2013 with millions of kilograms removed to date.<\/p>\n<p>&#x1f449; Exclusive introduction to the exhibition by Caroline Leclerc (Deputy Head Rivers)<\/p>\n<p>&#x1f4ac; In English<\/p>\n<p>Free entrance, everyone is welcome!<\/p>\n","protected":false},"excerpt":{"rendered":"<p>Inauguration Officielle \/ Official Opening &nbsp; Venez d\u00e9couvrir l\u2019exposition Le Monde sans fin, consacr\u00e9e \u00e0 la bande dessin\u00e9e \u00e0 succ\u00e8s de Christophe Blain et Jean-Marc Jancovici ! Le mardi 14 [&hellip;]<\/p>\n","protected":false},"author":1,"featured_media":0,"template":"","meta":{"_et_pb_use_builder":"","_et_pb_old_content":"","_et_gb_content_width":"","_tribe_events_status":"","_tribe_events_status_reason":"","footnotes":""},"tags":[],"tribe_events_cat":[254],"class_list":["post-18438","tribe_events","type-tribe_events","status-publish","hentry","tribe_events_cat-cursus","cat_cursus"],"_links":{"self":[{"href":"https:\/\/www.alliancerotterdam.nl\/nl\/wp-json\/wp\/v2\/tribe_events\/18438","targetHints":{"allow":["GET"]}}],"collection":[{"href":"https:\/\/www.alliancerotterdam.nl\/nl\/wp-json\/wp\/v2\/tribe_events"}],"about":[{"href":"https:\/\/www.alliancerotterdam.nl\/nl\/wp-json\/wp\/v2\/types\/tribe_events"}],"author":[{"embeddable":true,"href":"https:\/\/www.alliancerotterdam.nl\/nl\/wp-json\/wp\/v2\/users\/1"}],"version-history":[{"count":0,"href":"https:\/\/www.alliancerotterdam.nl\/nl\/wp-json\/wp\/v2\/tribe_events\/18438\/revisions"}],"wp:attachment":[{"href":"https:\/\/www.alliancerotterdam.nl\/nl\/wp-json\/wp\/v2\/media?parent=18438"}],"wp:term":[{"taxonomy":"post_tag","embeddable":true,"href":"https:\/\/www.alliancerotterdam.nl\/nl\/wp-json\/wp\/v2\/tags?post=18438"},{"taxonomy":"tribe_events_cat","embeddable":true,"href":"https:\/\/www.alliancerotterdam.nl\/nl\/wp-json\/wp\/v2\/tribe_events_cat?post=18438"}],"curies":[{"name":"wp","href":"https:\/\/api.w.org\/{rel}","templated":true}]}}

<h3 style="text-align: center"><strong>Inauguration Officielle / Official Opening</strong></h3>
<p>&nbsp;</p>
<p style="text-align: center">Venez découvrir l’exposition <em>Le Monde sans fin</em>, consacrée à la bande dessinée à succès de Christophe Blain et<br />
Jean-Marc Jancovici !</p>
<p style="text-align: center"><strong>Le mardi 14 avril à 18h</strong><br />
<strong>Dans la galerie de l&#8217;Alliance Française Rotterdam</strong></p>
<p>&nbsp;</p>
<p>Découvrez ou redécouvrez l&#8217;exposition lors de son inauguration officielle en présence de l&#8217;ONG &#8211; The Ocean Cleanup.</p>
<p>Depuis plus de dix ans,<a href="https://theoceancleanup.com/"> The Ocean Cleanup</a> recherche, extrait et surveille la pollution plastique dans les océans et les rivières du monde entier – avec des millions de kilogrammes éliminés à ce jour.</p>
<p>&#x1f449; Introduction inédite de l&#8217;exposition proposée par Caroline Leclerc (Deputy Head Rivers)</p>
<p>&#x1f4ac; En anglais</p>
<p>Entrée gratuite pour tous !</p>
<p>&nbsp;</p>
<p><strong>ENG</strong> / Discover the exhibition Le Monde sans fin, based on the best-selling comic strip by Christophe Blain and Jean-Marc Jancovici!</p>
<p style="text-align: center"><strong>Tuesday, May 14th at 6 PM</strong><br />
<strong>In the gallery of the Alliance Française Rotterdam</strong></p>
<p>Discover or rediscover the exhibition during its official opening in the presence of the NGO &#8211; The Ocean Cleanup.</p>
<p>For over ten years, <a href="https://theoceancleanup.com/">The Ocean Cleanup</a> has been researching, extracting, and monitoring plastic pollution in oceans and rivers globally – with millions of kilograms removed to date.</p>
<p>&#x1f449; Exclusive introduction to the exhibition by Caroline Leclerc (Deputy Head Rivers)</p>
<p>&#x1f4ac; In English</p>
<p>Free entrance, everyone is welcome!</p>

<p>Inauguration Officielle / Official Opening &nbsp; Venez découvrir l’exposition Le Monde sans fin, consacrée à la bande dessinée à succès de Christophe Blain et Jean-Marc Jancovici ! Le mardi 14 [&hellip;]</p>
