{"id":18412,"date":"2024-04-29T15:22:21","date_gmt":"2024-04-29T13:22:21","guid":{"rendered":"https:\/\/www.alliancerotterdam.nl\/?post_type=tribe_events&amp;p=18412"},"modified":"2024-04-29T15:22:21","modified_gmt":"2024-04-29T13:22:21","slug":"atelier-theatre-en-francais-n2","status":"publish","type":"tribe_events","link":"https:\/\/www.alliancerotterdam.nl\/nl\/evennement\/atelier-theatre-en-francais-n2\/","title":{"rendered":"Atelier th\u00e9\u00e2tre en fran\u00e7ais &#8211; n\u00b02"},"content":{"rendered":"<h3 style=\"text-align: center\">ATTENTION CHANGEMENT DE DATE DE CET ATELIER (du 15\/05 <span class=\"x3nfvp2 x1j61x8r x1fcty0u xdj266r xhhsvwb xat24cr xgzva0m xxymvpz xlup9mm x1kky2od\"><img loading=\"lazy\" decoding=\"async\" class=\"xz74otr\" src=\"https:\/\/static.xx.fbcdn.net\/images\/emoji.php\/v9\/t51\/1\/16\/1f449.png\" alt=\"&#x1f449;\" width=\"16\" height=\"16\" \/><\/span> 04\/06)<\/h3>\n<p>&nbsp;<\/p>\n<p>Atelier Th\u00e9\u00e2tre en fran\u00e7ais <span class=\"x1xsqp64 xiy17q3 x1o6pynw x19co3pv xdj266r xcwd3tp xat24cr x39eecv x2b8uid\" data-testid=\"emoji\"><span class=\"xexx8yu xn5pp95 x18d9i69 x2fxd7x x1yqt14a x1bhl96m\">&#x1f3ad;<\/span><\/span><span class=\"x1xsqp64 xiy17q3 x1o6pynw x19co3pv xdj266r xcwd3tp xat24cr x39eecv x2b8uid\" data-testid=\"emoji\"><span class=\"xexx8yu xn5pp95 x18d9i69 x2fxd7x x1yqt14a x1bhl96m\">&#x1f1eb;&#x1f1f7;<\/span><\/span><\/p>\n<p>Vous souhaitez faire vos premiers pas au th\u00e9\u00e2tre ou perfectionner vos talents de com\u00e9dien.nes ?<\/p>\n<p>L&#8217;Alliance Fran\u00e7aise de Rotterdam vous propose un atelier th\u00e9\u00e2tre en fran\u00e7ais ! D\u00e9butants, interm\u00e9diaires ou m\u00eame experts, l&#8217;atelier est ouvert \u00e0 tous \u00e0 partir du niveau B1.<\/p>\n<p><span class=\"x1xsqp64 xiy17q3 x1o6pynw x19co3pv xdj266r xcwd3tp xat24cr x39eecv x2b8uid\" data-testid=\"emoji\"><span class=\"xexx8yu xn5pp95 x18d9i69 x2fxd7x x1yqt14a x1bhl96m\">&#x1f4cd;<\/span><\/span> Rendez-vous le <strong>mardi 4 juin<\/strong>\u00a0de 19h \u00e0 21h dans les locaux de l&#8217;Alliance Fran\u00e7aise &#8211; Westersingel 14<\/p>\n<p><span class=\"x1xsqp64 xiy17q3 x1o6pynw x19co3pv xdj266r xcwd3tp xat24cr x39eecv x2b8uid\" data-testid=\"emoji\"><span class=\"xexx8yu xn5pp95 x18d9i69 x2fxd7x x1yqt14a x1bhl96m\">&#x1f449;<\/span><\/span> 30\u20ac pour 2h de th\u00e9\u00e2tre<br \/>\nR\u00e9servez vite votre place <a href=\"https:\/\/www.alliancerotterdam.nl\/produit\/atelier-theatre-en-francais\/\">ICI<\/a><\/p>\n<p><span class=\"x1xsqp64 xiy17q3 x1o6pynw x19co3pv xdj266r xcwd3tp xat24cr x39eecv x2b8uid\" data-testid=\"emoji\"><span class=\"xexx8yu xn5pp95 x18d9i69 x2fxd7x x1yqt14a x1bhl96m\">&#x1f3ad;<\/span><\/span>Profitez-en pour rencontrer d&#8217;autres passionn\u00e9s de th\u00e9\u00e2tre ainsi que Roland Jacques qui se r\u00e9jouit d\u00e9j\u00e0 d&#8217;animer l&#8217;atelier !<\/p>\n<p>&nbsp;<\/p>\n<p><strong>Au programme de ce second atelier :\u00a0<\/strong><\/p>\n<ul>\n<li>Lecture et jeu autour de la chanson &#8220;Ces gens-l\u00e0&#8221; de Jacques Brel<\/li>\n<li>D\u00e9fi : raconter une histoire personnelle en 2 minutes &#8211; v\u00e9rit\u00e9 ou pure invention<\/li>\n<\/ul>\n<div>\n<p>Le but de ces exercices ? Travailler la communication non-verbale. Il y a les mots mais il y a aussi les attitudes : la posture du corps, le regard, les gestes. Tout peut trahir la sinc\u00e9rit\u00e9, ou justement l\u2019inverse, le manque de sinc\u00e9rit\u00e9. Est-ce que le com\u00e9dien saura masquer son mensonge s\u2019il en est un ?<\/p>\n<\/div>\n<div><\/div>\n<div><\/div>\n<div><span class=\"x1xsqp64 xiy17q3 x1o6pynw x19co3pv xdj266r xcwd3tp xat24cr x39eecv x2b8uid\" data-testid=\"emoji\"><span class=\"xexx8yu xn5pp95 x18d9i69 x2fxd7x x1yqt14a x1bhl96m\">&#x1f449;<strong> Chaque atelier est individuel, il n&#8217;est pas n\u00e9cessaire d&#8217;avoir assist\u00e9 aux s\u00e9ances pr\u00e9c\u00e9dentes pour s&#8217;inscrire !\u00a0<\/strong><\/span><\/span><\/div>\n","protected":false},"excerpt":{"rendered":"<p>ATTENTION CHANGEMENT DE DATE DE CET ATELIER (du 15\/05 04\/06) &nbsp; Atelier Th\u00e9\u00e2tre en fran\u00e7ais &#x1f3ad;&#x1f1eb;&#x1f1f7; Vous souhaitez faire vos premiers pas au th\u00e9\u00e2tre ou perfectionner vos talents de com\u00e9dien.nes [&hellip;]<\/p>\n","protected":false},"author":1,"featured_media":0,"template":"","meta":{"_et_pb_use_builder":"","_et_pb_old_content":"","_et_gb_content_width":"","_tribe_events_status":"","_tribe_events_status_reason":"","footnotes":""},"tags":[],"tribe_events_cat":[242],"class_list":["post-18412","tribe_events","type-tribe_events","status-publish","hentry","tribe_events_cat-cultuur","cat_cultuur"],"_links":{"self":[{"href":"https:\/\/www.alliancerotterdam.nl\/nl\/wp-json\/wp\/v2\/tribe_events\/18412","targetHints":{"allow":["GET"]}}],"collection":[{"href":"https:\/\/www.alliancerotterdam.nl\/nl\/wp-json\/wp\/v2\/tribe_events"}],"about":[{"href":"https:\/\/www.alliancerotterdam.nl\/nl\/wp-json\/wp\/v2\/types\/tribe_events"}],"author":[{"embeddable":true,"href":"https:\/\/www.alliancerotterdam.nl\/nl\/wp-json\/wp\/v2\/users\/1"}],"version-history":[{"count":0,"href":"https:\/\/www.alliancerotterdam.nl\/nl\/wp-json\/wp\/v2\/tribe_events\/18412\/revisions"}],"wp:attachment":[{"href":"https:\/\/www.alliancerotterdam.nl\/nl\/wp-json\/wp\/v2\/media?parent=18412"}],"wp:term":[{"taxonomy":"post_tag","embeddable":true,"href":"https:\/\/www.alliancerotterdam.nl\/nl\/wp-json\/wp\/v2\/tags?post=18412"},{"taxonomy":"tribe_events_cat","embeddable":true,"href":"https:\/\/www.alliancerotterdam.nl\/nl\/wp-json\/wp\/v2\/tribe_events_cat?post=18412"}],"curies":[{"name":"wp","href":"https:\/\/api.w.org\/{rel}","templated":true}]}}

Atelier théâtre en français &#8211; n°2

<h3 style="text-align: center">ATTENTION CHANGEMENT DE DATE DE CET ATELIER (du 15/05 <span class="x3nfvp2 x1j61x8r x1fcty0u xdj266r xhhsvwb xat24cr xgzva0m xxymvpz xlup9mm x1kky2od"><img loading="lazy" decoding="async" class="xz74otr" src="https://static.xx.fbcdn.net/images/emoji.php/v9/t51/1/16/1f449.png" alt="&#x1f449;" width="16" height="16" /></span> 04/06)</h3>
<p>&nbsp;</p>
<p>Atelier Théâtre en français <span class="x1xsqp64 xiy17q3 x1o6pynw x19co3pv xdj266r xcwd3tp xat24cr x39eecv x2b8uid" data-testid="emoji"><span class="xexx8yu xn5pp95 x18d9i69 x2fxd7x x1yqt14a x1bhl96m">&#x1f3ad;</span></span><span class="x1xsqp64 xiy17q3 x1o6pynw x19co3pv xdj266r xcwd3tp xat24cr x39eecv x2b8uid" data-testid="emoji"><span class="xexx8yu xn5pp95 x18d9i69 x2fxd7x x1yqt14a x1bhl96m">&#x1f1eb;&#x1f1f7;</span></span></p>
<p>Vous souhaitez faire vos premiers pas au théâtre ou perfectionner vos talents de comédien.nes ?</p>
<p>L&#8217;Alliance Française de Rotterdam vous propose un atelier théâtre en français ! Débutants, intermédiaires ou même experts, l&#8217;atelier est ouvert à tous à partir du niveau B1.</p>
<p><span class="x1xsqp64 xiy17q3 x1o6pynw x19co3pv xdj266r xcwd3tp xat24cr x39eecv x2b8uid" data-testid="emoji"><span class="xexx8yu xn5pp95 x18d9i69 x2fxd7x x1yqt14a x1bhl96m">&#x1f4cd;</span></span> Rendez-vous le <strong>mardi 4 juin</strong> de 19h à 21h dans les locaux de l&#8217;Alliance Française &#8211; Westersingel 14</p>
<p><span class="x1xsqp64 xiy17q3 x1o6pynw x19co3pv xdj266r xcwd3tp xat24cr x39eecv x2b8uid" data-testid="emoji"><span class="xexx8yu xn5pp95 x18d9i69 x2fxd7x x1yqt14a x1bhl96m">&#x1f449;</span></span> 30€ pour 2h de théâtre<br />
Réservez vite votre place <a href="https://www.alliancerotterdam.nl/produit/atelier-theatre-en-francais/">ICI</a></p>
<p><span class="x1xsqp64 xiy17q3 x1o6pynw x19co3pv xdj266r xcwd3tp xat24cr x39eecv x2b8uid" data-testid="emoji"><span class="xexx8yu xn5pp95 x18d9i69 x2fxd7x x1yqt14a x1bhl96m">&#x1f3ad;</span></span>Profitez-en pour rencontrer d&#8217;autres passionnés de théâtre ainsi que Roland Jacques qui se réjouit déjà d&#8217;animer l&#8217;atelier !</p>
<p>&nbsp;</p>
<p><strong>Au programme de ce second atelier : </strong></p>
<ul>
<li>Lecture et jeu autour de la chanson &#8220;Ces gens-là&#8221; de Jacques Brel</li>
<li>Défi : raconter une histoire personnelle en 2 minutes &#8211; vérité ou pure invention</li>
</ul>
<div>
<p>Le but de ces exercices ? Travailler la communication non-verbale. Il y a les mots mais il y a aussi les attitudes : la posture du corps, le regard, les gestes. Tout peut trahir la sincérité, ou justement l’inverse, le manque de sincérité. Est-ce que le comédien saura masquer son mensonge s’il en est un ?</p>
</div>
<div></div>
<div></div>
<div><span class="x1xsqp64 xiy17q3 x1o6pynw x19co3pv xdj266r xcwd3tp xat24cr x39eecv x2b8uid" data-testid="emoji"><span class="xexx8yu xn5pp95 x18d9i69 x2fxd7x x1yqt14a x1bhl96m">&#x1f449;<strong> Chaque atelier est individuel, il n&#8217;est pas nécessaire d&#8217;avoir assisté aux séances précédentes pour s&#8217;inscrire ! </strong></span></span></div>

<p>ATTENTION CHANGEMENT DE DATE DE CET ATELIER (du 15/05 04/06) &nbsp; Atelier Théâtre en français &#x1f3ad;&#x1f1eb;&#x1f1f7; Vous souhaitez faire vos premiers pas au théâtre ou perfectionner vos talents de comédien.nes [&hellip;]</p>
