{"id":18299,"date":"2024-04-20T10:13:40","date_gmt":"2024-04-20T08:13:40","guid":{"rendered":"https:\/\/www.alliancerotterdam.nl\/?post_type=tribe_events&amp;p=18299"},"modified":"2024-04-20T10:13:40","modified_gmt":"2024-04-20T08:13:40","slug":"rencontre-autour-dun-livre","status":"publish","type":"tribe_events","link":"https:\/\/www.alliancerotterdam.nl\/nl\/evennement\/rencontre-autour-dun-livre\/","title":{"rendered":"Rencontre autour d&#8217;un livre"},"content":{"rendered":"<p>Passionn\u00e9 de lecture ou tout simplement de montagne ? Venez \u00e9changer sur\u00a0la litt\u00e9rature fran\u00e7aise contemporaine autour du dernier\u00a0livre de Clara Arnaud,\u00a0<em>Et\u00a0vous passerez comme des\u00a0vents fous<\/em>. Un r\u00e9cit de montagne qui sort du r\u00e9cit d&#8217;exploit alpin ou\u00a0du r\u00e9cit bucolique et\u00a0qui vient\u00a0interroger notre rapport au sauvage.<\/p>\n<p><img loading=\"lazy\" decoding=\"async\" class=\" wp-image-18292 alignright\" src=\"https:\/\/www.alliancerotterdam.nl\/wp-content\/uploads\/2024\/04\/HALLOWEEN-2-270x270.png\" alt=\"\" width=\"360\" height=\"360\" \/><\/p>\n<p>Au cours d&#8217;une saison d&#8217;estive, les attaques r\u00e9p\u00e9t\u00e9es d&#8217;une ourse ravivent les tensions dans une vall\u00e9e pyr\u00e9n\u00e9enne. Tentant de s&#8217;abstraire des d\u00e9bats, Alma, une ethnologue, et Gaspard, un berger, communient avec la montagne, m\u00ealent leur existence \u00e0 celles des b\u00eates. Sur ces terres o\u00f9 l&#8217;homme et l&#8217;animal sont intimement li\u00e9s, l&#8217;histoire d&#8217;un jeune montreur d&#8217;ours parti faire fortune \u00e0 New York, un si\u00e8cle plus t\u00f4t, r\u00e9sonne\u00a0tragiquement avec le pr\u00e9sent.<\/p>\n<p>&nbsp;<\/p>\n<p><strong>Cours de Litt\u00e9rature avec Val\u00e9rie Charbey, 24 avril et 8 mai. De 10h \u00e0 12h. Prix : 55\u20ac pour les 2 ateliers.\u00a0<\/strong><\/p>\n<p>Inscription sur<a href=\"mailto:culture@alliancerotterdam.nl\"> culture@alliancerotterdam.nl<\/a><\/p>\n","protected":false},"excerpt":{"rendered":"<p>Passionn\u00e9 de lecture ou tout simplement de montagne ? Venez \u00e9changer sur\u00a0la litt\u00e9rature fran\u00e7aise contemporaine autour du dernier\u00a0livre de Clara Arnaud,\u00a0Et\u00a0vous passerez comme des\u00a0vents fous. Un r\u00e9cit de montagne qui [&hellip;]<\/p>\n","protected":false},"author":1,"featured_media":0,"template":"","meta":{"_et_pb_use_builder":"","_et_pb_old_content":"","_et_gb_content_width":"","_tribe_events_status":"","_tribe_events_status_reason":"","footnotes":""},"tags":[],"tribe_events_cat":[242],"class_list":["post-18299","tribe_events","type-tribe_events","status-publish","hentry","tribe_events_cat-cultuur","cat_cultuur"],"_links":{"self":[{"href":"https:\/\/www.alliancerotterdam.nl\/nl\/wp-json\/wp\/v2\/tribe_events\/18299","targetHints":{"allow":["GET"]}}],"collection":[{"href":"https:\/\/www.alliancerotterdam.nl\/nl\/wp-json\/wp\/v2\/tribe_events"}],"about":[{"href":"https:\/\/www.alliancerotterdam.nl\/nl\/wp-json\/wp\/v2\/types\/tribe_events"}],"author":[{"embeddable":true,"href":"https:\/\/www.alliancerotterdam.nl\/nl\/wp-json\/wp\/v2\/users\/1"}],"version-history":[{"count":0,"href":"https:\/\/www.alliancerotterdam.nl\/nl\/wp-json\/wp\/v2\/tribe_events\/18299\/revisions"}],"wp:attachment":[{"href":"https:\/\/www.alliancerotterdam.nl\/nl\/wp-json\/wp\/v2\/media?parent=18299"}],"wp:term":[{"taxonomy":"post_tag","embeddable":true,"href":"https:\/\/www.alliancerotterdam.nl\/nl\/wp-json\/wp\/v2\/tags?post=18299"},{"taxonomy":"tribe_events_cat","embeddable":true,"href":"https:\/\/www.alliancerotterdam.nl\/nl\/wp-json\/wp\/v2\/tribe_events_cat?post=18299"}],"curies":[{"name":"wp","href":"https:\/\/api.w.org\/{rel}","templated":true}]}}

<p>Passionné de lecture ou tout simplement de montagne ? Venez échanger sur la littérature française contemporaine autour du dernier livre de Clara Arnaud, <em>Et vous passerez comme des vents fous</em>. Un récit de montagne qui sort du récit d&#8217;exploit alpin ou du récit bucolique et qui vient interroger notre rapport au sauvage.</p>
<p><img loading="lazy" decoding="async" class=" wp-image-18292 alignright" src="https://www.alliancerotterdam.nl/wp-content/uploads/2024/04/HALLOWEEN-2-270x270.png" alt="" width="360" height="360" /></p>
<p>Au cours d&#8217;une saison d&#8217;estive, les attaques répétées d&#8217;une ourse ravivent les tensions dans une vallée pyrénéenne. Tentant de s&#8217;abstraire des débats, Alma, une ethnologue, et Gaspard, un berger, communient avec la montagne, mêlent leur existence à celles des bêtes. Sur ces terres où l&#8217;homme et l&#8217;animal sont intimement liés, l&#8217;histoire d&#8217;un jeune montreur d&#8217;ours parti faire fortune à New York, un siècle plus tôt, résonne tragiquement avec le présent.</p>
<p>&nbsp;</p>
<p><strong>Cours de Littérature avec Valérie Charbey, 24 avril et 8 mai. De 10h à 12h. Prix : 55€ pour les 2 ateliers. </strong></p>
<p>Inscription sur<a href="mailto:culture@alliancerotterdam.nl"> culture@alliancerotterdam.nl</a></p>

<p>Passionné de lecture ou tout simplement de montagne ? Venez échanger sur la littérature française contemporaine autour du dernier livre de Clara Arnaud, Et vous passerez comme des vents fous. Un récit de montagne qui [&hellip;]</p>
