{"id":17091,"date":"2024-01-15T12:51:36","date_gmt":"2024-01-15T11:51:36","guid":{"rendered":"https:\/\/www.alliancerotterdam.nl\/?post_type=tribe_events&amp;p=17091"},"modified":"2024-01-15T12:51:36","modified_gmt":"2024-01-15T11:51:36","slug":"inauguration-de-lexposition-saint-exupery-aviateur-et-auteur-du-petit-prince","status":"publish","type":"tribe_events","link":"https:\/\/www.alliancerotterdam.nl\/nl\/evennement\/inauguration-de-lexposition-saint-exupery-aviateur-et-auteur-du-petit-prince\/","title":{"rendered":"Inauguration de l&#8217;exposition &#8220;Saint-Exup\u00e9ry, aviateur et auteur du Petit Prince&#8221;"},"content":{"rendered":"<p>\u00c0 l\u2019occasion du 80e anniversaire du \u00ab\u202fPetit Prince\u202f\u00bb, l\u2019Alliance Fran\u00e7aise de Rotterdam accueille l\u2019exposition \u201cSaint-Exup\u00e9ry, aviateur et auteur du Petit Prince \u00bb &#x1f6eb;<\/p>\n<p>Rendez-vous <strong>le 25 janvier \u00e0 19h<\/strong> pour assister \u00e0 son inauguration ! En cette occasion, <strong>Henri Werij &#8211; Doyen de la facult\u00e9 d&#8217;ing\u00e9nierie a\u00e9rospatiale TU DELFT<\/strong>, vous proposera une pr\u00e9sentation sp\u00e9ciale autour du futur de l&#8217;a\u00e9rospatial &#8211; &#8220;Creating a new reality for aviation&#8221;<\/p>\n<p>ENG<br \/>\nTo mark the 80th\u202fbirthday\u202fof\u202fits\u202fpublication, the\u202fAlliance Fan\u00e7aise Rotterdam\u202f is\u202forganizing\u202fa\u202ftemporary\u202fexhibition on the\u202fextraordinary\u202flife of Antoine de Saint-Exup\u00e9ry, the\u202ffather\u202fof The Little Prince &#x1f6eb;<\/p>\n<p>Join us on<strong> January 25 at 7pm<\/strong> for the inauguration ! To mark the occasion, <strong>Henri Werij &#8211; Dean of Aerospace Engineering at TU DELFT<\/strong>, will give a special presentation on the future of aerospace &#8211; &#8220;Creating a new reality for aviation&#8221;<\/p>\n<p>NL<br \/>\nTer gelegenheid van de 80ste verjaardag van de publicatie organiseert de Alliance Fan\u00e7aise Rotterdam een tijdelijke tentoonstelling over het bijzondere leven van Antoine de Saint-Exup\u00e9ry, de vader van De Kleine Prins &#x1f6eb;<\/p>\n<p>Kom op <strong>25 januari om 19.00<\/strong> uur naar de opening! Ter gelegenheid hiervan zal <strong>Henri Werij &#8211; decaan van Lucht- en Ruimtevaarttechniek TU DELFT<\/strong>, een speciale presentatie geven over de toekomst van de lucht- en ruimtevaart &#8211; &#8220;Creating a new reality for aviation&#8221;<\/p>\n<p>&#x1f3a4; English<br \/>\n&#x1f4cd; Alliance Fran\u00e7aise Rotterdam, Westersingel 14<\/p>\n<p><img loading=\"lazy\" decoding=\"async\" class=\"wp-image-17093 aligncenter\" src=\"https:\/\/www.alliancerotterdam.nl\/wp-content\/uploads\/sites\/4\/2024\/01\/Creating-a-new-reality-for-aviation-Saint-Exupery-exposition-1_page-0001.jpg\" alt=\"\" width=\"733\" height=\"412\" \/><\/p>\n<p>&nbsp;<\/p>\n<p>&nbsp;<\/p>\n","protected":false},"excerpt":{"rendered":"<p>\u00c0 l\u2019occasion du 80e anniversaire du \u00ab\u202fPetit Prince\u202f\u00bb, l\u2019Alliance Fran\u00e7aise de Rotterdam accueille l\u2019exposition \u201cSaint-Exup\u00e9ry, aviateur et auteur du Petit Prince \u00bb &#x1f6eb; Rendez-vous le 25 janvier \u00e0 19h pour [&hellip;]<\/p>\n","protected":false},"author":1,"featured_media":17092,"template":"","meta":{"_et_pb_use_builder":"","_et_pb_old_content":"","_et_gb_content_width":"","_tribe_events_status":"","_tribe_events_status_reason":"","footnotes":""},"tags":[],"tribe_events_cat":[],"class_list":["post-17091","tribe_events","type-tribe_events","status-publish","has-post-thumbnail","hentry"],"_links":{"self":[{"href":"https:\/\/www.alliancerotterdam.nl\/nl\/wp-json\/wp\/v2\/tribe_events\/17091","targetHints":{"allow":["GET"]}}],"collection":[{"href":"https:\/\/www.alliancerotterdam.nl\/nl\/wp-json\/wp\/v2\/tribe_events"}],"about":[{"href":"https:\/\/www.alliancerotterdam.nl\/nl\/wp-json\/wp\/v2\/types\/tribe_events"}],"author":[{"embeddable":true,"href":"https:\/\/www.alliancerotterdam.nl\/nl\/wp-json\/wp\/v2\/users\/1"}],"version-history":[{"count":0,"href":"https:\/\/www.alliancerotterdam.nl\/nl\/wp-json\/wp\/v2\/tribe_events\/17091\/revisions"}],"wp:featuredmedia":[{"embeddable":true,"href":"https:\/\/www.alliancerotterdam.nl\/nl\/wp-json\/wp\/v2\/media\/17092"}],"wp:attachment":[{"href":"https:\/\/www.alliancerotterdam.nl\/nl\/wp-json\/wp\/v2\/media?parent=17091"}],"wp:term":[{"taxonomy":"post_tag","embeddable":true,"href":"https:\/\/www.alliancerotterdam.nl\/nl\/wp-json\/wp\/v2\/tags?post=17091"},{"taxonomy":"tribe_events_cat","embeddable":true,"href":"https:\/\/www.alliancerotterdam.nl\/nl\/wp-json\/wp\/v2\/tribe_events_cat?post=17091"}],"curies":[{"name":"wp","href":"https:\/\/api.w.org\/{rel}","templated":true}]}}

Inauguration de l&#8217;exposition &#8220;Saint-Exupéry, aviateur et auteur du Petit Prince&#8221;

<p>À l’occasion du 80e anniversaire du « Petit Prince », l’Alliance Française de Rotterdam accueille l’exposition “Saint-Exupéry, aviateur et auteur du Petit Prince » &#x1f6eb;</p>
<p>Rendez-vous <strong>le 25 janvier à 19h</strong> pour assister à son inauguration ! En cette occasion, <strong>Henri Werij &#8211; Doyen de la faculté d&#8217;ingénierie aérospatiale TU DELFT</strong>, vous proposera une présentation spéciale autour du futur de l&#8217;aérospatial &#8211; &#8220;Creating a new reality for aviation&#8221;</p>
<p>ENG<br />
To mark the 80th birthday of its publication, the Alliance Fançaise Rotterdam  is organizing a temporary exhibition on the extraordinary life of Antoine de Saint-Exupéry, the father of The Little Prince &#x1f6eb;</p>
<p>Join us on<strong> January 25 at 7pm</strong> for the inauguration ! To mark the occasion, <strong>Henri Werij &#8211; Dean of Aerospace Engineering at TU DELFT</strong>, will give a special presentation on the future of aerospace &#8211; &#8220;Creating a new reality for aviation&#8221;</p>
<p>NL<br />
Ter gelegenheid van de 80ste verjaardag van de publicatie organiseert de Alliance Fançaise Rotterdam een tijdelijke tentoonstelling over het bijzondere leven van Antoine de Saint-Exupéry, de vader van De Kleine Prins &#x1f6eb;</p>
<p>Kom op <strong>25 januari om 19.00</strong> uur naar de opening! Ter gelegenheid hiervan zal <strong>Henri Werij &#8211; decaan van Lucht- en Ruimtevaarttechniek TU DELFT</strong>, een speciale presentatie geven over de toekomst van de lucht- en ruimtevaart &#8211; &#8220;Creating a new reality for aviation&#8221;</p>
<p>&#x1f3a4; English<br />
&#x1f4cd; Alliance Française Rotterdam, Westersingel 14</p>
<p><img loading="lazy" decoding="async" class="wp-image-17093 aligncenter" src="https://www.alliancerotterdam.nl/wp-content/uploads/sites/4/2024/01/Creating-a-new-reality-for-aviation-Saint-Exupery-exposition-1_page-0001.jpg" alt="" width="733" height="412" /></p>
<p>&nbsp;</p>
<p>&nbsp;</p>

<p>À l’occasion du 80e anniversaire du « Petit Prince », l’Alliance Française de Rotterdam accueille l’exposition “Saint-Exupéry, aviateur et auteur du Petit Prince » &#x1f6eb; Rendez-vous le 25 janvier à 19h pour [&hellip;]</p>
