{"id":16929,"date":"2023-11-28T18:44:37","date_gmt":"2023-11-28T17:44:37","guid":{"rendered":"https:\/\/www.alliancerotterdam.nl\/?post_type=tribe_events&amp;p=16929"},"modified":"2023-11-28T18:44:37","modified_gmt":"2023-11-28T17:44:37","slug":"projection-du-ballet-songe-dune-nuit-dete-opera-de-paris","status":"publish","type":"tribe_events","link":"https:\/\/www.alliancerotterdam.nl\/nl\/evennement\/projection-du-ballet-songe-dune-nuit-dete-opera-de-paris\/","title":{"rendered":"Projection du ballet Songe d&#8217;une nuit d&#8217;\u00e9t\u00e9 &#8211; Op\u00e9ra de Paris"},"content":{"rendered":"<p>En partenariat avec l\u2019Op\u00e9ra national de Paris, l&#8217;AFR a le plaisir de proposer une diffusion du ballet <strong><em>Le\u00a0<span class=\"mark03m5enfci\" data-markjs=\"true\" data-ogac=\"\" data-ogab=\"\" data-ogsc=\"\" data-ogsb=\"\">Songe<\/span>\u00a0d&#8217;une nuit d&#8217;\u00e9t\u00e9<\/em><\/strong>,\u00a0adapt\u00e9\u00a0de l&#8217;\u0153uvre de William Shakespeare, pour une soir\u00e9e exceptionnelle le<strong>\u00a0vendredi 15 d\u00e9cembre \u00e0 20h<\/strong>.<\/p>\n<p>Intrigue : \u00c0 Ath\u00e8nes, Th\u00e9s\u00e9e s\u2019appr\u00eate \u00e0 c\u00e9l\u00e9brer ses noces avec Hippolyta, la reine des Amazones. Dans la for\u00eat avoisinante, Ob\u00e9ron, roi des f\u00e9es, se dispute avec Titania, sa femme, au sujet de leurs nombreuses conqu\u00eates pass\u00e9es et pr\u00e9sentes. Ajoutons deux couples d\u2019amoureux contrari\u00e9s \u2013 Hermia, qui est amoureuse de Lysandre mais promise \u00e0 D\u00e9m\u00e9trius, lequel est aim\u00e9 d\u2019H\u00e9l\u00e9na \u2013 et des artisans partis r\u00e9p\u00e9ter une trag\u00e9die pour les noces de leur roi, sous la baguette du truculent Bottom. Tout ce petit monde finit par se retrouver dans la for\u00eat, o\u00f9 les sortil\u00e8ges d\u2019Ob\u00e9ron, aid\u00e9 par le lutin Puck, vont semer la confusion au cours d\u2019une nuit dont personne ne saura vraiment si elle est un r\u00eave, un jeu ou un fantasme. Un songe ?<\/p>\n<p>&#x23f2; 2h avec entracte<\/p>\n<p><strong><a href=\"https:\/\/www.alliancerotterdam.nl\/produit\/projection-du-ballet-songe-dune-nuit-dete-opera-de-paris\/\">R\u00e9servez\u00a0vite votre place sur ce lien.<\/a> Prix : 5 \u20ac !<\/strong><\/p>\n<p>&nbsp;<\/p>\n<p>In collaboration with the Op\u00e9ra national de Paris, the AFR is pleased to present an exceptional evening of the ballet <em><strong>A Midsummer Night&#8217;s Dream<\/strong><\/em>, which has been adapted from William Shakespeare&#8217;s work, on <strong>Friday, 15 December at 8pm.<\/strong><\/p>\n<p>Plot : Four Athenians run away to the forest only to have Puck the fairy make both of the boys fall in love with the same girl. The four run through the forest pursuing each other while Puck helps his master play a trick on the fairy queen. In the end, Puck reverses the magic, and the two couples reconcile and marry.<\/p>\n<p>&nbsp;<\/p>\n<p>&#x23f2; 2h with an interlude<\/p>\n","protected":false},"excerpt":{"rendered":"<p>En partenariat avec l\u2019Op\u00e9ra national de Paris, l&#8217;AFR a le plaisir de proposer une diffusion du ballet Le\u00a0Songe\u00a0d&#8217;une nuit d&#8217;\u00e9t\u00e9,\u00a0adapt\u00e9\u00a0de l&#8217;\u0153uvre de William Shakespeare, pour une soir\u00e9e exceptionnelle le\u00a0vendredi 15 [&hellip;]<\/p>\n","protected":false},"author":1,"featured_media":16930,"template":"","meta":{"_et_pb_use_builder":"","_et_pb_old_content":"","_et_gb_content_width":"","_tribe_events_status":"","_tribe_events_status_reason":"","footnotes":""},"tags":[],"tribe_events_cat":[250,253],"class_list":["post-16929","tribe_events","type-tribe_events","status-publish","has-post-thumbnail","hentry","tribe_events_cat-cinema-2","tribe_events_cat-micro-folie","cat_cinema-2","cat_micro-folie"],"_links":{"self":[{"href":"https:\/\/www.alliancerotterdam.nl\/nl\/wp-json\/wp\/v2\/tribe_events\/16929","targetHints":{"allow":["GET"]}}],"collection":[{"href":"https:\/\/www.alliancerotterdam.nl\/nl\/wp-json\/wp\/v2\/tribe_events"}],"about":[{"href":"https:\/\/www.alliancerotterdam.nl\/nl\/wp-json\/wp\/v2\/types\/tribe_events"}],"author":[{"embeddable":true,"href":"https:\/\/www.alliancerotterdam.nl\/nl\/wp-json\/wp\/v2\/users\/1"}],"version-history":[{"count":0,"href":"https:\/\/www.alliancerotterdam.nl\/nl\/wp-json\/wp\/v2\/tribe_events\/16929\/revisions"}],"wp:featuredmedia":[{"embeddable":true,"href":"https:\/\/www.alliancerotterdam.nl\/nl\/wp-json\/wp\/v2\/media\/16930"}],"wp:attachment":[{"href":"https:\/\/www.alliancerotterdam.nl\/nl\/wp-json\/wp\/v2\/media?parent=16929"}],"wp:term":[{"taxonomy":"post_tag","embeddable":true,"href":"https:\/\/www.alliancerotterdam.nl\/nl\/wp-json\/wp\/v2\/tags?post=16929"},{"taxonomy":"tribe_events_cat","embeddable":true,"href":"https:\/\/www.alliancerotterdam.nl\/nl\/wp-json\/wp\/v2\/tribe_events_cat?post=16929"}],"curies":[{"name":"wp","href":"https:\/\/api.w.org\/{rel}","templated":true}]}}

Projection du ballet Songe d&#8217;une nuit d&#8217;été &#8211; Opéra de Paris

<p>En partenariat avec l’Opéra national de Paris, l&#8217;AFR a le plaisir de proposer une diffusion du ballet <strong><em>Le <span class="mark03m5enfci" data-markjs="true" data-ogac="" data-ogab="" data-ogsc="" data-ogsb="">Songe</span> d&#8217;une nuit d&#8217;été</em></strong>, adapté de l&#8217;œuvre de William Shakespeare, pour une soirée exceptionnelle le<strong> vendredi 15 décembre à 20h</strong>.</p>
<p>Intrigue : À Athènes, Thésée s’apprête à célébrer ses noces avec Hippolyta, la reine des Amazones. Dans la forêt avoisinante, Obéron, roi des fées, se dispute avec Titania, sa femme, au sujet de leurs nombreuses conquêtes passées et présentes. Ajoutons deux couples d’amoureux contrariés – Hermia, qui est amoureuse de Lysandre mais promise à Démétrius, lequel est aimé d’Héléna – et des artisans partis répéter une tragédie pour les noces de leur roi, sous la baguette du truculent Bottom. Tout ce petit monde finit par se retrouver dans la forêt, où les sortilèges d’Obéron, aidé par le lutin Puck, vont semer la confusion au cours d’une nuit dont personne ne saura vraiment si elle est un rêve, un jeu ou un fantasme. Un songe ?</p>
<p>&#x23f2; 2h avec entracte</p>
<p><strong><a href="https://www.alliancerotterdam.nl/produit/projection-du-ballet-songe-dune-nuit-dete-opera-de-paris/">Réservez vite votre place sur ce lien.</a> Prix : 5 € !</strong></p>
<p>&nbsp;</p>
<p>In collaboration with the Opéra national de Paris, the AFR is pleased to present an exceptional evening of the ballet <em><strong>A Midsummer Night&#8217;s Dream</strong></em>, which has been adapted from William Shakespeare&#8217;s work, on <strong>Friday, 15 December at 8pm.</strong></p>
<p>Plot : Four Athenians run away to the forest only to have Puck the fairy make both of the boys fall in love with the same girl. The four run through the forest pursuing each other while Puck helps his master play a trick on the fairy queen. In the end, Puck reverses the magic, and the two couples reconcile and marry.</p>
<p>&nbsp;</p>
<p>&#x23f2; 2h with an interlude</p>

<p>En partenariat avec l’Opéra national de Paris, l&#8217;AFR a le plaisir de proposer une diffusion du ballet Le Songe d&#8217;une nuit d&#8217;été, adapté de l&#8217;œuvre de William Shakespeare, pour une soirée exceptionnelle le vendredi 15 [&hellip;]</p>
