{"id":16920,"date":"2023-11-28T17:43:22","date_gmt":"2023-11-28T16:43:22","guid":{"rendered":"https:\/\/www.alliancerotterdam.nl\/?post_type=tribe_events&amp;p=16920"},"modified":"2023-11-28T17:43:22","modified_gmt":"2023-11-28T16:43:22","slug":"apres-midi-contes-de-noel-et-activites-manuelles","status":"publish","type":"tribe_events","link":"https:\/\/www.alliancerotterdam.nl\/nl\/evennement\/apres-midi-contes-de-noel-et-activites-manuelles\/","title":{"rendered":"Apr\u00e8s-midi contes de No\u00ebl et activit\u00e9s manuelles"},"content":{"rendered":"<p><span style=\"color: #000000\">A l&#8217;approche de No\u00ebl, nous vous proposons une apr\u00e8s-midi d&#8217;animations-lectures pour vos enfants dans notre biblioth\u00e8que <span class=\"x1xsqp64 xiy17q3 x1o6pynw x19co3pv xdj266r xcwd3tp xat24cr x39eecv x2b8uid\" data-testid=\"emoji\"><span class=\"xexx8yu xn5pp95 x18d9i69 x2fxd7x x1yqt14a x1bhl96m\">&#x1f385;&#x1f384;<\/span><\/span><br aria-hidden=\"true\" \/>Pour r\u00eaver ou frissonner et go\u00fbter \u00e0 la magie de No\u00ebl. A partir de 4 ans, jusqu&#8217;\u00e0 12 ans.<\/span><\/p>\n<p>Le mercredi 13 d\u00e9cembre de 15h \u00e0 16h15.<\/p>\n<p>Gratuit sur inscription en cliquant <a href=\"https:\/\/www.alliancerotterdam.nl\/produit\/lecture-de-contes\/\">ici<\/a> !<\/p>\n<p>&nbsp;<\/p>\n","protected":false},"excerpt":{"rendered":"<p>A l&#8217;approche de No\u00ebl, nous vous proposons une apr\u00e8s-midi d&#8217;animations-lectures pour vos enfants dans notre biblioth\u00e8que &#x1f385;&#x1f384;Pour r\u00eaver ou frissonner et go\u00fbter \u00e0 la magie de No\u00ebl. A partir de [&hellip;]<\/p>\n","protected":false},"author":1,"featured_media":16924,"template":"","meta":{"_et_pb_use_builder":"","_et_pb_old_content":"","_et_gb_content_width":"","_tribe_events_status":"","_tribe_events_status_reason":"","footnotes":""},"tags":[],"tribe_events_cat":[],"class_list":["post-16920","tribe_events","type-tribe_events","status-publish","has-post-thumbnail","hentry"],"_links":{"self":[{"href":"https:\/\/www.alliancerotterdam.nl\/nl\/wp-json\/wp\/v2\/tribe_events\/16920","targetHints":{"allow":["GET"]}}],"collection":[{"href":"https:\/\/www.alliancerotterdam.nl\/nl\/wp-json\/wp\/v2\/tribe_events"}],"about":[{"href":"https:\/\/www.alliancerotterdam.nl\/nl\/wp-json\/wp\/v2\/types\/tribe_events"}],"author":[{"embeddable":true,"href":"https:\/\/www.alliancerotterdam.nl\/nl\/wp-json\/wp\/v2\/users\/1"}],"version-history":[{"count":0,"href":"https:\/\/www.alliancerotterdam.nl\/nl\/wp-json\/wp\/v2\/tribe_events\/16920\/revisions"}],"wp:featuredmedia":[{"embeddable":true,"href":"https:\/\/www.alliancerotterdam.nl\/nl\/wp-json\/wp\/v2\/media\/16924"}],"wp:attachment":[{"href":"https:\/\/www.alliancerotterdam.nl\/nl\/wp-json\/wp\/v2\/media?parent=16920"}],"wp:term":[{"taxonomy":"post_tag","embeddable":true,"href":"https:\/\/www.alliancerotterdam.nl\/nl\/wp-json\/wp\/v2\/tags?post=16920"},{"taxonomy":"tribe_events_cat","embeddable":true,"href":"https:\/\/www.alliancerotterdam.nl\/nl\/wp-json\/wp\/v2\/tribe_events_cat?post=16920"}],"curies":[{"name":"wp","href":"https:\/\/api.w.org\/{rel}","templated":true}]}}

Après-midi contes de Noël et activités manuelles

<p><span style="color: #000000">A l&#8217;approche de Noël, nous vous proposons une après-midi d&#8217;animations-lectures pour vos enfants dans notre bibliothèque <span class="x1xsqp64 xiy17q3 x1o6pynw x19co3pv xdj266r xcwd3tp xat24cr x39eecv x2b8uid" data-testid="emoji"><span class="xexx8yu xn5pp95 x18d9i69 x2fxd7x x1yqt14a x1bhl96m">&#x1f385;&#x1f384;</span></span><br aria-hidden="true" />Pour rêver ou frissonner et goûter à la magie de Noël. A partir de 4 ans, jusqu&#8217;à 12 ans.</span></p>
<p>Le mercredi 13 décembre de 15h à 16h15.</p>
<p>Gratuit sur inscription en cliquant <a href="https://www.alliancerotterdam.nl/produit/lecture-de-contes/">ici</a> !</p>
<p>&nbsp;</p>

<p>A l&#8217;approche de Noël, nous vous proposons une après-midi d&#8217;animations-lectures pour vos enfants dans notre bibliothèque &#x1f385;&#x1f384;Pour rêver ou frissonner et goûter à la magie de Noël. A partir de [&hellip;]</p>
