{"id":16840,"date":"2023-11-03T13:18:46","date_gmt":"2023-11-03T12:18:46","guid":{"rendered":"https:\/\/www.alliancerotterdam.nl\/?post_type=tribe_events&amp;p=16840"},"modified":"2023-11-03T13:18:46","modified_gmt":"2023-11-03T12:18:46","slug":"exposition-exhibition","status":"publish","type":"tribe_events","link":"https:\/\/www.alliancerotterdam.nl\/nl\/evennement\/exposition-exhibition\/","title":{"rendered":"Novembre num\u00e9rique &#8211; The International Digital Cultures Festival"},"content":{"rendered":"<p>Organis\u00e9 sur les cinq continents gr\u00e2ce au r\u00e9seau culturel fran\u00e7ais \u00e0 l\u2019\u00e9tranger, Novembre Num\u00e9rique a pour objectif de mettre en lumi\u00e8re la richesse de la cr\u00e9ation num\u00e9rique fran\u00e7aise. Les grands enjeux du num\u00e9rique et de son usage sont explor\u00e9s au travers d\u2019ateliers, de performances audiovisuelles, d&#8217;expositions ou encore d&#8217;exp\u00e9riences immersives ! Notre objectif est de prendre part une nouvelle fois \u00e0 cette c\u00e9l\u00e9bration internationale des cultures num\u00e9riques \u00e0 travers le prisme de l&#8217;espace : domaine d&#8217;exploration, de r\u00eave et de r\u00e9flexions sur notre condition. L&#8217;espace nourrit notre imagination et notre curiosit\u00e9. Apr\u00e8s avoir conquis nos imaginaires avec leurs repr\u00e9sentations du cosmos, et ce depuis l\u2019Antiquit\u00e9, les artistes sont, eux aussi, partis \u00e0 la conqu\u00eate de l\u2019univers ! Cette nouvelle \u00e8re du num\u00e9rique permet de cr\u00e9er de nouveaux espaces po\u00e9tiques et sensibles, l&#8217;espace est ici virtuel mais ne conna\u00eet pas de fronti\u00e8res : il est d\u00e9cupl\u00e9.<\/p>\n\n<p><strong>Dans le cadre de Novembre Num\u00e9rique 2023, l&#8217;Alliance Fran\u00e7aise de Rotterdam a le plaisir d&#8217;accueillir une s\u00e9lection d&#8217;oeuvres num\u00e9riques proposant chacune une repr\u00e9sentation de l\u2019espace :<\/strong><\/p>\n\n\n\n<ul>\n<li><a href=\"https:\/\/www.alliancerotterdam.nl\/novembre-numerique-2023-lespace\/\">L&#8217;installation artistique : &#8220;Axis Mvndi&#8221; de Nicolas Montgermont<\/a><\/li>\n<\/ul>\n\n\n\n<ul>\n<li><a href=\"https:\/\/www.alliancerotterdam.nl\/event\/film-en-realite-virtuelle\/\">L&#8217;exp\u00e9rience de r\u00e9alit\u00e9 virtuelle &#8220;Sph\u00e8res&#8221;<\/a><\/li>\n<\/ul>\n\n\n\n<ul>\n<li><a href=\"https:\/\/www.alliancerotterdam.nl\/event\/film-et-rencontre-avec-jason-hatton-screening-qa\/\">Projection du film &#8220;Plus loin que le bleu du ciel&#8221;<\/a> de Val\u00e9rie Winckler, suivie d&#8217;un d\u00e9bat avec le public gr\u00e2ce \u00e0 la pr\u00e9sence exceptionnelle de Jason Hatton, de l&#8217;Agence spatiale europ\u00e9enne (ESA).<\/li>\n<\/ul>\n\n\n\n<p><em>Avec le soutien de l&#8217;Institut Fran\u00e7ais \u00e0 Paris et l&#8217;IF NL<\/em><\/p>\n\n<p>&#8212;&#8212;&#8212;&#8212;&#8212;&#8212;&#8212;&#8212;&#8212;&#8212;&#8212;&#8212;&#8212;&#8212;<\/p>\n<p><em><strong>ENG<\/strong>\u00a0: Organised in the whole world thanks to the French cultural network abroad and its partners, Novembre Num\u00e9rique aims to encourage access for all to new technologies, to promote the extraordinary diversity of French digital creation, to build lasting partnerships with foreign professionals, and more broadly to encourage an international dialogue between creators, professionals\u00a0and the audience.<\/em><\/p>\n<p class=\"has-text-align-center\"><strong>For the second time, the Alliance Fran\u00e7aise Rotterdam is proud to organise Novembre Num\u00e9rique<\/strong><\/p>\n<p class=\"has-text-align-center\"><strong>Our theme for 2023: SPACE<\/strong><\/p>\n<p>Our aim is to once again take part in this international celebration of digital cultures through the prism of space: a realm of exploration, dreams and reflections on our condition. Space feeds our imagination and our curiosity !<\/p>\n<p>Having conquered our imaginations with their representations of the cosmos since ancient times, artists have also set out to conquer the universe! This new digital era is creating new poetic and sensitive spaces. Here, space is virtual, but it knows no boundaries \u2013 it\u2019s multiplied tenfold!<\/p>\n<p>As part of November Num\u00e9rique 2023, the Alliance Fran\u00e7aise of Rotterdam is pleased to be hosting a selection of digital works, each offering a different representation of space :<\/p>\n<p><a href=\"https:\/\/www.alliancerotterdam.nl\/en\/novembre-numerique-2023-axis-mvndi-2\/\">-Artistic performance : \u201cAxis Mvndi\u201d by Nicolas Montgermont\u00a0<\/a><\/p>\n<p>&#8211;<a href=\"https:\/\/www.alliancerotterdam.nl\/event\/film-en-realite-virtuelle\/\">Virtual reality experience : \u201cSph\u00e8res<\/a>\u201d<\/p>\n<p>&#8211;<a href=\"https:\/\/www.alliancerotterdam.nl\/event\/film-et-rencontre-avec-jason-hatton-screening-qa\/\">Film Screening : \u201cPlus loin que le bleu du ciel\u201d<\/a> by Val\u00e9rie Winckler followed by a Q&amp;A with Jason Hatton from the European Space Agency (ESA)<\/p>\n<p><em>With the support of the Institut Fran\u00e7ais of Paris and IF NL<\/em><\/p>","protected":false},"excerpt":{"rendered":"<p>Organis\u00e9 sur les cinq continents gr\u00e2ce au r\u00e9seau culturel fran\u00e7ais \u00e0 l\u2019\u00e9tranger, Novembre Num\u00e9rique a pour objectif de mettre en lumi\u00e8re la richesse de la cr\u00e9ation num\u00e9rique fran\u00e7aise. Les grands [&hellip;]<\/p>\n","protected":false},"author":1,"featured_media":16778,"template":"","meta":{"_et_pb_use_builder":"","_et_pb_old_content":"","_et_gb_content_width":"","_tribe_events_status":"","_tribe_events_status_reason":"","footnotes":""},"tags":[],"tribe_events_cat":[248],"class_list":["post-16840","tribe_events","type-tribe_events","status-publish","has-post-thumbnail","hentry","tribe_events_cat-exposition","cat_exposition"],"_links":{"self":[{"href":"https:\/\/www.alliancerotterdam.nl\/nl\/wp-json\/wp\/v2\/tribe_events\/16840","targetHints":{"allow":["GET"]}}],"collection":[{"href":"https:\/\/www.alliancerotterdam.nl\/nl\/wp-json\/wp\/v2\/tribe_events"}],"about":[{"href":"https:\/\/www.alliancerotterdam.nl\/nl\/wp-json\/wp\/v2\/types\/tribe_events"}],"author":[{"embeddable":true,"href":"https:\/\/www.alliancerotterdam.nl\/nl\/wp-json\/wp\/v2\/users\/1"}],"version-history":[{"count":0,"href":"https:\/\/www.alliancerotterdam.nl\/nl\/wp-json\/wp\/v2\/tribe_events\/16840\/revisions"}],"wp:featuredmedia":[{"embeddable":true,"href":"https:\/\/www.alliancerotterdam.nl\/nl\/wp-json\/wp\/v2\/media\/16778"}],"wp:attachment":[{"href":"https:\/\/www.alliancerotterdam.nl\/nl\/wp-json\/wp\/v2\/media?parent=16840"}],"wp:term":[{"taxonomy":"post_tag","embeddable":true,"href":"https:\/\/www.alliancerotterdam.nl\/nl\/wp-json\/wp\/v2\/tags?post=16840"},{"taxonomy":"tribe_events_cat","embeddable":true,"href":"https:\/\/www.alliancerotterdam.nl\/nl\/wp-json\/wp\/v2\/tribe_events_cat?post=16840"}],"curies":[{"name":"wp","href":"https:\/\/api.w.org\/{rel}","templated":true}]}}

Novembre numérique &#8211; The International Digital Cultures Festival

<p>Organisé sur les cinq continents grâce au réseau culturel français à l’étranger, Novembre Numérique a pour objectif de mettre en lumière la richesse de la création numérique française. Les grands enjeux du numérique et de son usage sont explorés au travers d’ateliers, de performances audiovisuelles, d&#8217;expositions ou encore d&#8217;expériences immersives ! Notre objectif est de prendre part une nouvelle fois à cette célébration internationale des cultures numériques à travers le prisme de l&#8217;espace : domaine d&#8217;exploration, de rêve et de réflexions sur notre condition. L&#8217;espace nourrit notre imagination et notre curiosité. Après avoir conquis nos imaginaires avec leurs représentations du cosmos, et ce depuis l’Antiquité, les artistes sont, eux aussi, partis à la conquête de l’univers ! Cette nouvelle ère du numérique permet de créer de nouveaux espaces poétiques et sensibles, l&#8217;espace est ici virtuel mais ne connaît pas de frontières : il est décuplé.</p>

<p><strong>Dans le cadre de Novembre Numérique 2023, l&#8217;Alliance Française de Rotterdam a le plaisir d&#8217;accueillir une sélection d&#8217;oeuvres numériques proposant chacune une représentation de l’espace :</strong></p>



<ul>
<li><a href="https://www.alliancerotterdam.nl/novembre-numerique-2023-lespace/">L&#8217;installation artistique : &#8220;Axis Mvndi&#8221; de Nicolas Montgermont</a></li>
</ul>



<ul>
<li><a href="https://www.alliancerotterdam.nl/event/film-en-realite-virtuelle/">L&#8217;expérience de réalité virtuelle &#8220;Sphères&#8221;</a></li>
</ul>



<ul>
<li><a href="https://www.alliancerotterdam.nl/event/film-et-rencontre-avec-jason-hatton-screening-qa/">Projection du film &#8220;Plus loin que le bleu du ciel&#8221;</a> de Valérie Winckler, suivie d&#8217;un débat avec le public grâce à la présence exceptionnelle de Jason Hatton, de l&#8217;Agence spatiale européenne (ESA).</li>
</ul>



<p><em>Avec le soutien de l&#8217;Institut Français à Paris et l&#8217;IF NL</em></p>

<p>&#8212;&#8212;&#8212;&#8212;&#8212;&#8212;&#8212;&#8212;&#8212;&#8212;&#8212;&#8212;&#8212;&#8212;</p>
<p><em><strong>ENG</strong> : Organised in the whole world thanks to the French cultural network abroad and its partners, Novembre Numérique aims to encourage access for all to new technologies, to promote the extraordinary diversity of French digital creation, to build lasting partnerships with foreign professionals, and more broadly to encourage an international dialogue between creators, professionals and the audience.</em></p>
<p class="has-text-align-center"><strong>For the second time, the Alliance Française Rotterdam is proud to organise Novembre Numérique</strong></p>
<p class="has-text-align-center"><strong>Our theme for 2023: SPACE</strong></p>
<p>Our aim is to once again take part in this international celebration of digital cultures through the prism of space: a realm of exploration, dreams and reflections on our condition. Space feeds our imagination and our curiosity !</p>
<p>Having conquered our imaginations with their representations of the cosmos since ancient times, artists have also set out to conquer the universe! This new digital era is creating new poetic and sensitive spaces. Here, space is virtual, but it knows no boundaries – it’s multiplied tenfold!</p>
<p>As part of November Numérique 2023, the Alliance Française of Rotterdam is pleased to be hosting a selection of digital works, each offering a different representation of space :</p>
<p><a href="https://www.alliancerotterdam.nl/en/novembre-numerique-2023-axis-mvndi-2/">-Artistic performance : “Axis Mvndi” by Nicolas Montgermont </a></p>
<p>&#8211;<a href="https://www.alliancerotterdam.nl/event/film-en-realite-virtuelle/">Virtual reality experience : “Sphères</a>”</p>
<p>&#8211;<a href="https://www.alliancerotterdam.nl/event/film-et-rencontre-avec-jason-hatton-screening-qa/">Film Screening : “Plus loin que le bleu du ciel”</a> by Valérie Winckler followed by a Q&amp;A with Jason Hatton from the European Space Agency (ESA)</p>
<p><em>With the support of the Institut Français of Paris and IF NL</em></p>

<p>Organisé sur les cinq continents grâce au réseau culturel français à l’étranger, Novembre Numérique a pour objectif de mettre en lumière la richesse de la création numérique française. Les grands [&hellip;]</p>
