{"id":34611,"date":"2025-12-18T17:08:10","date_gmt":"2025-12-18T16:08:10","guid":{"rendered":"https:\/\/www.alliancerotterdam.nl\/?post_type=tribe_events&#038;p=34611"},"modified":"2026-03-24T14:38:18","modified_gmt":"2026-03-24T13:38:18","slug":"cafe-de-lactu-6-mai","status":"publish","type":"tribe_events","link":"https:\/\/www.alliancerotterdam.nl\/en\/event\/cafe-de-lactu-6-mai\/","title":{"rendered":"Caf\u00e9 de l&#8217;actu &#8211; 6 mai"},"content":{"rendered":"<p>Pour d\u00e9crypter l\u2019actualit\u00e9, feuilleter le dernier magazine f\u00e9minin, discuter des sujets qui font la une des quotidiens ou d\u00e9couvrir les derni\u00e8res fake news, retrouvez-nous les mercredis matins devant un caf\u00e9 et un croissant. Histoire de comprendre les derniers enjeux politiques, environnementaux ou scientifiques, parler \u00e9ducation ou, plus l\u00e9g\u00e8rement, people.<\/p>\n<p>Mercredi 6 mai \u00e0 10h. Prix : 6\u20ac (avec le caf\u00e9 et le croissant)<\/p>\n<p><a href=\"https:\/\/www.alliancerotterdam.nl\/produit\/cafe-de-lactu-6-mai\/\" target=\"_blank\" rel=\"noopener\">R\u00e9servez votre ticket ici !<\/a><\/p>\n","protected":false},"excerpt":{"rendered":"<p>Pour d\u00e9crypter l\u2019actualit\u00e9, feuilleter le dernier magazine f\u00e9minin, discuter des sujets qui font la une des quotidiens ou d\u00e9couvrir les derni\u00e8res fake news, retrouvez-nous les mercredis matins devant un caf\u00e9 [&hellip;]<\/p>\n","protected":false},"author":3,"featured_media":32856,"template":"","meta":{"_et_pb_use_builder":"","_et_pb_old_content":"","_et_gb_content_width":"","_tribe_events_status":"","_tribe_events_status_reason":"","footnotes":""},"tags":[],"tribe_events_cat":[],"class_list":["post-34611","tribe_events","type-tribe_events","status-publish","has-post-thumbnail","hentry"],"_links":{"self":[{"href":"https:\/\/www.alliancerotterdam.nl\/en\/wp-json\/wp\/v2\/tribe_events\/34611","targetHints":{"allow":["GET"]}}],"collection":[{"href":"https:\/\/www.alliancerotterdam.nl\/en\/wp-json\/wp\/v2\/tribe_events"}],"about":[{"href":"https:\/\/www.alliancerotterdam.nl\/en\/wp-json\/wp\/v2\/types\/tribe_events"}],"author":[{"embeddable":true,"href":"https:\/\/www.alliancerotterdam.nl\/en\/wp-json\/wp\/v2\/users\/3"}],"version-history":[{"count":3,"href":"https:\/\/www.alliancerotterdam.nl\/en\/wp-json\/wp\/v2\/tribe_events\/34611\/revisions"}],"predecessor-version":[{"id":35964,"href":"https:\/\/www.alliancerotterdam.nl\/en\/wp-json\/wp\/v2\/tribe_events\/34611\/revisions\/35964"}],"wp:featuredmedia":[{"embeddable":true,"href":"https:\/\/www.alliancerotterdam.nl\/en\/wp-json\/wp\/v2\/media\/32856"}],"wp:attachment":[{"href":"https:\/\/www.alliancerotterdam.nl\/en\/wp-json\/wp\/v2\/media?parent=34611"}],"wp:term":[{"taxonomy":"post_tag","embeddable":true,"href":"https:\/\/www.alliancerotterdam.nl\/en\/wp-json\/wp\/v2\/tags?post=34611"},{"taxonomy":"tribe_events_cat","embeddable":true,"href":"https:\/\/www.alliancerotterdam.nl\/en\/wp-json\/wp\/v2\/tribe_events_cat?post=34611"}],"curies":[{"name":"wp","href":"https:\/\/api.w.org\/{rel}","templated":true}]}}

Café de l&#8217;actu &#8211; 6 mai

<p>Pour décrypter l’actualité, feuilleter le dernier magazine féminin, discuter des sujets qui font la une des quotidiens ou découvrir les dernières fake news, retrouvez-nous les mercredis matins devant un café et un croissant. Histoire de comprendre les derniers enjeux politiques, environnementaux ou scientifiques, parler éducation ou, plus légèrement, people.</p>
<p>Mercredi 6 mai à 10h. Prix : 6€ (avec le café et le croissant)</p>
<p><a href="https://www.alliancerotterdam.nl/produit/cafe-de-lactu-6-mai/" target="_blank" rel="noopener">Réservez votre ticket ici !</a></p>

<p>Pour décrypter l’actualité, feuilleter le dernier magazine féminin, discuter des sujets qui font la une des quotidiens ou découvrir les dernières fake news, retrouvez-nous les mercredis matins devant un café [&hellip;]</p>
