{"id":31846,"date":"2025-06-18T17:17:45","date_gmt":"2025-06-18T15:17:45","guid":{"rendered":"https:\/\/www.alliancerotterdam.nl\/?post_type=tribe_events&#038;p=31846"},"modified":"2025-07-07T19:09:29","modified_gmt":"2025-07-07T17:09:29","slug":"inauguration-agnes-bomby-degustation-dhuitres","status":"publish","type":"tribe_events","link":"https:\/\/www.alliancerotterdam.nl\/en\/event\/inauguration-agnes-bomby-degustation-dhuitres\/","title":{"rendered":"Inauguration Agn\u00e8s Bomby &#8211; D\u00e9gustation d&#8217;hu\u00eetres &#8211; COMPLET"},"content":{"rendered":"<p class=\"x_elementToProof\">Plongez dans l\u2019univers po\u00e9tique d\u2019Agn\u00e8s Bompy, artiste fran\u00e7aise install\u00e9e \u00e0 Amsterdam, qui m\u00eale souvenirs, nature et textures dans une peinture entre abstraction et figuration. \ud83c\udf0a\ud83c\udf3f<\/p>\n<p>Et ce n\u2019est pas tout\u2026 l\u2019inauguration sera accompagn\u00e9e d\u2019une d\u00e9gustation d\u2019hu\u00eetres fran\u00e7aises \ud83e\uddaa \u2013 un clin d\u2019\u0153il \u00e0 ses racines aquitaines et \u00e0 son travail autour de l&#8217;hu\u00eetre et de sa mati\u00e8re. Le combo parfait pour bien commencer l\u2019\u00e9t\u00e9 ! \u2600\ufe0f<\/p>\n<p>Une exposition \u00e0 voir, \u00e0 ressentir\u2026 et \u00e0 go\u00fbter !<\/p>\n<p>\ud83c\udfa4\u200b En fran\u00e7ais &amp; Anglais<br \/>\n\ud83d\udcc5 Mardi 8 juillet | \ud83d\udd60 D\u00e8s 17h30<br \/>\n\ud83d\udccd Alliance Fran\u00e7aise Rotterdam<\/p>\n<p>\ud83c\udf9f\ufe0f <a href=\"https:\/\/www.alliancerotterdam.nl\/produit\/inauguration-agnes-bomby-degustation-dhuitres\/\">Entr\u00e9e avec assiette d&#8217;hu\u00eetres + verre de vin inclus : 15 \u20ac COMPLET\u00a0<\/a><\/p>\n<hr \/>\n<div class=\"x_elementToProof\" data-olk-copy-source=\"MessageBody\">\n<p class=\"x_elementToProof\"><span data-olk-copy-source=\"MessageBody\">Immerse yourself in the poetic world of Agn\u00e8s Bompy, a French artist based in Amsterdam, who blends memories, nature, and textures in paintings that lie between abstraction and figuration. \ud83c\udf0a\ud83c\udf3f<\/span><\/p>\n<p><span data-olk-copy-source=\"MessageBody\">And that&#8217;s not all\u2026 the exhibition will be accompanied by a tasting of French oysters \ud83e\uddaa \u2013 a nod to her roots in Aquitaine and her work focused on oyster and its material. The perfect combo to kick off the summer! \u2600\ufe0f<\/span><\/p>\n<p><span data-olk-copy-source=\"MessageBody\">An exhibition to see, to feel\u2026 and to taste!<\/span><\/p>\n<p>\ud83c\udfa4\u200b In French &amp; English<br \/>\n\ud83d\udcc5 <span data-olk-copy-source=\"MessageBody\">Tuesday, July 8 | \ud83d\udd60 5:30 PM<\/span><br \/>\n\ud83d\udccd Alliance Fran\u00e7aise Rotterdam<\/p>\n<\/div>\n<p><span data-olk-copy-source=\"MessageBody\">\ud83c\udf9f\ufe0f <a href=\"https:\/\/www.alliancerotterdam.nl\/produit\/inauguration-agnes-bomby-degustation-dhuitres\/\">Admission ticket with plate of oysters + glass of wine included: 15\u20ac FULL<\/a><\/span><\/p>\n","protected":false},"excerpt":{"rendered":"<p>Plongez dans l\u2019univers po\u00e9tique d\u2019Agn\u00e8s Bompy, artiste fran\u00e7aise install\u00e9e \u00e0 Amsterdam, qui m\u00eale souvenirs, nature et textures dans une peinture entre abstraction et figuration. \ud83c\udf0a\ud83c\udf3f Et ce n\u2019est pas tout\u2026 [&hellip;]<\/p>\n","protected":false},"author":2,"featured_media":0,"template":"","meta":{"_et_pb_use_builder":"","_et_pb_old_content":"","_et_gb_content_width":"","_tribe_events_status":"","_tribe_events_status_reason":"","footnotes":""},"tags":[],"tribe_events_cat":[],"class_list":["post-31846","tribe_events","type-tribe_events","status-publish","hentry"],"_links":{"self":[{"href":"https:\/\/www.alliancerotterdam.nl\/en\/wp-json\/wp\/v2\/tribe_events\/31846","targetHints":{"allow":["GET"]}}],"collection":[{"href":"https:\/\/www.alliancerotterdam.nl\/en\/wp-json\/wp\/v2\/tribe_events"}],"about":[{"href":"https:\/\/www.alliancerotterdam.nl\/en\/wp-json\/wp\/v2\/types\/tribe_events"}],"author":[{"embeddable":true,"href":"https:\/\/www.alliancerotterdam.nl\/en\/wp-json\/wp\/v2\/users\/2"}],"version-history":[{"count":10,"href":"https:\/\/www.alliancerotterdam.nl\/en\/wp-json\/wp\/v2\/tribe_events\/31846\/revisions"}],"predecessor-version":[{"id":32715,"href":"https:\/\/www.alliancerotterdam.nl\/en\/wp-json\/wp\/v2\/tribe_events\/31846\/revisions\/32715"}],"wp:attachment":[{"href":"https:\/\/www.alliancerotterdam.nl\/en\/wp-json\/wp\/v2\/media?parent=31846"}],"wp:term":[{"taxonomy":"post_tag","embeddable":true,"href":"https:\/\/www.alliancerotterdam.nl\/en\/wp-json\/wp\/v2\/tags?post=31846"},{"taxonomy":"tribe_events_cat","embeddable":true,"href":"https:\/\/www.alliancerotterdam.nl\/en\/wp-json\/wp\/v2\/tribe_events_cat?post=31846"}],"curies":[{"name":"wp","href":"https:\/\/api.w.org\/{rel}","templated":true}]}}

Inauguration Agnès Bomby &#8211; Dégustation d&#8217;huîtres &#8211; COMPLET

<p class="x_elementToProof">Plongez dans l’univers poétique d’Agnès Bompy, artiste française installée à Amsterdam, qui mêle souvenirs, nature et textures dans une peinture entre abstraction et figuration. 🌊🌿</p>
<p>Et ce n’est pas tout… l’inauguration sera accompagnée d’une dégustation d’huîtres françaises 🦪 – un clin d’œil à ses racines aquitaines et à son travail autour de l&#8217;huître et de sa matière. Le combo parfait pour bien commencer l’été ! ☀️</p>
<p>Une exposition à voir, à ressentir… et à goûter !</p>
<p>🎤​ En français &amp; Anglais<br />
📅 Mardi 8 juillet | 🕠 Dès 17h30<br />
📍 Alliance Française Rotterdam</p>
<p>🎟️ <a href="https://www.alliancerotterdam.nl/produit/inauguration-agnes-bomby-degustation-dhuitres/">Entrée avec assiette d&#8217;huîtres + verre de vin inclus : 15 € COMPLET </a></p>
<hr />
<div class="x_elementToProof" data-olk-copy-source="MessageBody">
<p class="x_elementToProof"><span data-olk-copy-source="MessageBody">Immerse yourself in the poetic world of Agnès Bompy, a French artist based in Amsterdam, who blends memories, nature, and textures in paintings that lie between abstraction and figuration. 🌊🌿</span></p>
<p><span data-olk-copy-source="MessageBody">And that&#8217;s not all… the exhibition will be accompanied by a tasting of French oysters 🦪 – a nod to her roots in Aquitaine and her work focused on oyster and its material. The perfect combo to kick off the summer! ☀️</span></p>
<p><span data-olk-copy-source="MessageBody">An exhibition to see, to feel… and to taste!</span></p>
<p>🎤​ In French &amp; English<br />
📅 <span data-olk-copy-source="MessageBody">Tuesday, July 8 | 🕠 5:30 PM</span><br />
📍 Alliance Française Rotterdam</p>
</div>
<p><span data-olk-copy-source="MessageBody">🎟️ <a href="https://www.alliancerotterdam.nl/produit/inauguration-agnes-bomby-degustation-dhuitres/">Admission ticket with plate of oysters + glass of wine included: 15€ FULL</a></span></p>

<p>Plongez dans l’univers poétique d’Agnès Bompy, artiste française installée à Amsterdam, qui mêle souvenirs, nature et textures dans une peinture entre abstraction et figuration. 🌊🌿 Et ce n’est pas tout… [&hellip;]</p>
