{"id":31380,"date":"2025-04-29T17:59:30","date_gmt":"2025-04-29T15:59:30","guid":{"rendered":"https:\/\/www.alliancerotterdam.nl\/?post_type=tribe_events&#038;p=31380"},"modified":"2025-04-30T11:21:21","modified_gmt":"2025-04-30T09:21:21","slug":"a-table-festival-du-film-gastronomique-utrecht","status":"publish","type":"tribe_events","link":"https:\/\/www.alliancerotterdam.nl\/en\/event\/a-table-festival-du-film-gastronomique-utrecht\/","title":{"rendered":"\u00c0 Table! Festival du Film Gastronomique (Utrecht)"},"content":{"rendered":"<p>L\u2019Alliance Fran\u00e7aise des Pays-Bas en collaboration avec le Slachtstraat Filmtheater (Utrecht) pr\u00e9sente :<strong> \u00c0 Table ! Festival du Film Gastronomique<\/strong>. Une journ\u00e9e sp\u00e9ciale enti\u00e8rement d\u00e9di\u00e9e au th\u00e8me du <strong>cin\u00e9ma fran\u00e7ais et de la cuisine<\/strong>.<\/p>\n<p>Visionnez trois merveilleux films et profitez-en pour d\u00e9gustez un d\u00e9licieux petit-d\u00e9jeuner, un d\u00e9jeuner, un verre ou un d\u00eener fran\u00e7ais.<\/p>\n<p>Tous les films du programme peuvent \u00eatre regard\u00e9s s\u00e9par\u00e9ment, mais il est encore plus amusant de les voir dans le cadre d\u2019un marathon !<\/p>\n<p>Rendez-vous sur le site du Slachtstraat Filmtheater pour commander vos tickets : <a href=\"https:\/\/slachtstraat.nl\/agenda\/?f-tab=now&amp;f-day=1747526400000\">https:\/\/slachtstraat.nl\/agenda\/?f-tab=now&amp;f-day=1747526400000<\/a><\/p>\n<p>Prenez vos tickets pour 1, 2 ou 3 films ! En tant que membres de l&#8217;Alliance Fran\u00e7aise Rotterdam vous b\u00e9n\u00e9ficiez d&#8217;un tarif r\u00e9duit (9\u20ac) en s\u00e9lectionnant le tarif <em>Special Korting<\/em>.<\/p>\n<p><strong>Programme:<\/strong><br \/>\n10:00 Petit-d\u00e9jeuner<br \/>\n11:00\u00a0<strong><a href=\"https:\/\/slachtstraat.nl\/films\/haute-cuisine\/\">Haute Cuisine (Christian Vincent)<\/a><br \/>\n<\/strong>13:00 D\u00e9jeuner<br \/>\n14:00\u00a0<strong><a href=\"https:\/\/slachtstraat.nl\/films\/comme-un-chef\/\">Comme Un Chef (Daniel Cohen)<\/a><br \/>\n<\/strong>16:00 Ap\u00e9ritif<br \/>\n16:30\u00a0<a href=\"https:\/\/slachtstraat.nl\/films\/cest-la-vie\/\"><strong>C\u2019est La Vie!- Le sens de la f\u00eate (Olivier Nakache &amp; Eric Toledano)<\/strong><\/a><br \/>\n18:00 Diner<\/p>\n","protected":false},"excerpt":{"rendered":"<p>L\u2019Alliance Fran\u00e7aise des Pays-Bas en collaboration avec le Slachtstraat Filmtheater (Utrecht) pr\u00e9sente : \u00c0 Table ! Festival du Film Gastronomique. Une journ\u00e9e sp\u00e9ciale enti\u00e8rement d\u00e9di\u00e9e au th\u00e8me du cin\u00e9ma fran\u00e7ais [&hellip;]<\/p>\n","protected":false},"author":2,"featured_media":0,"template":"","meta":{"_et_pb_use_builder":"","_et_pb_old_content":"","_et_gb_content_width":"","_tribe_events_status":"","_tribe_events_status_reason":"","footnotes":""},"tags":[],"tribe_events_cat":[],"class_list":["post-31380","tribe_events","type-tribe_events","status-publish","hentry"],"_links":{"self":[{"href":"https:\/\/www.alliancerotterdam.nl\/en\/wp-json\/wp\/v2\/tribe_events\/31380","targetHints":{"allow":["GET"]}}],"collection":[{"href":"https:\/\/www.alliancerotterdam.nl\/en\/wp-json\/wp\/v2\/tribe_events"}],"about":[{"href":"https:\/\/www.alliancerotterdam.nl\/en\/wp-json\/wp\/v2\/types\/tribe_events"}],"author":[{"embeddable":true,"href":"https:\/\/www.alliancerotterdam.nl\/en\/wp-json\/wp\/v2\/users\/2"}],"version-history":[{"count":2,"href":"https:\/\/www.alliancerotterdam.nl\/en\/wp-json\/wp\/v2\/tribe_events\/31380\/revisions"}],"predecessor-version":[{"id":31384,"href":"https:\/\/www.alliancerotterdam.nl\/en\/wp-json\/wp\/v2\/tribe_events\/31380\/revisions\/31384"}],"wp:attachment":[{"href":"https:\/\/www.alliancerotterdam.nl\/en\/wp-json\/wp\/v2\/media?parent=31380"}],"wp:term":[{"taxonomy":"post_tag","embeddable":true,"href":"https:\/\/www.alliancerotterdam.nl\/en\/wp-json\/wp\/v2\/tags?post=31380"},{"taxonomy":"tribe_events_cat","embeddable":true,"href":"https:\/\/www.alliancerotterdam.nl\/en\/wp-json\/wp\/v2\/tribe_events_cat?post=31380"}],"curies":[{"name":"wp","href":"https:\/\/api.w.org\/{rel}","templated":true}]}}

À Table! Festival du Film Gastronomique (Utrecht)

<p>L’Alliance Française des Pays-Bas en collaboration avec le Slachtstraat Filmtheater (Utrecht) présente :<strong> À Table ! Festival du Film Gastronomique</strong>. Une journée spéciale entièrement dédiée au thème du <strong>cinéma français et de la cuisine</strong>.</p>
<p>Visionnez trois merveilleux films et profitez-en pour dégustez un délicieux petit-déjeuner, un déjeuner, un verre ou un dîner français.</p>
<p>Tous les films du programme peuvent être regardés séparément, mais il est encore plus amusant de les voir dans le cadre d’un marathon !</p>
<p>Rendez-vous sur le site du Slachtstraat Filmtheater pour commander vos tickets : <a href="https://slachtstraat.nl/agenda/?f-tab=now&amp;f-day=1747526400000">https://slachtstraat.nl/agenda/?f-tab=now&amp;f-day=1747526400000</a></p>
<p>Prenez vos tickets pour 1, 2 ou 3 films ! En tant que membres de l&#8217;Alliance Française Rotterdam vous bénéficiez d&#8217;un tarif réduit (9€) en sélectionnant le tarif <em>Special Korting</em>.</p>
<p><strong>Programme:</strong><br />
10:00 Petit-déjeuner<br />
11:00 <strong><a href="https://slachtstraat.nl/films/haute-cuisine/">Haute Cuisine (Christian Vincent)</a><br />
</strong>13:00 Déjeuner<br />
14:00 <strong><a href="https://slachtstraat.nl/films/comme-un-chef/">Comme Un Chef (Daniel Cohen)</a><br />
</strong>16:00 Apéritif<br />
16:30 <a href="https://slachtstraat.nl/films/cest-la-vie/"><strong>C’est La Vie!- Le sens de la fête (Olivier Nakache &amp; Eric Toledano)</strong></a><br />
18:00 Diner</p>

<p>L’Alliance Française des Pays-Bas en collaboration avec le Slachtstraat Filmtheater (Utrecht) présente : À Table ! Festival du Film Gastronomique. Une journée spéciale entièrement dédiée au thème du cinéma français [&hellip;]</p>
