{"id":31023,"date":"2025-04-22T13:08:15","date_gmt":"2025-04-22T11:08:15","guid":{"rendered":"https:\/\/www.alliancerotterdam.nl\/?post_type=tribe_events&#038;p=31023"},"modified":"2025-04-22T13:08:15","modified_gmt":"2025-04-22T11:08:15","slug":"cafe-poussette-nouveau","status":"publish","type":"tribe_events","link":"https:\/\/www.alliancerotterdam.nl\/en\/event\/cafe-poussette-nouveau\/","title":{"rendered":"Caf\u00e9 poussette &#8211; Nouveau !"},"content":{"rendered":"<p>Nous avons le plaisir de vous inviter \u00e0 notre premier caf\u00e9 poussette !<\/p>\n<p>Nous vous accueillons dans notre nouvelle biblioth\u00e8que pour un moment convivial entre parents-enfants francophones de Rotterdam.<\/p>\n<p><span class=\"OYPEnA font-feature-liga-off font-feature-clig-off font-feature-calt-off text-decoration-none text-strikethrough-none\">Venez papotez autour d\u2019un caf\u00e9\/th\u00e9 &amp; croissant, faites de nouvelles rencontres et profitez-en pour d\u00e9couvrir toute notre collection de livres en fran\u00e7ais pour les petits et tout-petits.\u00a0<\/span><\/p>\n<p>R\u00e9servez votre place ici \ud83d\ude09 <a href=\"https:\/\/www.alliancerotterdam.nl\/?post_type=product&amp;p=31025&amp;preview=true\">6\u20ac par famille (caf\u00e9\/th\u00e9 &amp; croissant inclus)\u00a0<\/a><\/p>\n","protected":false},"excerpt":{"rendered":"<p>Nous avons le plaisir de vous inviter \u00e0 notre premier caf\u00e9 poussette ! Nous vous accueillons dans notre nouvelle biblioth\u00e8que pour un moment convivial entre parents-enfants francophones de Rotterdam. Venez [&hellip;]<\/p>\n","protected":false},"author":2,"featured_media":0,"template":"","meta":{"_et_pb_use_builder":"","_et_pb_old_content":"","_et_gb_content_width":"","_tribe_events_status":"","_tribe_events_status_reason":"","footnotes":""},"tags":[],"tribe_events_cat":[],"class_list":["post-31023","tribe_events","type-tribe_events","status-publish","hentry"],"_links":{"self":[{"href":"https:\/\/www.alliancerotterdam.nl\/en\/wp-json\/wp\/v2\/tribe_events\/31023","targetHints":{"allow":["GET"]}}],"collection":[{"href":"https:\/\/www.alliancerotterdam.nl\/en\/wp-json\/wp\/v2\/tribe_events"}],"about":[{"href":"https:\/\/www.alliancerotterdam.nl\/en\/wp-json\/wp\/v2\/types\/tribe_events"}],"author":[{"embeddable":true,"href":"https:\/\/www.alliancerotterdam.nl\/en\/wp-json\/wp\/v2\/users\/2"}],"version-history":[{"count":1,"href":"https:\/\/www.alliancerotterdam.nl\/en\/wp-json\/wp\/v2\/tribe_events\/31023\/revisions"}],"predecessor-version":[{"id":31026,"href":"https:\/\/www.alliancerotterdam.nl\/en\/wp-json\/wp\/v2\/tribe_events\/31023\/revisions\/31026"}],"wp:attachment":[{"href":"https:\/\/www.alliancerotterdam.nl\/en\/wp-json\/wp\/v2\/media?parent=31023"}],"wp:term":[{"taxonomy":"post_tag","embeddable":true,"href":"https:\/\/www.alliancerotterdam.nl\/en\/wp-json\/wp\/v2\/tags?post=31023"},{"taxonomy":"tribe_events_cat","embeddable":true,"href":"https:\/\/www.alliancerotterdam.nl\/en\/wp-json\/wp\/v2\/tribe_events_cat?post=31023"}],"curies":[{"name":"wp","href":"https:\/\/api.w.org\/{rel}","templated":true}]}}

Café poussette &#8211; Nouveau !

<p>Nous avons le plaisir de vous inviter à notre premier café poussette !</p>
<p>Nous vous accueillons dans notre nouvelle bibliothèque pour un moment convivial entre parents-enfants francophones de Rotterdam.</p>
<p><span class="OYPEnA font-feature-liga-off font-feature-clig-off font-feature-calt-off text-decoration-none text-strikethrough-none">Venez papotez autour d’un café/thé &amp; croissant, faites de nouvelles rencontres et profitez-en pour découvrir toute notre collection de livres en français pour les petits et tout-petits. </span></p>
<p>Réservez votre place ici 😉 <a href="https://www.alliancerotterdam.nl/?post_type=product&amp;p=31025&amp;preview=true">6€ par famille (café/thé &amp; croissant inclus) </a></p>

<p>Nous avons le plaisir de vous inviter à notre premier café poussette ! Nous vous accueillons dans notre nouvelle bibliothèque pour un moment convivial entre parents-enfants francophones de Rotterdam. Venez [&hellip;]</p>
