{"id":19615,"date":"2025-02-04T11:52:44","date_gmt":"2025-02-04T10:52:44","guid":{"rendered":"https:\/\/www.alliancerotterdam.nl\/?post_type=tribe_events&amp;p=19615"},"modified":"2025-02-04T11:52:44","modified_gmt":"2025-02-04T10:52:44","slug":"atelier-decriture-en-francais-le-chat-perche","status":"publish","type":"tribe_events","link":"https:\/\/www.alliancerotterdam.nl\/en\/event\/atelier-decriture-en-francais-le-chat-perche\/","title":{"rendered":"Atelier d&#8217;\u00e9criture en fran\u00e7ais (Le chat perch\u00e9)"},"content":{"rendered":"<p>Rendez-vous le samedi 1er mars pour un atelier d&#8217;\u00e9criture \u00e0 l&#8217;Alliance Fran\u00e7aise de Rotterdam.<\/p>\n<p>Vous aimez \u00e9crire au quotidien ou vous souhaitez lib\u00e9rer votre plume ? Rejoignez Laure Calimez pour son atelier d&#8217;\u00e9criture Le chat perch\u00e9. Laure est une fran\u00e7aise bas\u00e9e \u00e0 Amsterdam, passionn\u00e9e\u00a0 de lecture et d&#8217;\u00e9criture depuis toujours.<\/p>\n<p>La s\u00e9ance se d\u00e9roule en trois temps : un temps d&#8217;\u00e9change, un temps d\u2019\u00e9criture et un temps de partage. Tout cela dans une petite bulle cr\u00e9ative de maximum 6 personnes.<\/p>\n<p>Le caf\u00e9, th\u00e9 ou chocolat vous est offert pendant l&#8217;atelier !<\/p>\n<p>&nbsp;<\/p>\n<p><em>Pour qui ?<\/em> Pour les fran\u00e7ais.es ou les personnes ayant un bon niveau de fran\u00e7ais (C1-C2)<\/p>\n<p><em>Quand ?<\/em> Le samedi 1er mars 2025 \u00e0 14h<\/p>\n<p><em>O\u00f9 ?<\/em> A l&#8217;Alliance Fran\u00e7aise de Rotterdam, Westersingel 14<\/p>\n<p><em>R\u00e9servation ?<\/em> <a href=\"https:\/\/www.alliancerotterdam.nl\/produit\/atelier-decriture-en-francais-le-chat-perche\/\">10\u20ac par participant<\/a><\/p>\n<p>&nbsp;<\/p>\n<h6><em>Le bon fonctionnement de l&#8217;atelier n\u00e9cessite la participation de 3 personnes. L&#8217;Alliance Fran\u00e7aise se r\u00e9serve le droit d&#8217;annuler ou de repousser l&#8217;atelier si le nombre de participants n&#8217;est pas atteint.\u00a0<\/em><\/h6>\n","protected":false},"excerpt":{"rendered":"<p>Rendez-vous le samedi 1er mars pour un atelier d&#8217;\u00e9criture \u00e0 l&#8217;Alliance Fran\u00e7aise de Rotterdam. Vous aimez \u00e9crire au quotidien ou vous souhaitez lib\u00e9rer votre plume ? Rejoignez Laure Calimez pour [&hellip;]<\/p>\n","protected":false},"author":0,"featured_media":0,"template":"","meta":{"_et_pb_use_builder":"","_et_pb_old_content":"","_et_gb_content_width":"","_tribe_events_status":"","_tribe_events_status_reason":"","footnotes":""},"tags":[],"tribe_events_cat":[],"class_list":["post-19615","tribe_events","type-tribe_events","status-publish","hentry"],"_links":{"self":[{"href":"https:\/\/www.alliancerotterdam.nl\/en\/wp-json\/wp\/v2\/tribe_events\/19615","targetHints":{"allow":["GET"]}}],"collection":[{"href":"https:\/\/www.alliancerotterdam.nl\/en\/wp-json\/wp\/v2\/tribe_events"}],"about":[{"href":"https:\/\/www.alliancerotterdam.nl\/en\/wp-json\/wp\/v2\/types\/tribe_events"}],"version-history":[{"count":0,"href":"https:\/\/www.alliancerotterdam.nl\/en\/wp-json\/wp\/v2\/tribe_events\/19615\/revisions"}],"wp:attachment":[{"href":"https:\/\/www.alliancerotterdam.nl\/en\/wp-json\/wp\/v2\/media?parent=19615"}],"wp:term":[{"taxonomy":"post_tag","embeddable":true,"href":"https:\/\/www.alliancerotterdam.nl\/en\/wp-json\/wp\/v2\/tags?post=19615"},{"taxonomy":"tribe_events_cat","embeddable":true,"href":"https:\/\/www.alliancerotterdam.nl\/en\/wp-json\/wp\/v2\/tribe_events_cat?post=19615"}],"curies":[{"name":"wp","href":"https:\/\/api.w.org\/{rel}","templated":true}]}}

Atelier d&#8217;écriture en français (Le chat perché)

<p>Rendez-vous le samedi 1er mars pour un atelier d&#8217;écriture à l&#8217;Alliance Française de Rotterdam.</p>
<p>Vous aimez écrire au quotidien ou vous souhaitez libérer votre plume ? Rejoignez Laure Calimez pour son atelier d&#8217;écriture Le chat perché. Laure est une française basée à Amsterdam, passionnée  de lecture et d&#8217;écriture depuis toujours.</p>
<p>La séance se déroule en trois temps : un temps d&#8217;échange, un temps d’écriture et un temps de partage. Tout cela dans une petite bulle créative de maximum 6 personnes.</p>
<p>Le café, thé ou chocolat vous est offert pendant l&#8217;atelier !</p>
<p>&nbsp;</p>
<p><em>Pour qui ?</em> Pour les français.es ou les personnes ayant un bon niveau de français (C1-C2)</p>
<p><em>Quand ?</em> Le samedi 1er mars 2025 à 14h</p>
<p><em>Où ?</em> A l&#8217;Alliance Française de Rotterdam, Westersingel 14</p>
<p><em>Réservation ?</em> <a href="https://www.alliancerotterdam.nl/produit/atelier-decriture-en-francais-le-chat-perche/">10€ par participant</a></p>
<p>&nbsp;</p>
<h6><em>Le bon fonctionnement de l&#8217;atelier nécessite la participation de 3 personnes. L&#8217;Alliance Française se réserve le droit d&#8217;annuler ou de repousser l&#8217;atelier si le nombre de participants n&#8217;est pas atteint. </em></h6>

<p>Rendez-vous le samedi 1er mars pour un atelier d&#8217;écriture à l&#8217;Alliance Française de Rotterdam. Vous aimez écrire au quotidien ou vous souhaitez libérer votre plume ? Rejoignez Laure Calimez pour [&hellip;]</p>
