{"id":19047,"date":"2024-09-12T11:31:06","date_gmt":"2024-09-12T09:31:06","guid":{"rendered":"https:\/\/www.alliancerotterdam.nl\/?post_type=tribe_events&amp;p=19047"},"modified":"2024-09-12T11:31:06","modified_gmt":"2024-09-12T09:31:06","slug":"theatre-huis-clos-de-jean-paul-sartre","status":"publish","type":"tribe_events","link":"https:\/\/www.alliancerotterdam.nl\/en\/event\/theatre-huis-clos-de-jean-paul-sartre\/","title":{"rendered":"Th\u00e9\u00e2tre &#8211; Huis clos de Jean-Paul Sartre"},"content":{"rendered":"<p>Rendez-vous le <strong>vendredi 4 octobre \u00e0 20h<\/strong>, au <strong>Theater &#8216;t Kapelletje, <\/strong>pour assister \u00e0 une repr\u00e9sentation in\u00e9dite \u00e0 Rotterdam de la pi\u00e8ce <strong>HUIS CLOS<\/strong> de<strong> Jean-Paul Sartre !<\/strong><\/p>\n<p>La pi\u00e8ce est mise en sc\u00e8ne et adapt\u00e9e par Sarah Lauret pour le GEST (Groupe francophone du Club de th\u00e9\u00e2tre de l&#8217;ESTEC). Dans une mise en sc\u00e8ne \u00e9pur\u00e9e et graphique, la troupe nous fait d\u00e9couvrir ou red\u00e9couvrir ce classique de Jean-Paul Sartre.<\/p>\n<p>Jou\u00e9e pour la premi\u00e8re fois en 1944, la pi\u00e8ce est pourtant r\u00e9solument moderne et r\u00e9sonne avec les soci\u00e9t\u00e9s contemporaines o\u00f9 l&#8217;image que l&#8217;on renvoie de nous n&#8217;est pas forc\u00e9ment authentique.<\/p>\n<div class=\"c-body\">\n<p><strong>Synopsis<\/strong> <strong>:<\/strong> Trois personnages sont introduits les uns apr\u00e8s les autres dans une pi\u00e8ce inconnue. Ils se demandent ce qui les attend. Se retrouvent-ils par hasard ? Leur rencontre et leur confrontation vont les amener \u00e0 faire tomber les masques, se regarder en face et peut-\u00eatre acc\u00e9der \u00e0 une authenticit\u00e9 salvatrice. \u201cL\u2019Enfer c\u2019est les autres\u201d, car leurs pr\u00e9sences obligent chacun \u00e0 se regarder sans faux-semblants. Un Huis Clos qui pousse \u00e0 une introspection en profondeur&#8230;<\/p>\n<\/div>\n<p>Vous souhaitez lire la pi\u00e8ce avant la repr\u00e9sentation ? N&#8217;h\u00e9sitez pas \u00e0 venir l&#8217;emprunter \u00e0 la <strong>biblioth\u00e8que de l&#8217;Alliance !<\/strong><\/p>\n<p><strong>Distribution :\u00a0<\/strong><br class=\"autobr\" \/>Joseph Garcin\u00a0: Thierry Lauret<br class=\"autobr\" \/>Le garcon\u00a0: C\u00e9dric Maria<br class=\"autobr\" \/>Ines Serrano\u00a0: Sarah Lauret<br class=\"autobr\" \/>Estelle Rigault\u00a0: Aude Lecouvey Cipriani<\/p>\n<p>Entr\u00e9e gratuite &#8211; Participation au chapeau \/ Participation libre \u00e0 la sortie<\/p>\n<p><strong><a href=\"https:\/\/www.eventbrite.com\/e\/huis-clos-tickets-1004494057767\">R\u00e9servation sur ce lien !<\/a><\/strong><\/p>\n<div style=\"width: 510px\" class=\"wp-caption aligncenter\"><img loading=\"lazy\" decoding=\"async\" src=\"https:\/\/culturepaysbas.wordpress.com\/wp-content\/uploads\/2023\/11\/img_6297.jpeg?w=2500&amp;h=\" alt=\"photos \u00a9 AL\" width=\"500\" height=\"375\" \/><p class=\"wp-caption-text\">photos \u00a9 AL<\/p><\/div>\n<p>&nbsp;<\/p>\n<p><a href=\"https:\/\/theaterkapelletje.nl\/\">Theater &#8216;t Kapelletje<\/a><br \/>\nVan der Sluysstraat 176<br \/>\n3033 SR &#8211; Rotterdam<\/p>\n","protected":false},"excerpt":{"rendered":"<p>Rendez-vous le vendredi 4 octobre \u00e0 20h, au Theater &#8216;t Kapelletje, pour assister \u00e0 une repr\u00e9sentation in\u00e9dite \u00e0 Rotterdam de la pi\u00e8ce HUIS CLOS de Jean-Paul Sartre ! La pi\u00e8ce [&hellip;]<\/p>\n","protected":false},"author":1,"featured_media":0,"template":"","meta":{"_et_pb_use_builder":"","_et_pb_old_content":"","_et_gb_content_width":"","_tribe_events_status":"","_tribe_events_status_reason":"","footnotes":""},"tags":[],"tribe_events_cat":[242],"class_list":["post-19047","tribe_events","type-tribe_events","status-publish","hentry","tribe_events_cat-cultuur","cat_cultuur"],"_links":{"self":[{"href":"https:\/\/www.alliancerotterdam.nl\/en\/wp-json\/wp\/v2\/tribe_events\/19047","targetHints":{"allow":["GET"]}}],"collection":[{"href":"https:\/\/www.alliancerotterdam.nl\/en\/wp-json\/wp\/v2\/tribe_events"}],"about":[{"href":"https:\/\/www.alliancerotterdam.nl\/en\/wp-json\/wp\/v2\/types\/tribe_events"}],"author":[{"embeddable":true,"href":"https:\/\/www.alliancerotterdam.nl\/en\/wp-json\/wp\/v2\/users\/1"}],"version-history":[{"count":0,"href":"https:\/\/www.alliancerotterdam.nl\/en\/wp-json\/wp\/v2\/tribe_events\/19047\/revisions"}],"wp:attachment":[{"href":"https:\/\/www.alliancerotterdam.nl\/en\/wp-json\/wp\/v2\/media?parent=19047"}],"wp:term":[{"taxonomy":"post_tag","embeddable":true,"href":"https:\/\/www.alliancerotterdam.nl\/en\/wp-json\/wp\/v2\/tags?post=19047"},{"taxonomy":"tribe_events_cat","embeddable":true,"href":"https:\/\/www.alliancerotterdam.nl\/en\/wp-json\/wp\/v2\/tribe_events_cat?post=19047"}],"curies":[{"name":"wp","href":"https:\/\/api.w.org\/{rel}","templated":true}]}}

Théâtre &#8211; Huis clos de Jean-Paul Sartre

<p>Rendez-vous le <strong>vendredi 4 octobre à 20h</strong>, au <strong>Theater &#8216;t Kapelletje, </strong>pour assister à une représentation inédite à Rotterdam de la pièce <strong>HUIS CLOS</strong> de<strong> Jean-Paul Sartre !</strong></p>
<p>La pièce est mise en scène et adaptée par Sarah Lauret pour le GEST (Groupe francophone du Club de théâtre de l&#8217;ESTEC). Dans une mise en scène épurée et graphique, la troupe nous fait découvrir ou redécouvrir ce classique de Jean-Paul Sartre.</p>
<p>Jouée pour la première fois en 1944, la pièce est pourtant résolument moderne et résonne avec les sociétés contemporaines où l&#8217;image que l&#8217;on renvoie de nous n&#8217;est pas forcément authentique.</p>
<div class="c-body">
<p><strong>Synopsis</strong> <strong>:</strong> Trois personnages sont introduits les uns après les autres dans une pièce inconnue. Ils se demandent ce qui les attend. Se retrouvent-ils par hasard ? Leur rencontre et leur confrontation vont les amener à faire tomber les masques, se regarder en face et peut-être accéder à une authenticité salvatrice. “L’Enfer c’est les autres”, car leurs présences obligent chacun à se regarder sans faux-semblants. Un Huis Clos qui pousse à une introspection en profondeur&#8230;</p>
</div>
<p>Vous souhaitez lire la pièce avant la représentation ? N&#8217;hésitez pas à venir l&#8217;emprunter à la <strong>bibliothèque de l&#8217;Alliance !</strong></p>
<p><strong>Distribution : </strong><br class="autobr" />Joseph Garcin : Thierry Lauret<br class="autobr" />Le garcon : Cédric Maria<br class="autobr" />Ines Serrano : Sarah Lauret<br class="autobr" />Estelle Rigault : Aude Lecouvey Cipriani</p>
<p>Entrée gratuite &#8211; Participation au chapeau / Participation libre à la sortie</p>
<p><strong><a href="https://www.eventbrite.com/e/huis-clos-tickets-1004494057767">Réservation sur ce lien !</a></strong></p>
<div style="width: 510px" class="wp-caption aligncenter"><img loading="lazy" decoding="async" src="https://culturepaysbas.wordpress.com/wp-content/uploads/2023/11/img_6297.jpeg?w=2500&amp;h=" alt="photos © AL" width="500" height="375" /><p class="wp-caption-text">photos © AL</p></div>
<p>&nbsp;</p>
<p><a href="https://theaterkapelletje.nl/">Theater &#8216;t Kapelletje</a><br />
Van der Sluysstraat 176<br />
3033 SR &#8211; Rotterdam</p>

<p>Rendez-vous le vendredi 4 octobre à 20h, au Theater &#8216;t Kapelletje, pour assister à une représentation inédite à Rotterdam de la pièce HUIS CLOS de Jean-Paul Sartre ! La pièce [&hellip;]</p>
