{"id":18384,"date":"2024-04-24T18:56:49","date_gmt":"2024-04-24T16:56:49","guid":{"rendered":"https:\/\/www.alliancerotterdam.nl\/?post_type=tribe_events&amp;p=18384"},"modified":"2024-04-24T18:56:49","modified_gmt":"2024-04-24T16:56:49","slug":"exposition-le-monde-sans-fin-de-eindeloze-wereld","status":"publish","type":"tribe_events","link":"https:\/\/www.alliancerotterdam.nl\/en\/event\/exposition-le-monde-sans-fin-de-eindeloze-wereld\/","title":{"rendered":"Exposition Le monde sans fin &#8211; De eindeloze wereld"},"content":{"rendered":"<h3 style=\"text-align: center\"><strong>Exposition Le monde sans fin &#8211; De eindeloze wereld &#8211; World without end<\/strong><\/h3>\n<p>&nbsp;<\/p>\n<p style=\"text-align: center\">Venez d\u00e9couvrir l\u2019exposition <em>Le Monde sans fin<\/em>, consacr\u00e9e \u00e0 la bande dessin\u00e9e \u00e0 succ\u00e8s de Christophe Blain et<br \/>\nJean-Marc Jancovici !<\/p>\n<p style=\"text-align: center\"><strong>Du 29.04 au 24.05.2024<\/strong><br \/>\n<strong>Dans la galerie de l&#8217;Alliance Fran\u00e7aise Rotterdam<\/strong><\/p>\n<p>&nbsp;<\/p>\n<p>Dans leur ouvrage paru en 2021, <strong>Christophe Blain<\/strong> (auteur et dessinateur) et <strong>Jean-Marc Jancovici<\/strong> (auteur) se mettent en sc\u00e8ne dans un dialogue captivant \u00e0 propos des \u00e9nergies, de leur histoire et de leur avenir.<\/p>\n<p>A mi-chemin entre l\u2019art et la science, cette exposition examine de mani\u00e8re ludique les enjeux \u00e9conomiques, \u00e9cologiques et soci\u00e9taux de <strong>la transition \u00e9cologique<\/strong>, tout en proposant des solutions concr\u00e8tes et vari\u00e9es.<\/p>\n<p>&#x1f4da; Profitez-en pour venir emprunter la bande-dessin\u00e9e dans notre biblioth\u00e8que &#8211; Ouvrage le plus vendu en France en 2022 !<\/p>\n<p>&#x27a1;&#xfe0f; <strong>Entr\u00e9e gratuite<\/strong> sur les horaires d&#8217;ouverture de l&#8217;Alliance<\/p>\n<p>&#x27a1;&#xfe0f; Panneaux en<strong> fran\u00e7ais<\/strong> et en <strong>anglais<\/strong><\/p>\n<p>&#x27a1;&#xfe0f; Livret p\u00e9dagogique pour les enfants<\/p>\n<p>&nbsp;<\/p>\n<p>Pour d\u00e9couvrir autrement l&#8217;exposition, nous organisons \u00e9galement une <strong>s\u00e9rie d&#8217;\u00e9v\u00e9nements<\/strong> destin\u00e9s \u00e0 sensibiliser et former \u00e0 la transition \u00e9cologique :<\/p>\n<p>&#x1f4c5; Vernissage le<strong> mardi 14 mai<\/strong> : avec Caroline Leclerc (Deputy Head Rivers) de l&#8217;ONG &#8211; <a href=\"https:\/\/theoceancleanup.com\/\">The Ocean Cleanup<\/a><\/p>\n<p>&#x1f4c5; Ateliers enfants les <strong>mercredi 15<\/strong> et<strong> 22 mai<\/strong> : D\u00e9couvre l&#8217;exposition &#8220;Le monde sans fin&#8221; en t&#8217;amusant !<\/p>\n<p>&#x1f4c5; Soir\u00e9e de cl\u00f4ture le <strong>vendredi 24 mai<\/strong> : avec\u00a0 Laurie Foulon &#8211; Zoom sur les enjeux du Deep Sea Mining \/ l\u2019exploitation mini\u00e8re des fonds marins.<\/p>\n<p><em>Exposition organis\u00e9e \u00e0 l&#8217;initiative de l&#8217;institut fran\u00e7ais des Pays-Bas<\/em><\/p>\n<p>&nbsp;<\/p>\n<p><img loading=\"lazy\" decoding=\"async\" class=\"size-medium wp-image-18405 aligncenter\" src=\"https:\/\/www.alliancerotterdam.nl\/wp-content\/uploads\/sites\/4\/2024\/04\/derniere-de-couverture-le-monde-sans-fin-270x270.png\" alt=\"\" width=\"270\" height=\"270\" \/><\/p>\n<p>&nbsp;<\/p>\n<p>ENG \/ Discover the exhibition Le Monde sans fin, based on the best-selling comic strip by Christophe Blain and Jean-Marc Jancovici!<\/p>\n<p style=\"text-align: center\"><strong>Starting 29.04 and ending 24.05.2024<\/strong><br \/>\n<strong>In the gallery of the Alliance Fran\u00e7aise Rotterdam<\/strong><\/p>\n<p>In the comic book they published in 2021, <strong>Christophe Blain<\/strong> (author and cartoonist) and <strong>Jean-Marc Jancovici<\/strong> (author) engage in a captivating dialogue about energy, its history and its future. Halfway between art and science, this exhibition takes a playful look at the economic, ecological and societal challenges of <strong>the ecological transition<\/strong>, while proposing a wide range of practical solutions.<\/p>\n<p><strong>Free admission<\/strong> during the Alliance opening hours \/ Panels in <strong>French<\/strong> and <strong>English<\/strong> \/ Educational booklet for children<\/p>\n<p>&nbsp;<\/p>\n<p><strong>A series of events<\/strong> designed to raise awareness and educate people about the ecological transition will help you discover the exhibition in a new way :<\/p>\n<p>&#x1f4c5;\u00a0 Opening on <strong>Tuesday 14 May<\/strong>: with Caroline Leclerc (Deputy Head Rivers) from the NGO &#8211; <a href=\"https:\/\/theoceancleanup.com\/\">The Ocean Cleanup<\/a><\/p>\n<p>&#x1f4c5; Children&#8217;s workshop <strong>Tuesday 15<\/strong> and <strong>22 May\u00a0<\/strong>: Have fun discovering the &#8220;World without end&#8221; exhibition!<\/p>\n<p>&#x1f4c5; Closing evening on <strong>Friday 24 May<\/strong>: with Laurie Foulon &#8211; Focus on the challenges of Deep Sea Mining.<\/p>\n","protected":false},"excerpt":{"rendered":"<p>Exposition Le monde sans fin &#8211; De eindeloze wereld &#8211; World without end &nbsp; Venez d\u00e9couvrir l\u2019exposition Le Monde sans fin, consacr\u00e9e \u00e0 la bande dessin\u00e9e \u00e0 succ\u00e8s de Christophe [&hellip;]<\/p>\n","protected":false},"author":1,"featured_media":0,"template":"","meta":{"_et_pb_use_builder":"","_et_pb_old_content":"","_et_gb_content_width":"","_tribe_events_status":"","_tribe_events_status_reason":"","footnotes":""},"tags":[],"tribe_events_cat":[242,248],"class_list":["post-18384","tribe_events","type-tribe_events","status-publish","hentry","tribe_events_cat-cultuur","tribe_events_cat-exposition","cat_cultuur","cat_exposition"],"_links":{"self":[{"href":"https:\/\/www.alliancerotterdam.nl\/en\/wp-json\/wp\/v2\/tribe_events\/18384","targetHints":{"allow":["GET"]}}],"collection":[{"href":"https:\/\/www.alliancerotterdam.nl\/en\/wp-json\/wp\/v2\/tribe_events"}],"about":[{"href":"https:\/\/www.alliancerotterdam.nl\/en\/wp-json\/wp\/v2\/types\/tribe_events"}],"author":[{"embeddable":true,"href":"https:\/\/www.alliancerotterdam.nl\/en\/wp-json\/wp\/v2\/users\/1"}],"version-history":[{"count":0,"href":"https:\/\/www.alliancerotterdam.nl\/en\/wp-json\/wp\/v2\/tribe_events\/18384\/revisions"}],"wp:attachment":[{"href":"https:\/\/www.alliancerotterdam.nl\/en\/wp-json\/wp\/v2\/media?parent=18384"}],"wp:term":[{"taxonomy":"post_tag","embeddable":true,"href":"https:\/\/www.alliancerotterdam.nl\/en\/wp-json\/wp\/v2\/tags?post=18384"},{"taxonomy":"tribe_events_cat","embeddable":true,"href":"https:\/\/www.alliancerotterdam.nl\/en\/wp-json\/wp\/v2\/tribe_events_cat?post=18384"}],"curies":[{"name":"wp","href":"https:\/\/api.w.org\/{rel}","templated":true}]}}

<h3 style="text-align: center"><strong>Exposition Le monde sans fin &#8211; De eindeloze wereld &#8211; World without end</strong></h3>
<p>&nbsp;</p>
<p style="text-align: center">Venez découvrir l’exposition <em>Le Monde sans fin</em>, consacrée à la bande dessinée à succès de Christophe Blain et<br />
Jean-Marc Jancovici !</p>
<p style="text-align: center"><strong>Du 29.04 au 24.05.2024</strong><br />
<strong>Dans la galerie de l&#8217;Alliance Française Rotterdam</strong></p>
<p>&nbsp;</p>
<p>Dans leur ouvrage paru en 2021, <strong>Christophe Blain</strong> (auteur et dessinateur) et <strong>Jean-Marc Jancovici</strong> (auteur) se mettent en scène dans un dialogue captivant à propos des énergies, de leur histoire et de leur avenir.</p>
<p>A mi-chemin entre l’art et la science, cette exposition examine de manière ludique les enjeux économiques, écologiques et sociétaux de <strong>la transition écologique</strong>, tout en proposant des solutions concrètes et variées.</p>
<p>&#x1f4da; Profitez-en pour venir emprunter la bande-dessinée dans notre bibliothèque &#8211; Ouvrage le plus vendu en France en 2022 !</p>
<p>&#x27a1;&#xfe0f; <strong>Entrée gratuite</strong> sur les horaires d&#8217;ouverture de l&#8217;Alliance</p>
<p>&#x27a1;&#xfe0f; Panneaux en<strong> français</strong> et en <strong>anglais</strong></p>
<p>&#x27a1;&#xfe0f; Livret pédagogique pour les enfants</p>
<p>&nbsp;</p>
<p>Pour découvrir autrement l&#8217;exposition, nous organisons également une <strong>série d&#8217;événements</strong> destinés à sensibiliser et former à la transition écologique :</p>
<p>&#x1f4c5; Vernissage le<strong> mardi 14 mai</strong> : avec Caroline Leclerc (Deputy Head Rivers) de l&#8217;ONG &#8211; <a href="https://theoceancleanup.com/">The Ocean Cleanup</a></p>
<p>&#x1f4c5; Ateliers enfants les <strong>mercredi 15</strong> et<strong> 22 mai</strong> : Découvre l&#8217;exposition &#8220;Le monde sans fin&#8221; en t&#8217;amusant !</p>
<p>&#x1f4c5; Soirée de clôture le <strong>vendredi 24 mai</strong> : avec  Laurie Foulon &#8211; Zoom sur les enjeux du Deep Sea Mining / l’exploitation minière des fonds marins.</p>
<p><em>Exposition organisée à l&#8217;initiative de l&#8217;institut français des Pays-Bas</em></p>
<p>&nbsp;</p>
<p><img loading="lazy" decoding="async" class="size-medium wp-image-18405 aligncenter" src="https://www.alliancerotterdam.nl/wp-content/uploads/sites/4/2024/04/derniere-de-couverture-le-monde-sans-fin-270x270.png" alt="" width="270" height="270" /></p>
<p>&nbsp;</p>
<p>ENG / Discover the exhibition Le Monde sans fin, based on the best-selling comic strip by Christophe Blain and Jean-Marc Jancovici!</p>
<p style="text-align: center"><strong>Starting 29.04 and ending 24.05.2024</strong><br />
<strong>In the gallery of the Alliance Française Rotterdam</strong></p>
<p>In the comic book they published in 2021, <strong>Christophe Blain</strong> (author and cartoonist) and <strong>Jean-Marc Jancovici</strong> (author) engage in a captivating dialogue about energy, its history and its future. Halfway between art and science, this exhibition takes a playful look at the economic, ecological and societal challenges of <strong>the ecological transition</strong>, while proposing a wide range of practical solutions.</p>
<p><strong>Free admission</strong> during the Alliance opening hours / Panels in <strong>French</strong> and <strong>English</strong> / Educational booklet for children</p>
<p>&nbsp;</p>
<p><strong>A series of events</strong> designed to raise awareness and educate people about the ecological transition will help you discover the exhibition in a new way :</p>
<p>&#x1f4c5;  Opening on <strong>Tuesday 14 May</strong>: with Caroline Leclerc (Deputy Head Rivers) from the NGO &#8211; <a href="https://theoceancleanup.com/">The Ocean Cleanup</a></p>
<p>&#x1f4c5; Children&#8217;s workshop <strong>Tuesday 15</strong> and <strong>22 May </strong>: Have fun discovering the &#8220;World without end&#8221; exhibition!</p>
<p>&#x1f4c5; Closing evening on <strong>Friday 24 May</strong>: with Laurie Foulon &#8211; Focus on the challenges of Deep Sea Mining.</p>

<p>Exposition Le monde sans fin &#8211; De eindeloze wereld &#8211; World without end &nbsp; Venez découvrir l’exposition Le Monde sans fin, consacrée à la bande dessinée à succès de Christophe [&hellip;]</p>
