{"id":17485,"date":"2024-03-12T13:12:07","date_gmt":"2024-03-12T12:12:07","guid":{"rendered":"https:\/\/www.alliancerotterdam.nl\/?post_type=tribe_events&amp;p=17485"},"modified":"2024-03-12T13:12:07","modified_gmt":"2024-03-12T12:12:07","slug":"atelier-theatre-en-francais","status":"publish","type":"tribe_events","link":"https:\/\/www.alliancerotterdam.nl\/en\/event\/atelier-theatre-en-francais\/","title":{"rendered":"Atelier Th\u00e9\u00e2tre en fran\u00e7ais"},"content":{"rendered":"<p>Atelier Th\u00e9\u00e2tre en fran\u00e7ais <span class=\"x1xsqp64 xiy17q3 x1o6pynw x19co3pv xdj266r xcwd3tp xat24cr x39eecv x2b8uid\" data-testid=\"emoji\"><span class=\"xexx8yu xn5pp95 x18d9i69 x2fxd7x x1yqt14a x1bhl96m\">&#x1f3ad;<\/span><\/span><span class=\"x1xsqp64 xiy17q3 x1o6pynw x19co3pv xdj266r xcwd3tp xat24cr x39eecv x2b8uid\" data-testid=\"emoji\"><span class=\"xexx8yu xn5pp95 x18d9i69 x2fxd7x x1yqt14a x1bhl96m\">&#x1f1eb;&#x1f1f7;<\/span><\/span><\/p>\n<p>Vous souhaitez faire vos premiers pas au th\u00e9\u00e2tre ou perfectionner vos talents de com\u00e9dien.nes ?<\/p>\n<p>L&#8217;Alliance Fran\u00e7aise de Rotterdam ouvre son premier atelier th\u00e9\u00e2tre en fran\u00e7ais ! D\u00e9butants, interm\u00e9diaires ou m\u00eame experts, l&#8217;atelier est ouvert \u00e0 tous \u00e0 partir du niveau B1.<\/p>\n<p><span class=\"x1xsqp64 xiy17q3 x1o6pynw x19co3pv xdj266r xcwd3tp xat24cr x39eecv x2b8uid\" data-testid=\"emoji\"><span class=\"xexx8yu xn5pp95 x18d9i69 x2fxd7x x1yqt14a x1bhl96m\">&#x1f4cd;<\/span><\/span> Rendez-vous le lundi 8 avril de 19h \u00e0 21h dans les locaux de l&#8217;Alliance Fran\u00e7aise &#8211; Westersingel 14<\/p>\n<p><span class=\"x1xsqp64 xiy17q3 x1o6pynw x19co3pv xdj266r xcwd3tp xat24cr x39eecv x2b8uid\" data-testid=\"emoji\"><span class=\"xexx8yu xn5pp95 x18d9i69 x2fxd7x x1yqt14a x1bhl96m\">&#x1f449;<\/span><\/span> 30\u20ac pour 2h de th\u00e9\u00e2tre<br \/>\nR\u00e9servez vite votre place <a href=\"https:\/\/www.alliancerotterdam.nl\/produit\/atelier-theatre-en-francais\/\">ICI<\/a><\/p>\n<p><span class=\"x1xsqp64 xiy17q3 x1o6pynw x19co3pv xdj266r xcwd3tp xat24cr x39eecv x2b8uid\" data-testid=\"emoji\"><span class=\"xexx8yu xn5pp95 x18d9i69 x2fxd7x x1yqt14a x1bhl96m\">&#x1f3ad;<\/span><\/span>Profitez-en pour rencontrer d&#8217;autres passionn\u00e9s de th\u00e9\u00e2tre ainsi que Roland Jacques qui se r\u00e9jouit d\u00e9j\u00e0 d&#8217;animer l&#8217;atelier !<\/p>\n<p>Roland Jacques, auteur, sc\u00e9nariste, ancien correspondant de presse, acteur de rue, com\u00e9dien, propose de venir rencontrer tous ceux qui forment le d\u00e9sir de tenter cette belle aventure artistique et humaine que l\u2019on trouve dans le th\u00e9\u00e2tre.<\/p>\n","protected":false},"excerpt":{"rendered":"<p>Atelier Th\u00e9\u00e2tre en fran\u00e7ais &#x1f3ad;&#x1f1eb;&#x1f1f7; Vous souhaitez faire vos premiers pas au th\u00e9\u00e2tre ou perfectionner vos talents de com\u00e9dien.nes ? L&#8217;Alliance Fran\u00e7aise de Rotterdam ouvre son premier atelier th\u00e9\u00e2tre en [&hellip;]<\/p>\n","protected":false},"author":1,"featured_media":17487,"template":"","meta":{"_et_pb_use_builder":"","_et_pb_old_content":"","_et_gb_content_width":"","_tribe_events_status":"","_tribe_events_status_reason":"","footnotes":""},"tags":[],"tribe_events_cat":[],"class_list":["post-17485","tribe_events","type-tribe_events","status-publish","has-post-thumbnail","hentry"],"_links":{"self":[{"href":"https:\/\/www.alliancerotterdam.nl\/en\/wp-json\/wp\/v2\/tribe_events\/17485","targetHints":{"allow":["GET"]}}],"collection":[{"href":"https:\/\/www.alliancerotterdam.nl\/en\/wp-json\/wp\/v2\/tribe_events"}],"about":[{"href":"https:\/\/www.alliancerotterdam.nl\/en\/wp-json\/wp\/v2\/types\/tribe_events"}],"author":[{"embeddable":true,"href":"https:\/\/www.alliancerotterdam.nl\/en\/wp-json\/wp\/v2\/users\/1"}],"version-history":[{"count":0,"href":"https:\/\/www.alliancerotterdam.nl\/en\/wp-json\/wp\/v2\/tribe_events\/17485\/revisions"}],"wp:featuredmedia":[{"embeddable":true,"href":"https:\/\/www.alliancerotterdam.nl\/en\/wp-json\/wp\/v2\/media\/17487"}],"wp:attachment":[{"href":"https:\/\/www.alliancerotterdam.nl\/en\/wp-json\/wp\/v2\/media?parent=17485"}],"wp:term":[{"taxonomy":"post_tag","embeddable":true,"href":"https:\/\/www.alliancerotterdam.nl\/en\/wp-json\/wp\/v2\/tags?post=17485"},{"taxonomy":"tribe_events_cat","embeddable":true,"href":"https:\/\/www.alliancerotterdam.nl\/en\/wp-json\/wp\/v2\/tribe_events_cat?post=17485"}],"curies":[{"name":"wp","href":"https:\/\/api.w.org\/{rel}","templated":true}]}}

Atelier Théâtre en français

<p>Atelier Théâtre en français <span class="x1xsqp64 xiy17q3 x1o6pynw x19co3pv xdj266r xcwd3tp xat24cr x39eecv x2b8uid" data-testid="emoji"><span class="xexx8yu xn5pp95 x18d9i69 x2fxd7x x1yqt14a x1bhl96m">&#x1f3ad;</span></span><span class="x1xsqp64 xiy17q3 x1o6pynw x19co3pv xdj266r xcwd3tp xat24cr x39eecv x2b8uid" data-testid="emoji"><span class="xexx8yu xn5pp95 x18d9i69 x2fxd7x x1yqt14a x1bhl96m">&#x1f1eb;&#x1f1f7;</span></span></p>
<p>Vous souhaitez faire vos premiers pas au théâtre ou perfectionner vos talents de comédien.nes ?</p>
<p>L&#8217;Alliance Française de Rotterdam ouvre son premier atelier théâtre en français ! Débutants, intermédiaires ou même experts, l&#8217;atelier est ouvert à tous à partir du niveau B1.</p>
<p><span class="x1xsqp64 xiy17q3 x1o6pynw x19co3pv xdj266r xcwd3tp xat24cr x39eecv x2b8uid" data-testid="emoji"><span class="xexx8yu xn5pp95 x18d9i69 x2fxd7x x1yqt14a x1bhl96m">&#x1f4cd;</span></span> Rendez-vous le lundi 8 avril de 19h à 21h dans les locaux de l&#8217;Alliance Française &#8211; Westersingel 14</p>
<p><span class="x1xsqp64 xiy17q3 x1o6pynw x19co3pv xdj266r xcwd3tp xat24cr x39eecv x2b8uid" data-testid="emoji"><span class="xexx8yu xn5pp95 x18d9i69 x2fxd7x x1yqt14a x1bhl96m">&#x1f449;</span></span> 30€ pour 2h de théâtre<br />
Réservez vite votre place <a href="https://www.alliancerotterdam.nl/produit/atelier-theatre-en-francais/">ICI</a></p>
<p><span class="x1xsqp64 xiy17q3 x1o6pynw x19co3pv xdj266r xcwd3tp xat24cr x39eecv x2b8uid" data-testid="emoji"><span class="xexx8yu xn5pp95 x18d9i69 x2fxd7x x1yqt14a x1bhl96m">&#x1f3ad;</span></span>Profitez-en pour rencontrer d&#8217;autres passionnés de théâtre ainsi que Roland Jacques qui se réjouit déjà d&#8217;animer l&#8217;atelier !</p>
<p>Roland Jacques, auteur, scénariste, ancien correspondant de presse, acteur de rue, comédien, propose de venir rencontrer tous ceux qui forment le désir de tenter cette belle aventure artistique et humaine que l’on trouve dans le théâtre.</p>

<p>Atelier Théâtre en français &#x1f3ad;&#x1f1eb;&#x1f1f7; Vous souhaitez faire vos premiers pas au théâtre ou perfectionner vos talents de comédien.nes ? L&#8217;Alliance Française de Rotterdam ouvre son premier atelier théâtre en [&hellip;]</p>
