{"id":17415,"date":"2024-03-04T17:48:33","date_gmt":"2024-03-04T16:48:33","guid":{"rendered":"https:\/\/www.alliancerotterdam.nl\/?post_type=tribe_events&amp;p=17415"},"modified":"2024-03-04T17:48:33","modified_gmt":"2024-03-04T16:48:33","slug":"open-day-international-market","status":"publish","type":"tribe_events","link":"https:\/\/www.alliancerotterdam.nl\/en\/event\/open-day-international-market\/","title":{"rendered":"Open Day &amp; International Market"},"content":{"rendered":"<p><span class=\"x3nfvp2 x1j61x8r x1fcty0u xdj266r xhhsvwb xat24cr xgzva0m xxymvpz xlup9mm x1kky2od\"><img loading=\"lazy\" decoding=\"async\" class=\"xz74otr\" src=\"https:\/\/static.xx.fbcdn.net\/images\/emoji.php\/v9\/tf7\/1.5\/16\/1f1f3_1f1f1.png\" alt=\"&#x1f1f3;&#x1f1f1;\" width=\"16\" height=\"16\" \/><\/span> 23 maart opent de Alliance Fran\u00e7aise te Rotterdam, samen met het <a class=\"x1i10hfl xjbqb8w x1ejq31n xd10rxx x1sy0etr x17r0tee x972fbf xcfux6l x1qhh985 xm0m39n x9f619 x1ypdohk xt0psk2 xe8uvvx xdj266r x11i5rnm xat24cr x1mh8g0r xexx8yu x4uap5 x18d9i69 xkhd6sd x16tdsg8 x1hl2dhg xggy1nq x1a2a7pz xt0b8zv x1fey0fg xo1l8bm\" role=\"link\" href=\"https:\/\/utrecht.cervantes.es\/nl\/default.shtm\"><span class=\"xt0psk2\">Instituto Cervantes Utrecht<\/span><\/a>, <a class=\"x1i10hfl xjbqb8w x1ejq31n xd10rxx x1sy0etr x17r0tee x972fbf xcfux6l x1qhh985 xm0m39n x9f619 x1ypdohk xt0psk2 xe8uvvx xdj266r x11i5rnm xat24cr x1mh8g0r xexx8yu x4uap5 x18d9i69 xkhd6sd x16tdsg8 x1hl2dhg xggy1nq x1a2a7pz xt0b8zv x1fey0fg xo1l8bm\" role=\"link\" href=\"https:\/\/www.danterotterdam.nl\/\"><span class=\"xt0psk2\">Dante Alighieri Rotterdam<\/span><\/a> en Expedition Deutsch haar deuren om iedereen die ge\u00efnteresseerd is in onze talencursussen te verwelkomen! Op dezelfde dag organiseren wij een markt met lokale producten uit de landen van alle taleninstituten die meedoen. Van 10 uur \u2019s ochtends tot\u00a0 \u00a0 \u00a0 \u00a0 \u00a04 uur \u2019s middags kunt u ons mooie gebouw verkennen, een niveautest afleggen met \u00e9\u00e9n van onze leraren (gratis) en genieten van de delicatessen die Frankrijk, Spanje, Duitsland en Itali\u00eb te bieden hebben!<\/p>\n<p>gratis toegang voor iedereen !<\/p>\n<p><span class=\"x3nfvp2 x1j61x8r x1fcty0u xdj266r xhhsvwb xat24cr xgzva0m xxymvpz xlup9mm x1kky2od\"><img loading=\"lazy\" decoding=\"async\" class=\"xz74otr\" src=\"https:\/\/static.xx.fbcdn.net\/images\/emoji.php\/v9\/td\/1.5\/16\/1f1eb_1f1f7.png\" alt=\"&#x1f1eb;&#x1f1f7;\" width=\"16\" height=\"16\" \/><\/span> Le 23 mars l\u2019Alliance Fran\u00e7aise de Rotterdam, accompagn\u00e9e de l\u2019Instituto Cervantes, le Dante et Expedition Deutsch ouvre ses portes pour accueillir des int\u00e9ress\u00e9es aux cours de langue ! La journ\u00e9e portes ouvertes sera accompagn\u00e9e d\u2019un march\u00e9 de produits locaux des pays participants. De 10 \u00e0 16 heures, vous aurez la chance d\u2019explorer notre beau b\u00e2timent, faire un test de positionnement avec l\u2019un de nos profs (gratuit) et de profiter des d\u00e9licatesses que la France, l\u2019Espagne, l\u2019Allemagne et l\u2019Italie ont \u00e0 proposer ! Venez nombreux !<\/p>\n<p>Entr\u00e9e libre pour tous !<\/p>\n<p><span class=\"x3nfvp2 x1j61x8r x1fcty0u xdj266r xhhsvwb xat24cr xgzva0m xxymvpz xlup9mm x1kky2od\"><img loading=\"lazy\" decoding=\"async\" class=\"xz74otr\" src=\"https:\/\/static.xx.fbcdn.net\/images\/emoji.php\/v9\/t2f\/1.5\/16\/1f1ec_1f1e7.png\" alt=\"&#x1f1ec;&#x1f1e7;\" width=\"16\" height=\"16\" \/><\/span> 23rd of March the Alliance Fran\u00e7aise of Rotterdam, together with the Instituto Cervantes, Dante, and Expedition Deutsch, open her doors to welcome whoever might be interested in one of our language courses! That same day we will organize a market with local products from the countries of all the participating language institutions. From 10 in the morning to 4 in the afternoon, you will be able to explore our beautiful building, do a level test with one of our teachers (for free) and enjoy the delicacies that France, Spain, Germany and Italy have to offer!<\/p>\n<p>Free entrance for everyone !<\/p>\n","protected":false},"excerpt":{"rendered":"<p>23 maart opent de Alliance Fran\u00e7aise te Rotterdam, samen met het Instituto Cervantes Utrecht, Dante Alighieri Rotterdam en Expedition Deutsch haar deuren om iedereen die ge\u00efnteresseerd is in onze talencursussen [&hellip;]<\/p>\n","protected":false},"author":1,"featured_media":17416,"template":"","meta":{"_et_pb_use_builder":"","_et_pb_old_content":"","_et_gb_content_width":"","_tribe_events_status":"","_tribe_events_status_reason":"","footnotes":""},"tags":[],"tribe_events_cat":[],"class_list":["post-17415","tribe_events","type-tribe_events","status-publish","has-post-thumbnail","hentry"],"_links":{"self":[{"href":"https:\/\/www.alliancerotterdam.nl\/en\/wp-json\/wp\/v2\/tribe_events\/17415","targetHints":{"allow":["GET"]}}],"collection":[{"href":"https:\/\/www.alliancerotterdam.nl\/en\/wp-json\/wp\/v2\/tribe_events"}],"about":[{"href":"https:\/\/www.alliancerotterdam.nl\/en\/wp-json\/wp\/v2\/types\/tribe_events"}],"author":[{"embeddable":true,"href":"https:\/\/www.alliancerotterdam.nl\/en\/wp-json\/wp\/v2\/users\/1"}],"version-history":[{"count":0,"href":"https:\/\/www.alliancerotterdam.nl\/en\/wp-json\/wp\/v2\/tribe_events\/17415\/revisions"}],"wp:featuredmedia":[{"embeddable":true,"href":"https:\/\/www.alliancerotterdam.nl\/en\/wp-json\/wp\/v2\/media\/17416"}],"wp:attachment":[{"href":"https:\/\/www.alliancerotterdam.nl\/en\/wp-json\/wp\/v2\/media?parent=17415"}],"wp:term":[{"taxonomy":"post_tag","embeddable":true,"href":"https:\/\/www.alliancerotterdam.nl\/en\/wp-json\/wp\/v2\/tags?post=17415"},{"taxonomy":"tribe_events_cat","embeddable":true,"href":"https:\/\/www.alliancerotterdam.nl\/en\/wp-json\/wp\/v2\/tribe_events_cat?post=17415"}],"curies":[{"name":"wp","href":"https:\/\/api.w.org\/{rel}","templated":true}]}}

<p><span class="x3nfvp2 x1j61x8r x1fcty0u xdj266r xhhsvwb xat24cr xgzva0m xxymvpz xlup9mm x1kky2od"><img loading="lazy" decoding="async" class="xz74otr" src="https://static.xx.fbcdn.net/images/emoji.php/v9/tf7/1.5/16/1f1f3_1f1f1.png" alt="&#x1f1f3;&#x1f1f1;" width="16" height="16" /></span> 23 maart opent de Alliance Française te Rotterdam, samen met het <a class="x1i10hfl xjbqb8w x1ejq31n xd10rxx x1sy0etr x17r0tee x972fbf xcfux6l x1qhh985 xm0m39n x9f619 x1ypdohk xt0psk2 xe8uvvx xdj266r x11i5rnm xat24cr x1mh8g0r xexx8yu x4uap5 x18d9i69 xkhd6sd x16tdsg8 x1hl2dhg xggy1nq x1a2a7pz xt0b8zv x1fey0fg xo1l8bm" role="link" href="https://utrecht.cervantes.es/nl/default.shtm"><span class="xt0psk2">Instituto Cervantes Utrecht</span></a>, <a class="x1i10hfl xjbqb8w x1ejq31n xd10rxx x1sy0etr x17r0tee x972fbf xcfux6l x1qhh985 xm0m39n x9f619 x1ypdohk xt0psk2 xe8uvvx xdj266r x11i5rnm xat24cr x1mh8g0r xexx8yu x4uap5 x18d9i69 xkhd6sd x16tdsg8 x1hl2dhg xggy1nq x1a2a7pz xt0b8zv x1fey0fg xo1l8bm" role="link" href="https://www.danterotterdam.nl/"><span class="xt0psk2">Dante Alighieri Rotterdam</span></a> en Expedition Deutsch haar deuren om iedereen die geïnteresseerd is in onze talencursussen te verwelkomen! Op dezelfde dag organiseren wij een markt met lokale producten uit de landen van alle taleninstituten die meedoen. Van 10 uur ’s ochtends tot         4 uur ’s middags kunt u ons mooie gebouw verkennen, een niveautest afleggen met één van onze leraren (gratis) en genieten van de delicatessen die Frankrijk, Spanje, Duitsland en Italië te bieden hebben!</p>
<p>gratis toegang voor iedereen !</p>
<p><span class="x3nfvp2 x1j61x8r x1fcty0u xdj266r xhhsvwb xat24cr xgzva0m xxymvpz xlup9mm x1kky2od"><img loading="lazy" decoding="async" class="xz74otr" src="https://static.xx.fbcdn.net/images/emoji.php/v9/td/1.5/16/1f1eb_1f1f7.png" alt="&#x1f1eb;&#x1f1f7;" width="16" height="16" /></span> Le 23 mars l’Alliance Française de Rotterdam, accompagnée de l’Instituto Cervantes, le Dante et Expedition Deutsch ouvre ses portes pour accueillir des intéressées aux cours de langue ! La journée portes ouvertes sera accompagnée d’un marché de produits locaux des pays participants. De 10 à 16 heures, vous aurez la chance d’explorer notre beau bâtiment, faire un test de positionnement avec l’un de nos profs (gratuit) et de profiter des délicatesses que la France, l’Espagne, l’Allemagne et l’Italie ont à proposer ! Venez nombreux !</p>
<p>Entrée libre pour tous !</p>
<p><span class="x3nfvp2 x1j61x8r x1fcty0u xdj266r xhhsvwb xat24cr xgzva0m xxymvpz xlup9mm x1kky2od"><img loading="lazy" decoding="async" class="xz74otr" src="https://static.xx.fbcdn.net/images/emoji.php/v9/t2f/1.5/16/1f1ec_1f1e7.png" alt="&#x1f1ec;&#x1f1e7;" width="16" height="16" /></span> 23rd of March the Alliance Française of Rotterdam, together with the Instituto Cervantes, Dante, and Expedition Deutsch, open her doors to welcome whoever might be interested in one of our language courses! That same day we will organize a market with local products from the countries of all the participating language institutions. From 10 in the morning to 4 in the afternoon, you will be able to explore our beautiful building, do a level test with one of our teachers (for free) and enjoy the delicacies that France, Spain, Germany and Italy have to offer!</p>
<p>Free entrance for everyone !</p>

<p>23 maart opent de Alliance Française te Rotterdam, samen met het Instituto Cervantes Utrecht, Dante Alighieri Rotterdam en Expedition Deutsch haar deuren om iedereen die geïnteresseerd is in onze talencursussen [&hellip;]</p>
