{"id":16939,"date":"2023-11-30T17:27:44","date_gmt":"2023-11-30T16:27:44","guid":{"rendered":"https:\/\/www.alliancerotterdam.nl\/?post_type=tribe_events&amp;p=16939"},"modified":"2023-11-30T17:27:44","modified_gmt":"2023-11-30T16:27:44","slug":"exposition-saint-exupery-aviateur-auteur-du-petit-prince","status":"publish","type":"tribe_events","link":"https:\/\/www.alliancerotterdam.nl\/en\/event\/exposition-saint-exupery-aviateur-auteur-du-petit-prince\/","title":{"rendered":"Exposition &#8220;Saint-Exup\u00e9ry, aviateur auteur du Petit Prince&#8221;"},"content":{"rendered":"<p>EXPOSITION PROLONGEE JUSQU&#8217;AU 16 FEVRIER<\/p>\n<p>\u00c0 l\u2019occasion du 80e anniversaire du \u00ab\u202fPetit Prince\u202f\u00bb, l\u2019Alliance Fran\u00e7aise de Rotterdam accueille, avec le soutien de l\u2019Institut fran\u00e7ais NL, l\u2019exposition <strong>\u201cSaint-Exup\u00e9ry, aviateur et auteur du Petit Prince&#8221;<\/strong> &#x1f451;<\/p>\n<p>Retrouver les oeuvres dans notre galerie du<strong> 8 janvier\u00a0 au 16 f\u00e9vrier 2024<\/strong>.<\/p>\n<p>L\u2019exposition \u00ab\u202fAntoine de Saint-Exup\u00e9ry, aviateur et auteur du Petit Prince\u202f\u00bb pr\u00e9sente les \u0153uvres de l\u2019illustrateur et auteur de bandes dessin\u00e9es fran\u00e7ais <strong>C\u00e9dric Fernandez<\/strong>, inspir\u00e9es de la trilogie\u00a0<em>Saint-Exup\u00e9ry<\/em>.<\/p>\n<p>De 2014 \u00e0 2019, C\u00e9dric Fernandez a consacr\u00e9 ses prouesses artistiques \u00e0 la r\u00e9alisation des trois volumes de la bande dessin\u00e9e\u00a0<em>Saint-Exup\u00e9ry<\/em>. Avec une attention port\u00e9e aux d\u00e9tails, il capture les exp\u00e9riences de Saint-Exup\u00e9ry\u202f; ses \u00e9motions, ses aventures et les id\u00e9es profondes qui ont marqu\u00e9 sa vie et l\u2019\u0153uvre du c\u00e9l\u00e8bre auteur du\u00a0<em>Petit Prince &#x1f339;&#x1f98a;<\/em><\/p>\n<p><strong>Entr\u00e9e libre et gratuite sur les horaires d&#8217;ouverture de l&#8217;Alliance<\/strong> (10h &#8211; 20h du lundi au vendredi)<\/p>\n<p>&nbsp;<\/p>\n<p><img loading=\"lazy\" decoding=\"async\" class=\"size-medium wp-image-16950 alignright\" src=\"https:\/\/www.alliancerotterdam.nl\/wp-content\/uploads\/sites\/4\/2023\/11\/bd-saint-exupery-tome-1-le-seigneur-des-sables-fr-270x339.jpg\" alt=\"\" width=\"270\" height=\"339\" \/><\/p>\n<p><em>To mark the 80th\u202fbirthday\u202fof\u202fits\u202fpublication, the\u202fAlliance Fan\u00e7aise Rotterdam\u202f is\u202forganizing\u202fa\u202ftemporary\u202fexhibition on the\u202fextraordinary\u202flife of Antoine de Saint-Exup\u00e9ry, the\u202ffather\u202fof The Little Prince.<\/em><\/p>\n<p><em>The exhibition presents the works of the French illustrator and comic book author Cedric Fernandez, inspired by the trilogy \u201cSaint-Exup\u00e9ry\u201d.<\/em><\/p>\n<p><em>Free access, accessible during the AFR opening hours (10h &#8211; 20 Monday to Friday)<\/em><\/p>\n","protected":false},"excerpt":{"rendered":"<p>EXPOSITION PROLONGEE JUSQU&#8217;AU 16 FEVRIER \u00c0 l\u2019occasion du 80e anniversaire du \u00ab\u202fPetit Prince\u202f\u00bb, l\u2019Alliance Fran\u00e7aise de Rotterdam accueille, avec le soutien de l\u2019Institut fran\u00e7ais NL, l\u2019exposition \u201cSaint-Exup\u00e9ry, aviateur et auteur [&hellip;]<\/p>\n","protected":false},"author":1,"featured_media":17069,"template":"","meta":{"_et_pb_use_builder":"","_et_pb_old_content":"","_et_gb_content_width":"","_tribe_events_status":"","_tribe_events_status_reason":"","footnotes":""},"tags":[],"tribe_events_cat":[248],"class_list":["post-16939","tribe_events","type-tribe_events","status-publish","has-post-thumbnail","hentry","tribe_events_cat-exposition","cat_exposition"],"_links":{"self":[{"href":"https:\/\/www.alliancerotterdam.nl\/en\/wp-json\/wp\/v2\/tribe_events\/16939","targetHints":{"allow":["GET"]}}],"collection":[{"href":"https:\/\/www.alliancerotterdam.nl\/en\/wp-json\/wp\/v2\/tribe_events"}],"about":[{"href":"https:\/\/www.alliancerotterdam.nl\/en\/wp-json\/wp\/v2\/types\/tribe_events"}],"author":[{"embeddable":true,"href":"https:\/\/www.alliancerotterdam.nl\/en\/wp-json\/wp\/v2\/users\/1"}],"version-history":[{"count":0,"href":"https:\/\/www.alliancerotterdam.nl\/en\/wp-json\/wp\/v2\/tribe_events\/16939\/revisions"}],"wp:featuredmedia":[{"embeddable":true,"href":"https:\/\/www.alliancerotterdam.nl\/en\/wp-json\/wp\/v2\/media\/17069"}],"wp:attachment":[{"href":"https:\/\/www.alliancerotterdam.nl\/en\/wp-json\/wp\/v2\/media?parent=16939"}],"wp:term":[{"taxonomy":"post_tag","embeddable":true,"href":"https:\/\/www.alliancerotterdam.nl\/en\/wp-json\/wp\/v2\/tags?post=16939"},{"taxonomy":"tribe_events_cat","embeddable":true,"href":"https:\/\/www.alliancerotterdam.nl\/en\/wp-json\/wp\/v2\/tribe_events_cat?post=16939"}],"curies":[{"name":"wp","href":"https:\/\/api.w.org\/{rel}","templated":true}]}}

Exposition &#8220;Saint-Exupéry, aviateur auteur du Petit Prince&#8221;

<p>EXPOSITION PROLONGEE JUSQU&#8217;AU 16 FEVRIER</p>
<p>À l’occasion du 80e anniversaire du « Petit Prince », l’Alliance Française de Rotterdam accueille, avec le soutien de l’Institut français NL, l’exposition <strong>“Saint-Exupéry, aviateur et auteur du Petit Prince&#8221;</strong> &#x1f451;</p>
<p>Retrouver les oeuvres dans notre galerie du<strong> 8 janvier  au 16 février 2024</strong>.</p>
<p>L’exposition « Antoine de Saint-Exupéry, aviateur et auteur du Petit Prince » présente les œuvres de l’illustrateur et auteur de bandes dessinées français <strong>Cédric Fernandez</strong>, inspirées de la trilogie <em>Saint-Exupéry</em>.</p>
<p>De 2014 à 2019, Cédric Fernandez a consacré ses prouesses artistiques à la réalisation des trois volumes de la bande dessinée <em>Saint-Exupéry</em>. Avec une attention portée aux détails, il capture les expériences de Saint-Exupéry ; ses émotions, ses aventures et les idées profondes qui ont marqué sa vie et l’œuvre du célèbre auteur du <em>Petit Prince &#x1f339;&#x1f98a;</em></p>
<p><strong>Entrée libre et gratuite sur les horaires d&#8217;ouverture de l&#8217;Alliance</strong> (10h &#8211; 20h du lundi au vendredi)</p>
<p>&nbsp;</p>
<p><img loading="lazy" decoding="async" class="size-medium wp-image-16950 alignright" src="https://www.alliancerotterdam.nl/wp-content/uploads/sites/4/2023/11/bd-saint-exupery-tome-1-le-seigneur-des-sables-fr-270x339.jpg" alt="" width="270" height="339" /></p>
<p><em>To mark the 80th birthday of its publication, the Alliance Fançaise Rotterdam  is organizing a temporary exhibition on the extraordinary life of Antoine de Saint-Exupéry, the father of The Little Prince.</em></p>
<p><em>The exhibition presents the works of the French illustrator and comic book author Cedric Fernandez, inspired by the trilogy “Saint-Exupéry”.</em></p>
<p><em>Free access, accessible during the AFR opening hours (10h &#8211; 20 Monday to Friday)</em></p>

<p>EXPOSITION PROLONGEE JUSQU&#8217;AU 16 FEVRIER À l’occasion du 80e anniversaire du « Petit Prince », l’Alliance Française de Rotterdam accueille, avec le soutien de l’Institut français NL, l’exposition “Saint-Exupéry, aviateur et auteur [&hellip;]</p>
