{"id":16854,"date":"2023-11-03T14:45:56","date_gmt":"2023-11-03T13:45:56","guid":{"rendered":"https:\/\/www.alliancerotterdam.nl\/?post_type=tribe_events&amp;p=16854"},"modified":"2023-11-03T14:45:56","modified_gmt":"2023-11-03T13:45:56","slug":"exposition-exhibition-axis-mvndi","status":"publish","type":"tribe_events","link":"https:\/\/www.alliancerotterdam.nl\/en\/event\/exposition-exhibition-axis-mvndi\/","title":{"rendered":"Exposition \/ Exhibition Axis Mvndi"},"content":{"rendered":"\n<h2 class=\"wp-block-heading\">Installation artistique par Nicolas Montgermont<\/h2>\n\n\n\n<p><em>Axis Mvndi<\/em> interroge un geste artistique radical : l\u2019\u00e9mission d\u2019un signal vers le cosmos sans destinataire. Il s&#8217;agit d&#8217;un dispositif qui \u00e9met des ondes radio dans l&#8217;espace pour dessiner des formes \u00e0 l&#8217;\u00e9chelle cosmique. En jouant sur la rotation de l&#8217;antenne et les dur\u00e9es d&#8217;\u00e9mission, des mod\u00e8les cosmologiques antiques sont mat\u00e9rialis\u00e9s dans l&#8217;espace et deviennent des formes autonomes en d\u00e9placement infini. <em>Axis Mvndi<\/em> propose un d\u00e9calage th\u00e9orique et artistique sur l&#8217;usage des ondes \u00e9lectromagn\u00e9tiques, en \u00e9mettant des ondes qui ne seront jamais r\u00e9ceptionn\u00e9es. Elles sont utilis\u00e9es pour leur plus importante sp\u00e9cificit\u00e9 : leur propagation \u00e0 la vitesse de la lumi\u00e8re<\/p>\n\n\n\n<p>Ces ondes invisibles, nous les utilisons en permanence dans nos smartphones, avec le Wi-Fi, ou dans notre carte bleue sans contact. Mais avec la complexification de nos outils nous nous sommes d\u00e9tach\u00e9s de leur puissance intrins\u00e8que quasi mystique li\u00e9e \u00e0 leur vitesse ph\u00e9nom\u00e9nale. Dans <em>Axis Mvndi <\/em>cette caract\u00e9ristique est utilis\u00e9e \u00e0 son potentiel maximum et mise en regard culturel de repr\u00e9sentations compl\u00e8tes et coh\u00e9rentes de l\u2019Univers.<\/p>\n\n\n\n<p>Un espace documente le contexte d\u2019\u00e9mergence et retrace l\u2019histoire des mod\u00e8les cosmologiques ex\u00e9cut\u00e9s par <em>Axis Mvndi<\/em> : des tableaux rassemblant textes, sch\u00e9mas et croquis sont r\u00e9alis\u00e9s par l\u2019artiste \u00e0 l\u2019issue des recherches anthropologiques men\u00e9es.<\/p>\n\n\n\n<h2 class=\"wp-block-heading\">\u00a0<\/h2>\n<h2 class=\"wp-block-heading\">L&#8217;artiste<\/h2>\n\n\n\n<p class=\"has-text-align-left\"><strong><a href=\"https:\/\/nimon.org\/\">Nicolas Montgermont<\/a><\/strong> explore la physicalit\u00e9 des ondes sous ses diff\u00e9rentes formes. Il s&#8217;int\u00e9resse \u00e0 la r\u00e9alit\u00e9 des ondes dans l&#8217;espace, \u00e0 la mani\u00e8re dont elles se d\u00e9placent et se transforment, aux liens entre une source et notre perception. Pour cela, il con\u00e7oit des dispositifs qui explorent leur essence po\u00e9tique de mani\u00e8re sensible en utilisant de multiples techniques et processus : analogiques, informatiques, m\u00e9caniques\u2026 Il travaille les ondes sonores \u00e0 travers les vibrations des mat\u00e9riaux et leurs propagations, les ondes \u00e9lectromagn\u00e9tiques naturelles et artificielles sous la forme de paysages radios, les \u00e9nergies gravitationnelles et sid\u00e9rales \u00e0 travers le double prisme de l\u2019astronomie et de l\u2019astrologie.<\/p>\n\n\n\n<p><strong>Exposition accessible sur les horaires d&#8217;ouverture de l&#8217;AFR. Entr\u00e9e libre.<\/strong><\/p>\n","protected":false},"excerpt":{"rendered":"<p>Installation artistique par Nicolas Montgermont Axis Mvndi interroge un geste artistique radical : l\u2019\u00e9mission d\u2019un signal vers le cosmos sans destinataire. Il s&#8217;agit d&#8217;un dispositif qui \u00e9met des ondes radio [&hellip;]<\/p>\n","protected":false},"author":1,"featured_media":16841,"template":"","meta":{"_et_pb_use_builder":"","_et_pb_old_content":"","_et_gb_content_width":"","_tribe_events_status":"","_tribe_events_status_reason":"","footnotes":""},"tags":[],"tribe_events_cat":[248],"class_list":["post-16854","tribe_events","type-tribe_events","status-publish","has-post-thumbnail","hentry","tribe_events_cat-exposition","cat_exposition"],"_links":{"self":[{"href":"https:\/\/www.alliancerotterdam.nl\/en\/wp-json\/wp\/v2\/tribe_events\/16854","targetHints":{"allow":["GET"]}}],"collection":[{"href":"https:\/\/www.alliancerotterdam.nl\/en\/wp-json\/wp\/v2\/tribe_events"}],"about":[{"href":"https:\/\/www.alliancerotterdam.nl\/en\/wp-json\/wp\/v2\/types\/tribe_events"}],"author":[{"embeddable":true,"href":"https:\/\/www.alliancerotterdam.nl\/en\/wp-json\/wp\/v2\/users\/1"}],"version-history":[{"count":0,"href":"https:\/\/www.alliancerotterdam.nl\/en\/wp-json\/wp\/v2\/tribe_events\/16854\/revisions"}],"wp:featuredmedia":[{"embeddable":true,"href":"https:\/\/www.alliancerotterdam.nl\/en\/wp-json\/wp\/v2\/media\/16841"}],"wp:attachment":[{"href":"https:\/\/www.alliancerotterdam.nl\/en\/wp-json\/wp\/v2\/media?parent=16854"}],"wp:term":[{"taxonomy":"post_tag","embeddable":true,"href":"https:\/\/www.alliancerotterdam.nl\/en\/wp-json\/wp\/v2\/tags?post=16854"},{"taxonomy":"tribe_events_cat","embeddable":true,"href":"https:\/\/www.alliancerotterdam.nl\/en\/wp-json\/wp\/v2\/tribe_events_cat?post=16854"}],"curies":[{"name":"wp","href":"https:\/\/api.w.org\/{rel}","templated":true}]}}

<h2 class="wp-block-heading">Installation artistique par Nicolas Montgermont</h2>



<p><em>Axis Mvndi</em> interroge un geste artistique radical : l’émission d’un signal vers le cosmos sans destinataire. Il s&#8217;agit d&#8217;un dispositif qui émet des ondes radio dans l&#8217;espace pour dessiner des formes à l&#8217;échelle cosmique. En jouant sur la rotation de l&#8217;antenne et les durées d&#8217;émission, des modèles cosmologiques antiques sont matérialisés dans l&#8217;espace et deviennent des formes autonomes en déplacement infini. <em>Axis Mvndi</em> propose un décalage théorique et artistique sur l&#8217;usage des ondes électromagnétiques, en émettant des ondes qui ne seront jamais réceptionnées. Elles sont utilisées pour leur plus importante spécificité : leur propagation à la vitesse de la lumière</p>



<p>Ces ondes invisibles, nous les utilisons en permanence dans nos smartphones, avec le Wi-Fi, ou dans notre carte bleue sans contact. Mais avec la complexification de nos outils nous nous sommes détachés de leur puissance intrinsèque quasi mystique liée à leur vitesse phénoménale. Dans <em>Axis Mvndi </em>cette caractéristique est utilisée à son potentiel maximum et mise en regard culturel de représentations complètes et cohérentes de l’Univers.</p>



<p>Un espace documente le contexte d’émergence et retrace l’histoire des modèles cosmologiques exécutés par <em>Axis Mvndi</em> : des tableaux rassemblant textes, schémas et croquis sont réalisés par l’artiste à l’issue des recherches anthropologiques menées.</p>



<h2 class="wp-block-heading"> </h2>
<h2 class="wp-block-heading">L&#8217;artiste</h2>



<p class="has-text-align-left"><strong><a href="https://nimon.org/">Nicolas Montgermont</a></strong> explore la physicalité des ondes sous ses différentes formes. Il s&#8217;intéresse à la réalité des ondes dans l&#8217;espace, à la manière dont elles se déplacent et se transforment, aux liens entre une source et notre perception. Pour cela, il conçoit des dispositifs qui explorent leur essence poétique de manière sensible en utilisant de multiples techniques et processus : analogiques, informatiques, mécaniques… Il travaille les ondes sonores à travers les vibrations des matériaux et leurs propagations, les ondes électromagnétiques naturelles et artificielles sous la forme de paysages radios, les énergies gravitationnelles et sidérales à travers le double prisme de l’astronomie et de l’astrologie.</p>



<p><strong>Exposition accessible sur les horaires d&#8217;ouverture de l&#8217;AFR. Entrée libre.</strong></p>

<p>Installation artistique par Nicolas Montgermont Axis Mvndi interroge un geste artistique radical : l’émission d’un signal vers le cosmos sans destinataire. Il s&#8217;agit d&#8217;un dispositif qui émet des ondes radio [&hellip;]</p>
