{"id":16770,"date":"2023-10-31T15:01:53","date_gmt":"2023-10-31T14:01:53","guid":{"rendered":"https:\/\/www.alliancerotterdam.nl\/?post_type=tribe_events&amp;p=16770"},"modified":"2023-10-31T15:01:53","modified_gmt":"2023-10-31T14:01:53","slug":"cafe-de-lactu-6","status":"publish","type":"tribe_events","link":"https:\/\/www.alliancerotterdam.nl\/en\/event\/cafe-de-lactu-6\/","title":{"rendered":"Caf\u00e9 de l&#8217;actu"},"content":{"rendered":"<p>D\u00e9cryptez l&#8217;actualit\u00e9 autour d&#8217;un caf\u00e9 et d&#8217;un croissant ! Venez feuilleter le dernier magazine f\u00e9minin, discuter des sujets qui font la une des quotidiens ou d\u00e9couvrir les derni\u00e8res fake news, et retrouvez-nous les mercredis matins devant un caf\u00e9 et un croissant. Histoire de comprendre les derniers enjeux politiques, environnementaux ou scientifiques, parler \u00e9ducation ou, plus l\u00e9g\u00e8rement, people.<\/p>\n<p>Mercredi 7 f\u00e9vrier \u00e0 10h dans la galerie de l&#8217;AFR. <a href=\"https:\/\/www.alliancerotterdam.nl\/produit\/cafe-de-lactu\/\">Ticket ici sur ce lien<\/a> : 5\u20ac (avec le croissant, le th\u00e9 ou le caf\u00e9)<\/p>\n","protected":false},"excerpt":{"rendered":"<p>D\u00e9cryptez l&#8217;actualit\u00e9 autour d&#8217;un caf\u00e9 et d&#8217;un croissant ! Venez feuilleter le dernier magazine f\u00e9minin, discuter des sujets qui font la une des quotidiens ou d\u00e9couvrir les derni\u00e8res fake news, [&hellip;]<\/p>\n","protected":false},"author":1,"featured_media":16772,"template":"","meta":{"_et_pb_use_builder":"","_et_pb_old_content":"","_et_gb_content_width":"","_tribe_events_status":"","_tribe_events_status_reason":"","footnotes":""},"tags":[],"tribe_events_cat":[],"class_list":["post-16770","tribe_events","type-tribe_events","status-publish","has-post-thumbnail","hentry"],"_links":{"self":[{"href":"https:\/\/www.alliancerotterdam.nl\/en\/wp-json\/wp\/v2\/tribe_events\/16770","targetHints":{"allow":["GET"]}}],"collection":[{"href":"https:\/\/www.alliancerotterdam.nl\/en\/wp-json\/wp\/v2\/tribe_events"}],"about":[{"href":"https:\/\/www.alliancerotterdam.nl\/en\/wp-json\/wp\/v2\/types\/tribe_events"}],"author":[{"embeddable":true,"href":"https:\/\/www.alliancerotterdam.nl\/en\/wp-json\/wp\/v2\/users\/1"}],"version-history":[{"count":0,"href":"https:\/\/www.alliancerotterdam.nl\/en\/wp-json\/wp\/v2\/tribe_events\/16770\/revisions"}],"wp:featuredmedia":[{"embeddable":true,"href":"https:\/\/www.alliancerotterdam.nl\/en\/wp-json\/wp\/v2\/media\/16772"}],"wp:attachment":[{"href":"https:\/\/www.alliancerotterdam.nl\/en\/wp-json\/wp\/v2\/media?parent=16770"}],"wp:term":[{"taxonomy":"post_tag","embeddable":true,"href":"https:\/\/www.alliancerotterdam.nl\/en\/wp-json\/wp\/v2\/tags?post=16770"},{"taxonomy":"tribe_events_cat","embeddable":true,"href":"https:\/\/www.alliancerotterdam.nl\/en\/wp-json\/wp\/v2\/tribe_events_cat?post=16770"}],"curies":[{"name":"wp","href":"https:\/\/api.w.org\/{rel}","templated":true}]}}

Café de l&#8217;actu

<p>Décryptez l&#8217;actualité autour d&#8217;un café et d&#8217;un croissant ! Venez feuilleter le dernier magazine féminin, discuter des sujets qui font la une des quotidiens ou découvrir les dernières fake news, et retrouvez-nous les mercredis matins devant un café et un croissant. Histoire de comprendre les derniers enjeux politiques, environnementaux ou scientifiques, parler éducation ou, plus légèrement, people.</p>
<p>Mercredi 7 février à 10h dans la galerie de l&#8217;AFR. <a href="https://www.alliancerotterdam.nl/produit/cafe-de-lactu/">Ticket ici sur ce lien</a> : 5€ (avec le croissant, le thé ou le café)</p>

<p>Décryptez l&#8217;actualité autour d&#8217;un café et d&#8217;un croissant ! Venez feuilleter le dernier magazine féminin, discuter des sujets qui font la une des quotidiens ou découvrir les dernières fake news, [&hellip;]</p>
