{"id":35160,"date":"2026-02-12T12:28:36","date_gmt":"2026-02-12T11:28:36","guid":{"rendered":"https:\/\/www.alliancerotterdam.nl\/?post_type=tribe_events&#038;p=35160"},"modified":"2026-02-12T12:28:36","modified_gmt":"2026-02-12T11:28:36","slug":"journee-de-la-francophonie-atelier-enfants","status":"publish","type":"tribe_events","link":"http:\/\/www.alliancerotterdam.nl\/nl\/evennement\/journee-de-la-francophonie-atelier-enfants\/","title":{"rendered":"Journ\u00e9e de la Francophonie &#8211; Atelier enfants"},"content":{"rendered":"<p>\u2728 C\u00e9l\u00e9brons la Francophonie ensemble \u00e0 l\u2019Alliance Fran\u00e7aise Rotterdam ! \ud83c\uddeb\ud83c\uddf7<\/p>\n<p>\u00c0 l\u2019occasion du Mois de la Francophonie, les enfants se transformeront, le temps d\u2019une apr\u00e8s-midi, en v\u00e9ritables globe-trotteurs ! \u00c0 travers une vari\u00e9t\u00e9 d\u2019ateliers ludiques et cr\u00e9atifs, ils partiront \u00e0 la d\u00e9couverte du monde francophone. Et pour bien finir la journ\u00e9e, un d\u00e9licieux go\u00fbter les attend.<br \/>\nChaque enfant repartira avec ses propres cr\u00e9ations en souvenir de ce beau voyage !<\/p>\n<p>Animation en fran\u00e7ais ouverte aux enfants de 3 ans \u00e0 11 ans.<br \/>\nLes enfants seront totalement pris en charge par l&#8217;\u00e9quipe de l&#8217;Alliance Fran\u00e7aise, les parents pourront profiter de leur apr\u00e8s-midi !<\/p>\n<p>R\u00e9servation : <a href=\"https:\/\/www.alliancerotterdam.nl\/produit\/journee-de-la-francophonie-tarif-reduit\/\" target=\"_blank\" rel=\"noopener\">pour les enfants membres de l&#8217;Alliance<\/a> \/ <a href=\"https:\/\/www.alliancerotterdam.nl\/produit\/journee-de-la-francophonie-tarif-plein\/\" target=\"_blank\" rel=\"noopener\">pour les autres enfants\u00a0<\/a><\/p>\n<p><a href=\"https:\/\/docs.google.com\/forms\/d\/e\/1FAIpQLScRt8ltj3xGiAKGfU8ixxAV8vdTpspJV_rHsvWtAOEKjEBivg\/viewform?usp=header\" target=\"_blank\" rel=\"noopener\">Lors de l&#8217;inscription, merci de compl\u00e9ter cette fiche d&#8217;information<\/a>.<\/p>\n<p>&nbsp;<\/p>\n","protected":false},"excerpt":{"rendered":"<p>\u2728 C\u00e9l\u00e9brons la Francophonie ensemble \u00e0 l\u2019Alliance Fran\u00e7aise Rotterdam ! \ud83c\uddeb\ud83c\uddf7 \u00c0 l\u2019occasion du Mois de la Francophonie, les enfants se transformeront, le temps d\u2019une apr\u00e8s-midi, en v\u00e9ritables globe-trotteurs ! [&hellip;]<\/p>\n","protected":false},"author":3,"featured_media":35161,"template":"","meta":{"_et_pb_use_builder":"","_et_pb_old_content":"","_et_gb_content_width":"","_tribe_events_status":"","_tribe_events_status_reason":"","footnotes":""},"tags":[],"tribe_events_cat":[],"class_list":["post-35160","tribe_events","type-tribe_events","status-publish","has-post-thumbnail","hentry"],"_links":{"self":[{"href":"http:\/\/www.alliancerotterdam.nl\/nl\/wp-json\/wp\/v2\/tribe_events\/35160","targetHints":{"allow":["GET"]}}],"collection":[{"href":"http:\/\/www.alliancerotterdam.nl\/nl\/wp-json\/wp\/v2\/tribe_events"}],"about":[{"href":"http:\/\/www.alliancerotterdam.nl\/nl\/wp-json\/wp\/v2\/types\/tribe_events"}],"author":[{"embeddable":true,"href":"http:\/\/www.alliancerotterdam.nl\/nl\/wp-json\/wp\/v2\/users\/3"}],"version-history":[{"count":3,"href":"http:\/\/www.alliancerotterdam.nl\/nl\/wp-json\/wp\/v2\/tribe_events\/35160\/revisions"}],"predecessor-version":[{"id":35171,"href":"http:\/\/www.alliancerotterdam.nl\/nl\/wp-json\/wp\/v2\/tribe_events\/35160\/revisions\/35171"}],"wp:featuredmedia":[{"embeddable":true,"href":"http:\/\/www.alliancerotterdam.nl\/nl\/wp-json\/wp\/v2\/media\/35161"}],"wp:attachment":[{"href":"http:\/\/www.alliancerotterdam.nl\/nl\/wp-json\/wp\/v2\/media?parent=35160"}],"wp:term":[{"taxonomy":"post_tag","embeddable":true,"href":"http:\/\/www.alliancerotterdam.nl\/nl\/wp-json\/wp\/v2\/tags?post=35160"},{"taxonomy":"tribe_events_cat","embeddable":true,"href":"http:\/\/www.alliancerotterdam.nl\/nl\/wp-json\/wp\/v2\/tribe_events_cat?post=35160"}],"curies":[{"name":"wp","href":"https:\/\/api.w.org\/{rel}","templated":true}]}}

Journée de la Francophonie &#8211; Atelier enfants

<p>✨ Célébrons la Francophonie ensemble à l’Alliance Française Rotterdam ! 🇫🇷</p>
<p>À l’occasion du Mois de la Francophonie, les enfants se transformeront, le temps d’une après-midi, en véritables globe-trotteurs ! À travers une variété d’ateliers ludiques et créatifs, ils partiront à la découverte du monde francophone. Et pour bien finir la journée, un délicieux goûter les attend.<br />
Chaque enfant repartira avec ses propres créations en souvenir de ce beau voyage !</p>
<p>Animation en français ouverte aux enfants de 3 ans à 11 ans.<br />
Les enfants seront totalement pris en charge par l&#8217;équipe de l&#8217;Alliance Française, les parents pourront profiter de leur après-midi !</p>
<p>Réservation : <a href="https://www.alliancerotterdam.nl/produit/journee-de-la-francophonie-tarif-reduit/" target="_blank" rel="noopener">pour les enfants membres de l&#8217;Alliance</a> / <a href="https://www.alliancerotterdam.nl/produit/journee-de-la-francophonie-tarif-plein/" target="_blank" rel="noopener">pour les autres enfants </a></p>
<p><a href="https://docs.google.com/forms/d/e/1FAIpQLScRt8ltj3xGiAKGfU8ixxAV8vdTpspJV_rHsvWtAOEKjEBivg/viewform?usp=header" target="_blank" rel="noopener">Lors de l&#8217;inscription, merci de compléter cette fiche d&#8217;information</a>.</p>
<p>&nbsp;</p>

<p>✨ Célébrons la Francophonie ensemble à l’Alliance Française Rotterdam ! 🇫🇷 À l’occasion du Mois de la Francophonie, les enfants se transformeront, le temps d’une après-midi, en véritables globe-trotteurs ! [&hellip;]</p>
