{"id":34954,"date":"2026-01-21T14:56:22","date_gmt":"2026-01-21T13:56:22","guid":{"rendered":"https:\/\/www.alliancerotterdam.nl\/?post_type=tribe_events&#038;p=34954"},"modified":"2026-01-21T14:56:22","modified_gmt":"2026-01-21T13:56:22","slug":"concours-plume-dor-2026","status":"publish","type":"tribe_events","link":"http:\/\/www.alliancerotterdam.nl\/nl\/evennement\/concours-plume-dor-2026\/","title":{"rendered":"Concours Plume d&#8217;Or 2026"},"content":{"rendered":"<p>Participez au Concours Plume d&#8217;Or 2026 \u270d\ufe0f<\/p>\n<p>&nbsp;<\/p>\n<p>\u00c0 l&#8217;occasion du mois de la Francophonie, un concours international d&#8217;\u00e9criture en fran\u00e7ais est organis\u00e9 par l&#8217;association D\u00e9fense de la langue fran\u00e7aise.<br \/>\n<strong>Ce concours s&#8217;adresse \u00e0 tous les apprenants majeurs de l&#8217;Alliance Fran\u00e7aise Rotterdam \u00e0 partir du niveau A2.<\/strong><\/p>\n<p>Toutes les antennes de l&#8217;Alliance Fran\u00e7aise r\u00e9parties sur les 5 continents sont invit\u00e9es par l&#8217;assocation D\u00e9fense de la langue fran\u00e7aise \u00e0 participer \u00e0 la Plume d&#8217;Or 2026. Cr\u00e9\u00e9 il y a 25 ans, ce concours s&#8217;adresse aux apprenants adultes de nationalit\u00e9 \u00e9trang\u00e8re inscrits dans les antennes de l&#8217;Alliance Fran\u00e7aise \u00e0 travers le monde.<\/p>\n<p>L&#8217;\u00e9preuve du concours m\u00eale compr\u00e9hension orale et \u00e9crite, questions de conjugaison, de grammaire, culture g\u00e9n\u00e9rale et expression \u00e9crite.<br \/>\n<strong>L&#8217;\u00e9preuve aura lieu le mercredi 18 mars 2026 de 17h \u00e0 19h \u00e0 l&#8217;Alliance Fran\u00e7aise Rotterdam.<\/strong><\/p>\n<p>&nbsp;<\/p>\n<p>\ud83c\udfc6 \u00c0 gagner :<\/p>\n<p>&#8211; Un voyage d&#8217;une semaine \u00e0 Paris pour le laur\u00e9at ou la laur\u00e9ate (billets d&#8217;avion aller-retour, sept nuits d&#8217;h\u00f4tel)<\/p>\n<p>&#8211; Un dipl\u00f4me attestant des connaissances en fran\u00e7ais pour les 100 meilleurs candidats<\/p>\n<p>&#8211; Un dipl\u00f4me d&#8217;encouragement pour le meilleur candidat de chaque Alliance<\/p>\n<p>&nbsp;<\/p>\n<p>\ud83d\udc49 Inscription ouverte jusqu&#8217;au 17 mars 2026 par mail : culture@alliancerotterdam.nl<\/p>\n<p>&nbsp;<\/p>\n<p>Bonne chance \u00e0 tous\u00b7tes ! \u2728<\/p>\n<p>&nbsp;<\/p>\n<p>Publication des r\u00e9sultats le lundi 15 juin 2026 sur le site de DLF : <a href=\"http:\/\/www.langue-francaise.org\" target=\"_blank\" rel=\"noopener\">http:\/\/www.langue-francaise.org<\/a><\/p>\n","protected":false},"excerpt":{"rendered":"<p>Participez au Concours Plume d&#8217;Or 2026 \u270d\ufe0f &nbsp; \u00c0 l&#8217;occasion du mois de la Francophonie, un concours international d&#8217;\u00e9criture en fran\u00e7ais est organis\u00e9 par l&#8217;association D\u00e9fense de la langue fran\u00e7aise. [&hellip;]<\/p>\n","protected":false},"author":3,"featured_media":34959,"template":"","meta":{"_et_pb_use_builder":"","_et_pb_old_content":"","_et_gb_content_width":"","_tribe_events_status":"","_tribe_events_status_reason":"","footnotes":""},"tags":[],"tribe_events_cat":[],"class_list":["post-34954","tribe_events","type-tribe_events","status-publish","has-post-thumbnail","hentry"],"_links":{"self":[{"href":"http:\/\/www.alliancerotterdam.nl\/nl\/wp-json\/wp\/v2\/tribe_events\/34954","targetHints":{"allow":["GET"]}}],"collection":[{"href":"http:\/\/www.alliancerotterdam.nl\/nl\/wp-json\/wp\/v2\/tribe_events"}],"about":[{"href":"http:\/\/www.alliancerotterdam.nl\/nl\/wp-json\/wp\/v2\/types\/tribe_events"}],"author":[{"embeddable":true,"href":"http:\/\/www.alliancerotterdam.nl\/nl\/wp-json\/wp\/v2\/users\/3"}],"version-history":[{"count":6,"href":"http:\/\/www.alliancerotterdam.nl\/nl\/wp-json\/wp\/v2\/tribe_events\/34954\/revisions"}],"predecessor-version":[{"id":34965,"href":"http:\/\/www.alliancerotterdam.nl\/nl\/wp-json\/wp\/v2\/tribe_events\/34954\/revisions\/34965"}],"wp:featuredmedia":[{"embeddable":true,"href":"http:\/\/www.alliancerotterdam.nl\/nl\/wp-json\/wp\/v2\/media\/34959"}],"wp:attachment":[{"href":"http:\/\/www.alliancerotterdam.nl\/nl\/wp-json\/wp\/v2\/media?parent=34954"}],"wp:term":[{"taxonomy":"post_tag","embeddable":true,"href":"http:\/\/www.alliancerotterdam.nl\/nl\/wp-json\/wp\/v2\/tags?post=34954"},{"taxonomy":"tribe_events_cat","embeddable":true,"href":"http:\/\/www.alliancerotterdam.nl\/nl\/wp-json\/wp\/v2\/tribe_events_cat?post=34954"}],"curies":[{"name":"wp","href":"https:\/\/api.w.org\/{rel}","templated":true}]}}

<p>Participez au Concours Plume d&#8217;Or 2026 ✍️</p>
<p>&nbsp;</p>
<p>À l&#8217;occasion du mois de la Francophonie, un concours international d&#8217;écriture en français est organisé par l&#8217;association Défense de la langue française.<br />
<strong>Ce concours s&#8217;adresse à tous les apprenants majeurs de l&#8217;Alliance Française Rotterdam à partir du niveau A2.</strong></p>
<p>Toutes les antennes de l&#8217;Alliance Française réparties sur les 5 continents sont invitées par l&#8217;assocation Défense de la langue française à participer à la Plume d&#8217;Or 2026. Créé il y a 25 ans, ce concours s&#8217;adresse aux apprenants adultes de nationalité étrangère inscrits dans les antennes de l&#8217;Alliance Française à travers le monde.</p>
<p>L&#8217;épreuve du concours mêle compréhension orale et écrite, questions de conjugaison, de grammaire, culture générale et expression écrite.<br />
<strong>L&#8217;épreuve aura lieu le mercredi 18 mars 2026 de 17h à 19h à l&#8217;Alliance Française Rotterdam.</strong></p>
<p>&nbsp;</p>
<p>🏆 À gagner :</p>
<p>&#8211; Un voyage d&#8217;une semaine à Paris pour le lauréat ou la lauréate (billets d&#8217;avion aller-retour, sept nuits d&#8217;hôtel)</p>
<p>&#8211; Un diplôme attestant des connaissances en français pour les 100 meilleurs candidats</p>
<p>&#8211; Un diplôme d&#8217;encouragement pour le meilleur candidat de chaque Alliance</p>
<p>&nbsp;</p>
<p>👉 Inscription ouverte jusqu&#8217;au 17 mars 2026 par mail : culture@alliancerotterdam.nl</p>
<p>&nbsp;</p>
<p>Bonne chance à tous·tes ! ✨</p>
<p>&nbsp;</p>
<p>Publication des résultats le lundi 15 juin 2026 sur le site de DLF : <a href="http://www.langue-francaise.org" target="_blank" rel="noopener">http://www.langue-francaise.org</a></p>

<p>Participez au Concours Plume d&#8217;Or 2026 ✍️ &nbsp; À l&#8217;occasion du mois de la Francophonie, un concours international d&#8217;écriture en français est organisé par l&#8217;association Défense de la langue française. [&hellip;]</p>
