{"id":34108,"date":"2025-11-06T17:09:03","date_gmt":"2025-11-06T16:09:03","guid":{"rendered":"https:\/\/www.alliancerotterdam.nl\/?post_type=tribe_events&#038;p=34108"},"modified":"2025-11-06T17:09:31","modified_gmt":"2025-11-06T16:09:31","slug":"dam-qui-rit-comedy-club-french-night-in-rotterdam-2","status":"publish","type":"tribe_events","link":"http:\/\/www.alliancerotterdam.nl\/nl\/evennement\/dam-qui-rit-comedy-club-french-night-in-rotterdam-2\/","title":{"rendered":"Dam Qui Rit Comedy Club &#8211; French night in Rotterdam #2"},"content":{"rendered":"<p>Rendez-vous le mardi 18 novembre \u00e0 19h30 au mythique\u00a0<a href=\"https:\/\/comedyclubhaug.com\/shows\/dam-qui-rit-comedy-club-111584248\" target=\"_blank\" rel=\"noopener\">Club Haug\u00a0<\/a>pour une soir\u00e9e exceptionnelle avec nos humoristes locaux, mais aussi des invit\u00e9s venus de Belgique et de France !<\/p>\n<p>Au programme : 1h30 de stand-up en fran\u00e7ais, avec comme ma\u00eetre de c\u00e9r\u00e9monie\u00a0<a href=\"https:\/\/www.instagram.com\/guillaume_boissig\/\" target=\"_blank\" rel=\"noopener\">Guillaume Boissig<\/a>, le cr\u00e9ateur du Dam Qui Rit.<\/p>\n<p class=\"mb-4\">Pour cette soir\u00e9e sp\u00e9ciale, Guillaume a invit\u00e9 plusieurs de ses amis humoristes \u00e0 partager la sc\u00e8ne avec lui :<\/p>\n<p class=\"mb-4\">\u2022 Maeva Dolle, humoriste franco-n\u00e9erlandaise bien connue des sc\u00e8nes hollandaises, o\u00f9 elle se produit r\u00e9guli\u00e8rement en anglais. Elle joue d\u2019ailleurs son spectacle en anglais \u00ab Can I Offer You Some Feedback \u00bb \u00e0 La Scala, \u00e0 Amsterdam.<br \/>\n\u2022 L\u00e9o P\u00e9tolat, habitu\u00e9 lui aussi des sc\u00e8nes n\u00e9erlandaises et artiste r\u00e9gulier du Dam Qui Rit, viendra tester de nouvelles blagues. Si vous l\u2019avez d\u00e9j\u00e0 vu sur sc\u00e8ne, pr\u00e9parez-vous \u00e0 de nouvelles histoires !<br \/>\n\u2022 Cam\u2019s, install\u00e9e aux Pays-Bas depuis de nombreuses ann\u00e9es, a d\u2019abord fait ses armes dans l\u2019improvisation avant de se lancer dans le stand-up.<br \/>\n\u2022 Reda Mansouri, que vous aviez s\u00fbrement d\u00e9couvert (et ador\u00e9 !) lors de la premi\u00e8re \u00e9dition du Dam Qui Rit \u00e0 Rotterdam, revient pour la deuxi\u00e8me.<br \/>\n\u2022 Enfin, Yanis Bony, humoriste mais aussi magicien, fera sp\u00e9cialement le d\u00e9placement depuis Lille.<\/p>\n<p>\ud83c\udf9f\ufe0f <a href=\"https:\/\/comedyclubhaug.com\/en\/shows\/dam-qui-rit-comedy-club-111584248\">Infos et R\u00e9sas ICI\u00a0<\/a><\/p>\n","protected":false},"excerpt":{"rendered":"<p>Rendez-vous le mardi 18 novembre \u00e0 19h30 au mythique\u00a0Club Haug\u00a0pour une soir\u00e9e exceptionnelle avec nos humoristes locaux, mais aussi des invit\u00e9s venus de Belgique et de France ! Au programme [&hellip;]<\/p>\n","protected":false},"author":2,"featured_media":33266,"template":"","meta":{"_et_pb_use_builder":"","_et_pb_old_content":"","_et_gb_content_width":"","_tribe_events_status":"","_tribe_events_status_reason":"","footnotes":""},"tags":[],"tribe_events_cat":[],"class_list":["post-34108","tribe_events","type-tribe_events","status-publish","has-post-thumbnail","hentry"],"_links":{"self":[{"href":"http:\/\/www.alliancerotterdam.nl\/nl\/wp-json\/wp\/v2\/tribe_events\/34108","targetHints":{"allow":["GET"]}}],"collection":[{"href":"http:\/\/www.alliancerotterdam.nl\/nl\/wp-json\/wp\/v2\/tribe_events"}],"about":[{"href":"http:\/\/www.alliancerotterdam.nl\/nl\/wp-json\/wp\/v2\/types\/tribe_events"}],"author":[{"embeddable":true,"href":"http:\/\/www.alliancerotterdam.nl\/nl\/wp-json\/wp\/v2\/users\/2"}],"version-history":[{"count":1,"href":"http:\/\/www.alliancerotterdam.nl\/nl\/wp-json\/wp\/v2\/tribe_events\/34108\/revisions"}],"predecessor-version":[{"id":34109,"href":"http:\/\/www.alliancerotterdam.nl\/nl\/wp-json\/wp\/v2\/tribe_events\/34108\/revisions\/34109"}],"wp:featuredmedia":[{"embeddable":true,"href":"http:\/\/www.alliancerotterdam.nl\/nl\/wp-json\/wp\/v2\/media\/33266"}],"wp:attachment":[{"href":"http:\/\/www.alliancerotterdam.nl\/nl\/wp-json\/wp\/v2\/media?parent=34108"}],"wp:term":[{"taxonomy":"post_tag","embeddable":true,"href":"http:\/\/www.alliancerotterdam.nl\/nl\/wp-json\/wp\/v2\/tags?post=34108"},{"taxonomy":"tribe_events_cat","embeddable":true,"href":"http:\/\/www.alliancerotterdam.nl\/nl\/wp-json\/wp\/v2\/tribe_events_cat?post=34108"}],"curies":[{"name":"wp","href":"https:\/\/api.w.org\/{rel}","templated":true}]}}

<p>Rendez-vous le mardi 18 novembre à 19h30 au mythique <a href="https://comedyclubhaug.com/shows/dam-qui-rit-comedy-club-111584248" target="_blank" rel="noopener">Club Haug </a>pour une soirée exceptionnelle avec nos humoristes locaux, mais aussi des invités venus de Belgique et de France !</p>
<p>Au programme : 1h30 de stand-up en français, avec comme maître de cérémonie <a href="https://www.instagram.com/guillaume_boissig/" target="_blank" rel="noopener">Guillaume Boissig</a>, le créateur du Dam Qui Rit.</p>
<p class="mb-4">Pour cette soirée spéciale, Guillaume a invité plusieurs de ses amis humoristes à partager la scène avec lui :</p>
<p class="mb-4">• Maeva Dolle, humoriste franco-néerlandaise bien connue des scènes hollandaises, où elle se produit régulièrement en anglais. Elle joue d’ailleurs son spectacle en anglais « Can I Offer You Some Feedback » à La Scala, à Amsterdam.<br />
• Léo Pétolat, habitué lui aussi des scènes néerlandaises et artiste régulier du Dam Qui Rit, viendra tester de nouvelles blagues. Si vous l’avez déjà vu sur scène, préparez-vous à de nouvelles histoires !<br />
• Cam’s, installée aux Pays-Bas depuis de nombreuses années, a d’abord fait ses armes dans l’improvisation avant de se lancer dans le stand-up.<br />
• Reda Mansouri, que vous aviez sûrement découvert (et adoré !) lors de la première édition du Dam Qui Rit à Rotterdam, revient pour la deuxième.<br />
• Enfin, Yanis Bony, humoriste mais aussi magicien, fera spécialement le déplacement depuis Lille.</p>
<p>🎟️ <a href="https://comedyclubhaug.com/en/shows/dam-qui-rit-comedy-club-111584248">Infos et Résas ICI </a></p>

<p>Rendez-vous le mardi 18 novembre à 19h30 au mythique Club Haug pour une soirée exceptionnelle avec nos humoristes locaux, mais aussi des invités venus de Belgique et de France ! Au programme [&hellip;]</p>
