{"id":33954,"date":"2025-10-13T13:14:02","date_gmt":"2025-10-13T11:14:02","guid":{"rendered":"https:\/\/www.alliancerotterdam.nl\/?post_type=tribe_events&#038;p=33954"},"modified":"2025-10-13T15:28:00","modified_gmt":"2025-10-13T13:28:00","slug":"vernissage-les-aventures-de-jak-et-bil-aux-pays-bas","status":"publish","type":"tribe_events","link":"http:\/\/www.alliancerotterdam.nl\/nl\/evennement\/vernissage-les-aventures-de-jak-et-bil-aux-pays-bas\/","title":{"rendered":"Vernissage &#8211; Les aventures de Jak et Bil aux Pays-Bas"},"content":{"rendered":"<p><em><strong>Vernissage &#8211; Exposition &#8211; Bande dessin\u00e9e<\/strong><\/em><\/p>\n<p>L&#8217;Alliance Fran\u00e7aise de Rotterdam a le plaisir de vous inviter \u00e0 d\u00e9couvrir les aventures palpitantes de Jak et Bil ! Jak et Bil est un duo de bande-dessin\u00e9e imagin\u00e9 par <a href=\"https:\/\/jakandbil.com\/fr\/\">Jacques Ortet<\/a>, globe-troteur et aventurier passionn\u00e9. Apr\u00e8s avoir parcouru le Kazakhstan, le Gabon, l&#8217;Ecosse et Oman, nos deux h\u00e9ros posent leurs valises aux Pays-Bas. Une nouvelle aventure myst\u00e9rieuse les attend au <a href=\"https:\/\/www.nachtegaalbeemster.nl\/\">moulin De Nachtegaal<\/a> !<\/p>\n<p>Les histoires de Jacques Ortet d\u00e9bordent d\u2019action, d\u2019humour, de fantaisie et parfois m\u00eame de magie\u2026 Destin\u00e9es aux petits comme aux grands, elles abordent avec l\u00e9g\u00e8ret\u00e9 et sensibilit\u00e9 des th\u00e9matiques actuelles : <strong>\u00e9cologie, biodiversit\u00e9, \u00e9nergies et transition \u00e9nerg\u00e9tique.<\/strong><\/p>\n<p>A l&#8217;occasion de cette exposition, venez d\u00e9couvrir une large collection de planches issues de la derni\u00e8re aventure : <strong>Jak et Bil aux Pays-Bas &#8211; L&#8217;intrigue du moulin De Nachtegaal.<\/strong><\/p>\n<p>Rendez-vous le <strong>mercredi 12 novembre<\/strong> <strong>\u00e0 18h30<\/strong> pour <strong>le vernissage\u00a0de l&#8217;expositio<\/strong>n en <strong>pr\u00e9sence du cr\u00e9ateur Jacques Ortet<\/strong>. L\u2019occasion parfaite pour \u00e9changer avec lui, acheter votre exemplaire et le faire d\u00e9dicacer !<\/p>\n<p>\ud83e\udd42 Ev\u00e9nement gratuit et ouvert \u00e0 tous &#8211; suivi d&#8217;un verre de l&#8217;amiti\u00e9<\/p>\n","protected":false},"excerpt":{"rendered":"<p>Vernissage &#8211; Exposition &#8211; Bande dessin\u00e9e L&#8217;Alliance Fran\u00e7aise de Rotterdam a le plaisir de vous inviter \u00e0 d\u00e9couvrir les aventures palpitantes de Jak et Bil ! Jak et Bil est [&hellip;]<\/p>\n","protected":false},"author":2,"featured_media":33969,"template":"","meta":{"_et_pb_use_builder":"","_et_pb_old_content":"","_et_gb_content_width":"","_tribe_events_status":"","_tribe_events_status_reason":"","footnotes":""},"tags":[],"tribe_events_cat":[],"class_list":["post-33954","tribe_events","type-tribe_events","status-publish","has-post-thumbnail","hentry"],"_links":{"self":[{"href":"http:\/\/www.alliancerotterdam.nl\/nl\/wp-json\/wp\/v2\/tribe_events\/33954","targetHints":{"allow":["GET"]}}],"collection":[{"href":"http:\/\/www.alliancerotterdam.nl\/nl\/wp-json\/wp\/v2\/tribe_events"}],"about":[{"href":"http:\/\/www.alliancerotterdam.nl\/nl\/wp-json\/wp\/v2\/types\/tribe_events"}],"author":[{"embeddable":true,"href":"http:\/\/www.alliancerotterdam.nl\/nl\/wp-json\/wp\/v2\/users\/2"}],"version-history":[{"count":7,"href":"http:\/\/www.alliancerotterdam.nl\/nl\/wp-json\/wp\/v2\/tribe_events\/33954\/revisions"}],"predecessor-version":[{"id":33967,"href":"http:\/\/www.alliancerotterdam.nl\/nl\/wp-json\/wp\/v2\/tribe_events\/33954\/revisions\/33967"}],"wp:featuredmedia":[{"embeddable":true,"href":"http:\/\/www.alliancerotterdam.nl\/nl\/wp-json\/wp\/v2\/media\/33969"}],"wp:attachment":[{"href":"http:\/\/www.alliancerotterdam.nl\/nl\/wp-json\/wp\/v2\/media?parent=33954"}],"wp:term":[{"taxonomy":"post_tag","embeddable":true,"href":"http:\/\/www.alliancerotterdam.nl\/nl\/wp-json\/wp\/v2\/tags?post=33954"},{"taxonomy":"tribe_events_cat","embeddable":true,"href":"http:\/\/www.alliancerotterdam.nl\/nl\/wp-json\/wp\/v2\/tribe_events_cat?post=33954"}],"curies":[{"name":"wp","href":"https:\/\/api.w.org\/{rel}","templated":true}]}}

<p><em><strong>Vernissage &#8211; Exposition &#8211; Bande dessinée</strong></em></p>
<p>L&#8217;Alliance Française de Rotterdam a le plaisir de vous inviter à découvrir les aventures palpitantes de Jak et Bil ! Jak et Bil est un duo de bande-dessinée imaginé par <a href="https://jakandbil.com/fr/">Jacques Ortet</a>, globe-troteur et aventurier passionné. Après avoir parcouru le Kazakhstan, le Gabon, l&#8217;Ecosse et Oman, nos deux héros posent leurs valises aux Pays-Bas. Une nouvelle aventure mystérieuse les attend au <a href="https://www.nachtegaalbeemster.nl/">moulin De Nachtegaal</a> !</p>
<p>Les histoires de Jacques Ortet débordent d’action, d’humour, de fantaisie et parfois même de magie… Destinées aux petits comme aux grands, elles abordent avec légèreté et sensibilité des thématiques actuelles : <strong>écologie, biodiversité, énergies et transition énergétique.</strong></p>
<p>A l&#8217;occasion de cette exposition, venez découvrir une large collection de planches issues de la dernière aventure : <strong>Jak et Bil aux Pays-Bas &#8211; L&#8217;intrigue du moulin De Nachtegaal.</strong></p>
<p>Rendez-vous le <strong>mercredi 12 novembre</strong> <strong>à 18h30</strong> pour <strong>le vernissage de l&#8217;expositio</strong>n en <strong>présence du créateur Jacques Ortet</strong>. L’occasion parfaite pour échanger avec lui, acheter votre exemplaire et le faire dédicacer !</p>
<p>🥂 Evénement gratuit et ouvert à tous &#8211; suivi d&#8217;un verre de l&#8217;amitié</p>

<p>Vernissage &#8211; Exposition &#8211; Bande dessinée L&#8217;Alliance Française de Rotterdam a le plaisir de vous inviter à découvrir les aventures palpitantes de Jak et Bil ! Jak et Bil est [&hellip;]</p>
