{"id":31739,"date":"2025-06-12T15:01:57","date_gmt":"2025-06-12T13:01:57","guid":{"rendered":"https:\/\/www.alliancerotterdam.nl\/?post_type=tribe_events&#038;p=31739"},"modified":"2025-06-16T18:12:21","modified_gmt":"2025-06-16T16:12:21","slug":"rencontre-dedicace-lauraine-meyer","status":"publish","type":"tribe_events","link":"http:\/\/www.alliancerotterdam.nl\/nl\/evennement\/rencontre-dedicace-lauraine-meyer\/","title":{"rendered":"Rencontre &amp; D\u00e9dicace &#8211; Lauraine Meyer"},"content":{"rendered":"<p>A l&#8217;occasion de la sortie de <a href=\"https:\/\/www.arte.tv\/fr\/videos\/127092-000-A\/les-masculinites-en-roman-graphique\/\" target=\"_blank\" rel=\"noopener\"><strong>&#8220;Mecs in Progress&#8221;<\/strong><\/a>, l&#8217;Alliance Fran\u00e7aise de Rotterdam invite <strong>Lauraine Meyer<\/strong> <strong>!<\/strong><\/p>\n<p>Rendez-vous le <strong>samedi<\/strong> <strong>28\u00a0juin \u00e0 9h45<\/strong> pour une rencontre avec l&#8217;autrice <img loading=\"lazy\" decoding=\"async\" class=\"\" src=\"https:\/\/images.emojiterra.com\/google\/android-12l\/512px\/1f4da.png\" alt=\" Livres Emoji\" width=\"26\" height=\"26\" \/><\/p>\n<p>\u270f\ufe0f <em>Avec humour et l\u00e9g\u00e8ret\u00e9, Lauraine Meyer nous raconte ici le parcours de D\u00e9d\u00e9 et Jimmy, deux amis qui enqu\u00eatent sur les masculinit\u00e9s d\u2019aujourd\u2019hui. Aid\u00e9 de Selma, ils vont partir en qu\u00eate des nouvelles masculinit\u00e9s pour construire les hommes qu&#8217;ils veulent \u00eatre. Ils vont chercher \u00e0 analyser les dynamiques sexistes qui se jouent \u00e0 l&#8217;\u00e9chelle de la soci\u00e9t\u00e9, du couple et de leurs groupes d&#8217;amis. <\/em><em>De la d\u00e9construction \u00e0 la reconstruction, un livre pour les hommes qui veulent comprendre et devenir les acteurs du changement.<\/em><\/p>\n<p>Un cadeau id\u00e9al pour <strong>la f\u00eate des p\u00e8res<\/strong> \ud83d\ude09<\/p>\n<p><strong>L&#8217;entr\u00e9e est gratuite<\/strong> <strong>mais la r\u00e9servation est obligatoire.\u00a0<\/strong><\/p>\n<p>\ud83d\udc49 <a href=\"https:\/\/www.alliancerotterdam.nl\/produit\/rencontre-dedicace-lauraine-meyer\/\">R\u00e9servation\u00a0<\/a><\/p>\n<p>&nbsp;<\/p>\n<h4>Qui est Lauraine Meyer ?<\/h4>\n<p>Lauraine Meyer est une autrice de bande dessin\u00e9e et illustratrice fran\u00e7aise install\u00e9e aux Pays-Bas. Apr\u00e8s avoir \u00e9tudi\u00e9 l\u2019illustration et le graphisme \u00e0 l\u2019\u00e9cole Estienne et \u00e0 l\u2019universit\u00e9 Paris 1, Lauraine devient directrice artistique dans la pub pendant 15 ans tout en d\u00e9veloppant des projets d\u2019illustration. Notamment au travers de blogs et de son compte Instagram.<\/p>\n<p>Elle a finalement entam\u00e9 sa carri\u00e8re d\u2019autrice en 2022. Elle a publi\u00e9\u00a0<strong><em>Feminists in progress<\/em>\u00a0<\/strong>aux \u00c9ditions Casterman en 2022 et<strong>\u00a0<em>Moi, j\u2019aurais pas fait comme \u00e7a<\/em><\/strong> aux \u00c9ditions Mango en 2024. F\u00e9ministe engag\u00e9e, elle est passionn\u00e9e de questions soci\u00e9tales, elle interroge les normes et les carcans du genre avec humour, dans un style color\u00e9 et joyeux.<\/p>\n","protected":false},"excerpt":{"rendered":"<p>A l&#8217;occasion de la sortie de &#8220;Mecs in Progress&#8221;, l&#8217;Alliance Fran\u00e7aise de Rotterdam invite Lauraine Meyer ! Rendez-vous le samedi 28\u00a0juin \u00e0 9h45 pour une rencontre avec l&#8217;autrice \u270f\ufe0f Avec [&hellip;]<\/p>\n","protected":false},"author":2,"featured_media":0,"template":"","meta":{"_et_pb_use_builder":"","_et_pb_old_content":"","_et_gb_content_width":"","_tribe_events_status":"","_tribe_events_status_reason":"","footnotes":""},"tags":[],"tribe_events_cat":[],"class_list":["post-31739","tribe_events","type-tribe_events","status-publish","hentry"],"_links":{"self":[{"href":"http:\/\/www.alliancerotterdam.nl\/nl\/wp-json\/wp\/v2\/tribe_events\/31739","targetHints":{"allow":["GET"]}}],"collection":[{"href":"http:\/\/www.alliancerotterdam.nl\/nl\/wp-json\/wp\/v2\/tribe_events"}],"about":[{"href":"http:\/\/www.alliancerotterdam.nl\/nl\/wp-json\/wp\/v2\/types\/tribe_events"}],"author":[{"embeddable":true,"href":"http:\/\/www.alliancerotterdam.nl\/nl\/wp-json\/wp\/v2\/users\/2"}],"version-history":[{"count":13,"href":"http:\/\/www.alliancerotterdam.nl\/nl\/wp-json\/wp\/v2\/tribe_events\/31739\/revisions"}],"predecessor-version":[{"id":31805,"href":"http:\/\/www.alliancerotterdam.nl\/nl\/wp-json\/wp\/v2\/tribe_events\/31739\/revisions\/31805"}],"wp:attachment":[{"href":"http:\/\/www.alliancerotterdam.nl\/nl\/wp-json\/wp\/v2\/media?parent=31739"}],"wp:term":[{"taxonomy":"post_tag","embeddable":true,"href":"http:\/\/www.alliancerotterdam.nl\/nl\/wp-json\/wp\/v2\/tags?post=31739"},{"taxonomy":"tribe_events_cat","embeddable":true,"href":"http:\/\/www.alliancerotterdam.nl\/nl\/wp-json\/wp\/v2\/tribe_events_cat?post=31739"}],"curies":[{"name":"wp","href":"https:\/\/api.w.org\/{rel}","templated":true}]}}

Rencontre &amp; Dédicace &#8211; Lauraine Meyer

<p>A l&#8217;occasion de la sortie de <a href="https://www.arte.tv/fr/videos/127092-000-A/les-masculinites-en-roman-graphique/" target="_blank" rel="noopener"><strong>&#8220;Mecs in Progress&#8221;</strong></a>, l&#8217;Alliance Française de Rotterdam invite <strong>Lauraine Meyer</strong> <strong>!</strong></p>
<p>Rendez-vous le <strong>samedi</strong> <strong>28 juin à 9h45</strong> pour une rencontre avec l&#8217;autrice <img loading="lazy" decoding="async" class="" src="https://images.emojiterra.com/google/android-12l/512px/1f4da.png" alt=" Livres Emoji" width="26" height="26" /></p>
<p>✏️ <em>Avec humour et légèreté, Lauraine Meyer nous raconte ici le parcours de Dédé et Jimmy, deux amis qui enquêtent sur les masculinités d’aujourd’hui. Aidé de Selma, ils vont partir en quête des nouvelles masculinités pour construire les hommes qu&#8217;ils veulent être. Ils vont chercher à analyser les dynamiques sexistes qui se jouent à l&#8217;échelle de la société, du couple et de leurs groupes d&#8217;amis. </em><em>De la déconstruction à la reconstruction, un livre pour les hommes qui veulent comprendre et devenir les acteurs du changement.</em></p>
<p>Un cadeau idéal pour <strong>la fête des pères</strong> 😉</p>
<p><strong>L&#8217;entrée est gratuite</strong> <strong>mais la réservation est obligatoire. </strong></p>
<p>👉 <a href="https://www.alliancerotterdam.nl/produit/rencontre-dedicace-lauraine-meyer/">Réservation </a></p>
<p>&nbsp;</p>
<h4>Qui est Lauraine Meyer ?</h4>
<p>Lauraine Meyer est une autrice de bande dessinée et illustratrice française installée aux Pays-Bas. Après avoir étudié l’illustration et le graphisme à l’école Estienne et à l’université Paris 1, Lauraine devient directrice artistique dans la pub pendant 15 ans tout en développant des projets d’illustration. Notamment au travers de blogs et de son compte Instagram.</p>
<p>Elle a finalement entamé sa carrière d’autrice en 2022. Elle a publié <strong><em>Feminists in progress</em> </strong>aux Éditions Casterman en 2022 et<strong> <em>Moi, j’aurais pas fait comme ça</em></strong> aux Éditions Mango en 2024. Féministe engagée, elle est passionnée de questions sociétales, elle interroge les normes et les carcans du genre avec humour, dans un style coloré et joyeux.</p>

<p>A l&#8217;occasion de la sortie de &#8220;Mecs in Progress&#8221;, l&#8217;Alliance Française de Rotterdam invite Lauraine Meyer ! Rendez-vous le samedi 28 juin à 9h45 pour une rencontre avec l&#8217;autrice ✏️ Avec [&hellip;]</p>
