{"id":30777,"date":"2025-04-09T15:36:28","date_gmt":"2025-04-09T13:36:28","guid":{"rendered":"https:\/\/www.alliancerotterdam.nl\/?post_type=tribe_events&#038;p=30777"},"modified":"2025-04-09T15:42:38","modified_gmt":"2025-04-09T13:42:38","slug":"celebrons-le-francais-a-leiden","status":"publish","type":"tribe_events","link":"http:\/\/www.alliancerotterdam.nl\/nl\/evennement\/celebrons-le-francais-a-leiden\/","title":{"rendered":"C\u00e9l\u00e9brons le fran\u00e7ais \u00e0 Leiden !"},"content":{"rendered":"<p class=\"x_x_elementToProof\"><b data-olk-copy-source=\"MessageBody\">130 ans de langue et culture fran\u00e7aises \u00e0 Leyde<\/b><\/p>\n<p class=\"x_x_elementToProof\">Double c\u00e9l\u00e9bration\u00a0: Cette ann\u00e9e marque le 130\u1d49\u00a0anniversaire du programme de langue et culture fran\u00e7aises \u00e0 l\u2019Universit\u00e9 de Leyde. De plus, l\u2019Universit\u00e9 a d\u00e9cid\u00e9 de pr\u00e9server ce programme important malgr\u00e9 une situation financi\u00e8re difficile. Nous souhaitons c\u00e9l\u00e9brer cet \u00e9v\u00e9nement festif avec tous les francophiles lors d\u2019un symposium qui se tiendra \u00e0 l\u2019\u00c9glise Wallonne le 23 mai.<\/p>\n<p class=\"x_x_elementToProof\">Nous vous invitons chaleureusement \u00e0 assister \u00e0 ce programme et \u00e0 partager un verre lors du pot qui suivra au Caf\u00e9 Barista.<\/p>\n<p class=\"x_x_elementToProof\">Pour consulter le programme et vous inscrire, rendez-vous sur le\u00a0<u><a id=\"OWA157339ec-71e5-4379-fa64-20b60924d04b\" class=\"x_x_OWAAutoLink\" title=\"https:\/\/www.universiteitleiden.nl\/agenda\/2025\/05\/celebrons-le-francais-symposium-130-jaar-franse-taal-en-cultuur\" href=\"https:\/\/www.universiteitleiden.nl\/agenda\/2025\/05\/celebrons-le-francais-symposium-130-jaar-franse-taal-en-cultuur\" target=\"_blank\" rel=\"noopener noreferrer\" data-auth=\"NotApplicable\" data-linkindex=\"2\">site de l\u2019universit\u00e9<\/a><\/u>.<\/p>\n","protected":false},"excerpt":{"rendered":"<p>130 ans de langue et culture fran\u00e7aises \u00e0 Leyde Double c\u00e9l\u00e9bration\u00a0: Cette ann\u00e9e marque le 130\u1d49\u00a0anniversaire du programme de langue et culture fran\u00e7aises \u00e0 l\u2019Universit\u00e9 de Leyde. De plus, l\u2019Universit\u00e9 [&hellip;]<\/p>\n","protected":false},"author":2,"featured_media":0,"template":"","meta":{"_et_pb_use_builder":"","_et_pb_old_content":"","_et_gb_content_width":"","_tribe_events_status":"","_tribe_events_status_reason":"","footnotes":""},"tags":[],"tribe_events_cat":[],"class_list":["post-30777","tribe_events","type-tribe_events","status-publish","hentry"],"_links":{"self":[{"href":"http:\/\/www.alliancerotterdam.nl\/nl\/wp-json\/wp\/v2\/tribe_events\/30777","targetHints":{"allow":["GET"]}}],"collection":[{"href":"http:\/\/www.alliancerotterdam.nl\/nl\/wp-json\/wp\/v2\/tribe_events"}],"about":[{"href":"http:\/\/www.alliancerotterdam.nl\/nl\/wp-json\/wp\/v2\/types\/tribe_events"}],"author":[{"embeddable":true,"href":"http:\/\/www.alliancerotterdam.nl\/nl\/wp-json\/wp\/v2\/users\/2"}],"version-history":[{"count":3,"href":"http:\/\/www.alliancerotterdam.nl\/nl\/wp-json\/wp\/v2\/tribe_events\/30777\/revisions"}],"predecessor-version":[{"id":30783,"href":"http:\/\/www.alliancerotterdam.nl\/nl\/wp-json\/wp\/v2\/tribe_events\/30777\/revisions\/30783"}],"wp:attachment":[{"href":"http:\/\/www.alliancerotterdam.nl\/nl\/wp-json\/wp\/v2\/media?parent=30777"}],"wp:term":[{"taxonomy":"post_tag","embeddable":true,"href":"http:\/\/www.alliancerotterdam.nl\/nl\/wp-json\/wp\/v2\/tags?post=30777"},{"taxonomy":"tribe_events_cat","embeddable":true,"href":"http:\/\/www.alliancerotterdam.nl\/nl\/wp-json\/wp\/v2\/tribe_events_cat?post=30777"}],"curies":[{"name":"wp","href":"https:\/\/api.w.org\/{rel}","templated":true}]}}

Célébrons le français à Leiden !

<p class="x_x_elementToProof"><b data-olk-copy-source="MessageBody">130 ans de langue et culture françaises à Leyde</b></p>
<p class="x_x_elementToProof">Double célébration : Cette année marque le 130ᵉ anniversaire du programme de langue et culture françaises à l’Université de Leyde. De plus, l’Université a décidé de préserver ce programme important malgré une situation financière difficile. Nous souhaitons célébrer cet événement festif avec tous les francophiles lors d’un symposium qui se tiendra à l’Église Wallonne le 23 mai.</p>
<p class="x_x_elementToProof">Nous vous invitons chaleureusement à assister à ce programme et à partager un verre lors du pot qui suivra au Café Barista.</p>
<p class="x_x_elementToProof">Pour consulter le programme et vous inscrire, rendez-vous sur le <u><a id="OWA157339ec-71e5-4379-fa64-20b60924d04b" class="x_x_OWAAutoLink" title="https://www.universiteitleiden.nl/agenda/2025/05/celebrons-le-francais-symposium-130-jaar-franse-taal-en-cultuur" href="https://www.universiteitleiden.nl/agenda/2025/05/celebrons-le-francais-symposium-130-jaar-franse-taal-en-cultuur" target="_blank" rel="noopener noreferrer" data-auth="NotApplicable" data-linkindex="2">site de l’université</a></u>.</p>

<p>130 ans de langue et culture françaises à Leyde Double célébration : Cette année marque le 130ᵉ anniversaire du programme de langue et culture françaises à l’Université de Leyde. De plus, l’Université [&hellip;]</p>
