{"id":19672,"date":"2025-02-19T12:09:12","date_gmt":"2025-02-19T11:09:12","guid":{"rendered":"https:\/\/www.alliancerotterdam.nl\/?post_type=tribe_events&amp;p=19672"},"modified":"2025-02-19T12:09:12","modified_gmt":"2025-02-19T11:09:12","slug":"le-ptit-concert-padam-festival","status":"publish","type":"tribe_events","link":"http:\/\/www.alliancerotterdam.nl\/nl\/evennement\/le-ptit-concert-padam-festival\/","title":{"rendered":"Le p&#8217;tit concert &#8211; PA&#8217;DAM FESTIVAL"},"content":{"rendered":"<p>Cette ann\u00e9e, le <strong>festival PA\u2019dam <\/strong>organis\u00e9 par l\u2019Alliance Fran\u00e7aise Amsterdam se tiendra du 13 au 20 mars 2025.\u00a0Rejoignez le premier festival des Pays-Bas d\u00e9di\u00e9 \u00e0 la <strong>sc\u00e8ne musicale francophone !<\/strong><\/p>\n<p>Le festival se d\u00e9localise \u00e0 Rotterdam : d\u00e9couvrez le<strong> P&#8217;tit concert<\/strong>, un duo multi-instrumentiste &amp; vocal d\u00e9di\u00e9 aux enfants. Une programmation pens\u00e9e pour les festivalier\u00b7es en herbe et leur famille !<\/p>\n<p>Noam Perrier et Helena Delaflor unissent leur voix et leurs talents pour reprendre les plus grands classiques de la musique fran\u00e7aise. Guitare, accord\u00e9on, violon et percussions insolites sont r\u00e9unis pour un concert de poche (30 min) pens\u00e9 pour les enfants de 4 \u00e0 10 ans.<\/p>\n<p>&nbsp;<\/p>\n<ul>\n<li>Le samedi 15 mars, \u00e0 10h<\/li>\n<li>Pour les petits et les grands \u00e0 partir de 4 ans<\/li>\n<li><a href=\"https:\/\/www.alliancerotterdam.nl\/produit\/le-ptit-concert-padam-festival\/\">5\u20ac par personne, r\u00e9servez votre ticket ICI<\/a><\/li>\n<\/ul>\n<p>&nbsp;<\/p>\n<hr \/>\n<p>&nbsp;<\/p>\n<p><em>Retrouvez toute la programmation PA&#8217;dam :\u00a0<\/em><\/p>\n<p><a href=\"https:\/\/www.instagram.com\/iammarieflore\/\">Marie-Flore<\/a> \u2014 autrice, compositrice, interpr\u00e8te, multi-instrumentiste, manie une pop directe et imm\u00e9diate, plus sensuelle que jamais. Riche des influences \u00e9clectiques qui ont jalonn\u00e9 son parcours (The Velvet Underground, Leonard Cohen, Gainsbourg, Christophe un mentor bienveillant avec lequel elle partage la m\u00eame exigence), elle a cependant aim\u00e9 se laisser emporter par les pop songs \u00e0 grande \u00e9chelle fa\u00e7on Dua Lipa.<\/p>\n<ul>\n<li><a href=\"https:\/\/www.paradiso.nl\/programma\/marie-flore-x-padam-festival\/2492580\">Tickets Marie-Flore \u2014 Paradiso Noord 13\/03\/2025<\/a><\/li>\n<\/ul>\n<div class=\"clearfix ce-textpic ce-right ce-intext\">\n<div class=\"ce-bodytext post\">\n<p><a href=\"https:\/\/www.instagram.com\/georgeka_a\/\">George Ka<\/a> &#8211; Aussi touchante que charismatique, George Ka\u00a0a commenc\u00e9 son parcours artistique dans les sc\u00e8nes slam et open mic de la r\u00e9gion parisienne. D\u00e8s 2019, son projet se concr\u00e9tise avec Saigon, une ode au multiculturalisme dont le clip, financ\u00e9 par une campagne participative, a d\u00e9pass\u00e9 les cent mille vues. Une certaine id\u00e9e du f\u00e9minisme est au c\u0153ur du message de la chanteuse. Influenc\u00e9e par le boom bap, le funk, la trap et la jungle, les musiques qui l&#8217;accompagnent sont enivrantes.<\/p>\n<\/div>\n<\/div>\n<ul>\n<li><a href=\"https:\/\/www.bitterzoet.com\/event\/george-ka\/\">George Ka \u2014 Bitterzoet 20\/03\/2025<\/a><\/li>\n<\/ul>\n","protected":false},"excerpt":{"rendered":"<p>Cette ann\u00e9e, le festival PA\u2019dam organis\u00e9 par l\u2019Alliance Fran\u00e7aise Amsterdam se tiendra du 13 au 20 mars 2025.\u00a0Rejoignez le premier festival des Pays-Bas d\u00e9di\u00e9 \u00e0 la sc\u00e8ne musicale francophone ! [&hellip;]<\/p>\n","protected":false},"author":0,"featured_media":0,"template":"","meta":{"_et_pb_use_builder":"","_et_pb_old_content":"","_et_gb_content_width":"","_tribe_events_status":"","_tribe_events_status_reason":"","footnotes":""},"tags":[],"tribe_events_cat":[],"class_list":["post-19672","tribe_events","type-tribe_events","status-publish","hentry"],"_links":{"self":[{"href":"http:\/\/www.alliancerotterdam.nl\/nl\/wp-json\/wp\/v2\/tribe_events\/19672","targetHints":{"allow":["GET"]}}],"collection":[{"href":"http:\/\/www.alliancerotterdam.nl\/nl\/wp-json\/wp\/v2\/tribe_events"}],"about":[{"href":"http:\/\/www.alliancerotterdam.nl\/nl\/wp-json\/wp\/v2\/types\/tribe_events"}],"version-history":[{"count":1,"href":"http:\/\/www.alliancerotterdam.nl\/nl\/wp-json\/wp\/v2\/tribe_events\/19672\/revisions"}],"predecessor-version":[{"id":35208,"href":"http:\/\/www.alliancerotterdam.nl\/nl\/wp-json\/wp\/v2\/tribe_events\/19672\/revisions\/35208"}],"wp:attachment":[{"href":"http:\/\/www.alliancerotterdam.nl\/nl\/wp-json\/wp\/v2\/media?parent=19672"}],"wp:term":[{"taxonomy":"post_tag","embeddable":true,"href":"http:\/\/www.alliancerotterdam.nl\/nl\/wp-json\/wp\/v2\/tags?post=19672"},{"taxonomy":"tribe_events_cat","embeddable":true,"href":"http:\/\/www.alliancerotterdam.nl\/nl\/wp-json\/wp\/v2\/tribe_events_cat?post=19672"}],"curies":[{"name":"wp","href":"https:\/\/api.w.org\/{rel}","templated":true}]}}

<p>Cette année, le <strong>festival PA’dam </strong>organisé par l’Alliance Française Amsterdam se tiendra du 13 au 20 mars 2025. Rejoignez le premier festival des Pays-Bas dédié à la <strong>scène musicale francophone !</strong></p>
<p>Le festival se délocalise à Rotterdam : découvrez le<strong> P&#8217;tit concert</strong>, un duo multi-instrumentiste &amp; vocal dédié aux enfants. Une programmation pensée pour les festivalier·es en herbe et leur famille !</p>
<p>Noam Perrier et Helena Delaflor unissent leur voix et leurs talents pour reprendre les plus grands classiques de la musique française. Guitare, accordéon, violon et percussions insolites sont réunis pour un concert de poche (30 min) pensé pour les enfants de 4 à 10 ans.</p>
<p>&nbsp;</p>
<ul>
<li>Le samedi 15 mars, à 10h</li>
<li>Pour les petits et les grands à partir de 4 ans</li>
<li><a href="https://www.alliancerotterdam.nl/produit/le-ptit-concert-padam-festival/">5€ par personne, réservez votre ticket ICI</a></li>
</ul>
<p>&nbsp;</p>
<hr />
<p>&nbsp;</p>
<p><em>Retrouvez toute la programmation PA&#8217;dam : </em></p>
<p><a href="https://www.instagram.com/iammarieflore/">Marie-Flore</a> — autrice, compositrice, interprète, multi-instrumentiste, manie une pop directe et immédiate, plus sensuelle que jamais. Riche des influences éclectiques qui ont jalonné son parcours (The Velvet Underground, Leonard Cohen, Gainsbourg, Christophe un mentor bienveillant avec lequel elle partage la même exigence), elle a cependant aimé se laisser emporter par les pop songs à grande échelle façon Dua Lipa.</p>
<ul>
<li><a href="https://www.paradiso.nl/programma/marie-flore-x-padam-festival/2492580">Tickets Marie-Flore — Paradiso Noord 13/03/2025</a></li>
</ul>
<div class="clearfix ce-textpic ce-right ce-intext">
<div class="ce-bodytext post">
<p><a href="https://www.instagram.com/georgeka_a/">George Ka</a> &#8211; Aussi touchante que charismatique, George Ka a commencé son parcours artistique dans les scènes slam et open mic de la région parisienne. Dès 2019, son projet se concrétise avec Saigon, une ode au multiculturalisme dont le clip, financé par une campagne participative, a dépassé les cent mille vues. Une certaine idée du féminisme est au cœur du message de la chanteuse. Influencée par le boom bap, le funk, la trap et la jungle, les musiques qui l&#8217;accompagnent sont enivrantes.</p>
</div>
</div>
<ul>
<li><a href="https://www.bitterzoet.com/event/george-ka/">George Ka — Bitterzoet 20/03/2025</a></li>
</ul>

<p>Cette année, le festival PA’dam organisé par l’Alliance Française Amsterdam se tiendra du 13 au 20 mars 2025. Rejoignez le premier festival des Pays-Bas dédié à la scène musicale francophone ! [&hellip;]</p>
