{"id":19138,"date":"2024-10-10T12:25:16","date_gmt":"2024-10-10T10:25:16","guid":{"rendered":"https:\/\/www.alliancerotterdam.nl\/?post_type=tribe_events&amp;p=19138"},"modified":"2024-10-10T12:25:16","modified_gmt":"2024-10-10T10:25:16","slug":"theatre-francophone-du-paillasson-considere-du-point-de-vue-des-herissons","status":"publish","type":"tribe_events","link":"http:\/\/www.alliancerotterdam.nl\/nl\/evennement\/theatre-francophone-du-paillasson-considere-du-point-de-vue-des-herissons\/","title":{"rendered":"Th\u00e9\u00e2tre francophone &#8211; Du paillasson consid\u00e9r\u00e9 du point de vue des h\u00e9rissons"},"content":{"rendered":"<div>\n<div>\n<div>\n<div dir=\"ltr\">\n<div>\n<p>Dans le cadre d\u2019une tourn\u00e9e aux Pays-Bas et d\u2019un partenariat inter-Alliance, la compagnie de th\u00e9\u00e2tre de l\u2019Alliance fran\u00e7aise de La Haye, le Th\u00e9\u00e2tre de l\u2019Avalanche passera par Rotterdam, le dimanche 10 novembre, \u00e0 15h, au Theater &#8217;t Kappeletje.<\/p>\n<\/div>\n<\/div>\n<\/div>\n<\/div>\n<\/div>\n<div dir=\"ltr\">\n<p>Laissez-vous tenter par : \u00ab\u00a0<i>Du paillasson consid\u00e9r\u00e9 du point de vue des h\u00e9rissons<\/i>\u00a0\u00bb, une pi\u00e8ce de Mat\u00e9i Visniec, adapt\u00e9e et mise en sc\u00e8ne par Pascal Milard et interpr\u00e9t\u00e9e par 12 acteurs fran\u00e7ais, n\u00e9erlandais et internationaux. Ce spectacle a connu un tr\u00e8s beau succ\u00e8s aupr\u00e8s du public de La Haye au d\u00e9but de cette ann\u00e9e.<\/p>\n<p>Il s\u2019agit d\u2019une com\u00e9die en fran\u00e7ais qui propose une dizaine de sayn\u00e8tes dans lesquelles circule une joyeuse folie douce et communicative. Si l\u2019absurde est au rendez-vous, il n\u2019est pas sans laisser un message po\u00e9tique que l\u2019on peut attraper au vol. Le ton de la pi\u00e8ce oscille volontairement entre des moments touchants et des vagues de pur comique d\u00e9lirant.<\/p>\n<\/div>\n<div dir=\"ltr\">\n<p><u><span lang=\"nl\">Le lieu<\/span><\/u><span lang=\"nl\">\u00a0: Theater &#8217;t Kapelletje (Van der Sluysstraat 156, Rotterdam)<\/span><\/p>\n<p><u>La date<\/u>\u00a0: le dimanche\u00a0<b>10 novembre\u00a0<\/b>2024<\/p>\n<\/div>\n<p>\u2013 Entr\u00e9e du public \u00e0 partir de 14h30<\/p>\n<p>\u2013 D\u00e9but du spectacle\u00a0<b>\u00e0 15h\u00a0<\/b><\/p>\n<p><u>Les r\u00e9servations<\/u> :<\/p>\n<p>Spectacle tout public (d\u00e8s 4 ans)<\/p>\n<p>Tarif tout public : 15\u20ac<\/p>\n<p>Tarif membres, \u00e9tudiants et moins de 18 ans : 10 \u20ac (utiliser le code : <span data-olk-copy-source=\"MessageBody\">AV2024)\u00a0<\/span><\/p>\n<p dir=\"ltr\"><a href=\"https:\/\/www.aflahaye.nl\/evenement\/?eventId=691#\/\">R\u00e9servation sur le site internet de l&#8217;Alliance Fran\u00e7aise de La Haye\u00a0<\/a><\/p>\n","protected":false},"excerpt":{"rendered":"<p>Dans le cadre d\u2019une tourn\u00e9e aux Pays-Bas et d\u2019un partenariat inter-Alliance, la compagnie de th\u00e9\u00e2tre de l\u2019Alliance fran\u00e7aise de La Haye, le Th\u00e9\u00e2tre de l\u2019Avalanche passera par Rotterdam, le dimanche [&hellip;]<\/p>\n","protected":false},"author":0,"featured_media":0,"template":"","meta":{"_et_pb_use_builder":"","_et_pb_old_content":"","_et_gb_content_width":"","_tribe_events_status":"","_tribe_events_status_reason":"","footnotes":""},"tags":[],"tribe_events_cat":[],"class_list":["post-19138","tribe_events","type-tribe_events","status-publish","hentry"],"_links":{"self":[{"href":"http:\/\/www.alliancerotterdam.nl\/nl\/wp-json\/wp\/v2\/tribe_events\/19138","targetHints":{"allow":["GET"]}}],"collection":[{"href":"http:\/\/www.alliancerotterdam.nl\/nl\/wp-json\/wp\/v2\/tribe_events"}],"about":[{"href":"http:\/\/www.alliancerotterdam.nl\/nl\/wp-json\/wp\/v2\/types\/tribe_events"}],"version-history":[{"count":0,"href":"http:\/\/www.alliancerotterdam.nl\/nl\/wp-json\/wp\/v2\/tribe_events\/19138\/revisions"}],"wp:attachment":[{"href":"http:\/\/www.alliancerotterdam.nl\/nl\/wp-json\/wp\/v2\/media?parent=19138"}],"wp:term":[{"taxonomy":"post_tag","embeddable":true,"href":"http:\/\/www.alliancerotterdam.nl\/nl\/wp-json\/wp\/v2\/tags?post=19138"},{"taxonomy":"tribe_events_cat","embeddable":true,"href":"http:\/\/www.alliancerotterdam.nl\/nl\/wp-json\/wp\/v2\/tribe_events_cat?post=19138"}],"curies":[{"name":"wp","href":"https:\/\/api.w.org\/{rel}","templated":true}]}}

Théâtre francophone &#8211; Du paillasson considéré du point de vue des hérissons

<div>
<div>
<div>
<div dir="ltr">
<div>
<p>Dans le cadre d’une tournée aux Pays-Bas et d’un partenariat inter-Alliance, la compagnie de théâtre de l’Alliance française de La Haye, le Théâtre de l’Avalanche passera par Rotterdam, le dimanche 10 novembre, à 15h, au Theater &#8217;t Kappeletje.</p>
</div>
</div>
</div>
</div>
</div>
<div dir="ltr">
<p>Laissez-vous tenter par : « <i>Du paillasson considéré du point de vue des hérissons</i> », une pièce de Matéi Visniec, adaptée et mise en scène par Pascal Milard et interprétée par 12 acteurs français, néerlandais et internationaux. Ce spectacle a connu un très beau succès auprès du public de La Haye au début de cette année.</p>
<p>Il s’agit d’une comédie en français qui propose une dizaine de saynètes dans lesquelles circule une joyeuse folie douce et communicative. Si l’absurde est au rendez-vous, il n’est pas sans laisser un message poétique que l’on peut attraper au vol. Le ton de la pièce oscille volontairement entre des moments touchants et des vagues de pur comique délirant.</p>
</div>
<div dir="ltr">
<p><u><span lang="nl">Le lieu</span></u><span lang="nl"> : Theater &#8217;t Kapelletje (Van der Sluysstraat 156, Rotterdam)</span></p>
<p><u>La date</u> : le dimanche <b>10 novembre </b>2024</p>
</div>
<p>– Entrée du public à partir de 14h30</p>
<p>– Début du spectacle <b>à 15h </b></p>
<p><u>Les réservations</u> :</p>
<p>Spectacle tout public (dès 4 ans)</p>
<p>Tarif tout public : 15€</p>
<p>Tarif membres, étudiants et moins de 18 ans : 10 € (utiliser le code : <span data-olk-copy-source="MessageBody">AV2024) </span></p>
<p dir="ltr"><a href="https://www.aflahaye.nl/evenement/?eventId=691#/">Réservation sur le site internet de l&#8217;Alliance Française de La Haye </a></p>

<p>Dans le cadre d’une tournée aux Pays-Bas et d’un partenariat inter-Alliance, la compagnie de théâtre de l’Alliance française de La Haye, le Théâtre de l’Avalanche passera par Rotterdam, le dimanche [&hellip;]</p>
