{"id":17347,"date":"2024-02-13T13:16:36","date_gmt":"2024-02-13T12:16:36","guid":{"rendered":"https:\/\/www.alliancerotterdam.nl\/?post_type=tribe_events&amp;p=17347"},"modified":"2024-02-13T13:16:36","modified_gmt":"2024-02-13T12:16:36","slug":"le-chene-et-le-roseau-thierry","status":"publish","type":"tribe_events","link":"http:\/\/www.alliancerotterdam.nl\/nl\/evennement\/le-chene-et-le-roseau-thierry\/","title":{"rendered":"Spectacle &#8211; Le Ch\u00eane et le Roseau"},"content":{"rendered":"<p class=\"\">L\u2019Alliance Fran\u00e7aise de Rotterdam est tr\u00e8s heureuse de vous proposer le spectacle \u00ab Le Ch\u00eane et le Roseau \u00bb, avec les com\u00e9diens Christophe Chaplet et Thierry Louyat.<\/p>\n<p class=\"\"><em>Rien ne sert de courir ; il faut partir \u00e0 point<\/em> ;\u00a0<em>La raison du plus fort est toujours la meilleure<\/em> ; <em>Tel est pris qui croyait prendre<\/em>, autant de proverbes \u00e9ternels issus des <em><strong>Fables de la Fontaine.<\/strong><\/em><\/p>\n<p>Pour re-d\u00e9couvrir ces fables captivantes et merveilleuses, venez assister \u00e0 ce spectacle qui donne vie aux r\u00e9flexions politiques, morales et philosophiques de ce po\u00e8te engag\u00e9 !<\/p>\n<p>Nous vous attendons nombreux autour de ces 21 fables ravissantes ou cruelles mais toujours autant d&#8217;actualit\u00e9 !\u00a0 L<strong>e samedi 9 mars \u00e0 19h30, \u00e0 l&#8217;Alliance Fran\u00e7aise de Rotterdam.<\/strong><\/p>\n<p><strong>Dur\u00e9e :<\/strong> une heure, suivie d&#8217;un verre et d&#8217;un temps d&#8217;\u00e9change avec les com\u00e9diens<\/p>\n<p>R\u00e9servez votre place<a href=\"https:\/\/www.alliancerotterdam.nl\/produit\/spectacle-le-chene-et-le-roseau\/\"> ICI<\/a> !<\/p>\n<p>&nbsp;<\/p>\n<h3 style=\"text-align: center\"><strong>Les r\u00e9actions du public<\/strong> &#x1f341;<\/h3>\n<p>&nbsp;<\/p>\n<p style=\"text-align: center\">&#8220;Quel plaisir de d\u00e9couvrir de beaux textes inconnus de La Fontaine!<br \/>\nQuelle joie de red\u00e9couvrir des fables maintes fois entendues et de faire remonter de doux souvenirs d\u2019enfance&#8221;<\/p>\n<p>&nbsp;<\/p>\n<p style=\"text-align: center\">&#8220;Un agr\u00e9able moment bien fran\u00e7ais! Retour \u00e0 nos origines culturelles, un pur moment de d\u00e9licatesse et d&#8217;esprit&#8221;<\/p>\n<p>&nbsp;<\/p>\n<p style=\"text-align: center\">\u201cBeau moment en pr\u00e9sence de l\u2019esprit de La Fontaine, port\u00e9 par deux com\u00e9diens &#x1f3ad; d\u2019une grande justesse\u201d<\/p>\n<p>&nbsp;<\/p>\n<p style=\"text-align: center\">&#8220;J&#8217;ai eu beaucoup de plaisir \u00e0 re-d\u00e9couvrir toutes ces fables, incarn\u00e9es avec simplicit\u00e9, espi\u00e8glerie et gourmandise par ces deux com\u00e9diens&#8221;<\/p>\n","protected":false},"excerpt":{"rendered":"<p>L\u2019Alliance Fran\u00e7aise de Rotterdam est tr\u00e8s heureuse de vous proposer le spectacle \u00ab Le Ch\u00eane et le Roseau \u00bb, avec les com\u00e9diens Christophe Chaplet et Thierry Louyat. Rien ne sert [&hellip;]<\/p>\n","protected":false},"author":1,"featured_media":17357,"template":"","meta":{"_et_pb_use_builder":"","_et_pb_old_content":"","_et_gb_content_width":"","_tribe_events_status":"","_tribe_events_status_reason":"","footnotes":""},"tags":[],"tribe_events_cat":[],"class_list":["post-17347","tribe_events","type-tribe_events","status-publish","has-post-thumbnail","hentry"],"_links":{"self":[{"href":"http:\/\/www.alliancerotterdam.nl\/nl\/wp-json\/wp\/v2\/tribe_events\/17347","targetHints":{"allow":["GET"]}}],"collection":[{"href":"http:\/\/www.alliancerotterdam.nl\/nl\/wp-json\/wp\/v2\/tribe_events"}],"about":[{"href":"http:\/\/www.alliancerotterdam.nl\/nl\/wp-json\/wp\/v2\/types\/tribe_events"}],"author":[{"embeddable":true,"href":"http:\/\/www.alliancerotterdam.nl\/nl\/wp-json\/wp\/v2\/users\/1"}],"version-history":[{"count":0,"href":"http:\/\/www.alliancerotterdam.nl\/nl\/wp-json\/wp\/v2\/tribe_events\/17347\/revisions"}],"wp:featuredmedia":[{"embeddable":true,"href":"http:\/\/www.alliancerotterdam.nl\/nl\/wp-json\/wp\/v2\/media\/17357"}],"wp:attachment":[{"href":"http:\/\/www.alliancerotterdam.nl\/nl\/wp-json\/wp\/v2\/media?parent=17347"}],"wp:term":[{"taxonomy":"post_tag","embeddable":true,"href":"http:\/\/www.alliancerotterdam.nl\/nl\/wp-json\/wp\/v2\/tags?post=17347"},{"taxonomy":"tribe_events_cat","embeddable":true,"href":"http:\/\/www.alliancerotterdam.nl\/nl\/wp-json\/wp\/v2\/tribe_events_cat?post=17347"}],"curies":[{"name":"wp","href":"https:\/\/api.w.org\/{rel}","templated":true}]}}

Spectacle &#8211; Le Chêne et le Roseau

<p class="">L’Alliance Française de Rotterdam est très heureuse de vous proposer le spectacle « Le Chêne et le Roseau », avec les comédiens Christophe Chaplet et Thierry Louyat.</p>
<p class=""><em>Rien ne sert de courir ; il faut partir à point</em> ; <em>La raison du plus fort est toujours la meilleure</em> ; <em>Tel est pris qui croyait prendre</em>, autant de proverbes éternels issus des <em><strong>Fables de la Fontaine.</strong></em></p>
<p>Pour re-découvrir ces fables captivantes et merveilleuses, venez assister à ce spectacle qui donne vie aux réflexions politiques, morales et philosophiques de ce poète engagé !</p>
<p>Nous vous attendons nombreux autour de ces 21 fables ravissantes ou cruelles mais toujours autant d&#8217;actualité !  L<strong>e samedi 9 mars à 19h30, à l&#8217;Alliance Française de Rotterdam.</strong></p>
<p><strong>Durée :</strong> une heure, suivie d&#8217;un verre et d&#8217;un temps d&#8217;échange avec les comédiens</p>
<p>Réservez votre place<a href="https://www.alliancerotterdam.nl/produit/spectacle-le-chene-et-le-roseau/"> ICI</a> !</p>
<p>&nbsp;</p>
<h3 style="text-align: center"><strong>Les réactions du public</strong> &#x1f341;</h3>
<p>&nbsp;</p>
<p style="text-align: center">&#8220;Quel plaisir de découvrir de beaux textes inconnus de La Fontaine!<br />
Quelle joie de redécouvrir des fables maintes fois entendues et de faire remonter de doux souvenirs d’enfance&#8221;</p>
<p>&nbsp;</p>
<p style="text-align: center">&#8220;Un agréable moment bien français! Retour à nos origines culturelles, un pur moment de délicatesse et d&#8217;esprit&#8221;</p>
<p>&nbsp;</p>
<p style="text-align: center">“Beau moment en présence de l’esprit de La Fontaine, porté par deux comédiens &#x1f3ad; d’une grande justesse”</p>
<p>&nbsp;</p>
<p style="text-align: center">&#8220;J&#8217;ai eu beaucoup de plaisir à re-découvrir toutes ces fables, incarnées avec simplicité, espièglerie et gourmandise par ces deux comédiens&#8221;</p>

<p>L’Alliance Française de Rotterdam est très heureuse de vous proposer le spectacle « Le Chêne et le Roseau », avec les comédiens Christophe Chaplet et Thierry Louyat. Rien ne sert [&hellip;]</p>
