{"id":34609,"date":"2025-12-18T17:06:25","date_gmt":"2025-12-18T16:06:25","guid":{"rendered":"https:\/\/www.alliancerotterdam.nl\/?post_type=tribe_events&#038;p=34609"},"modified":"2026-03-24T14:36:13","modified_gmt":"2026-03-24T13:36:13","slug":"cafe-de-lactu-20-mai","status":"publish","type":"tribe_events","link":"http:\/\/www.alliancerotterdam.nl\/en\/event\/cafe-de-lactu-20-mai\/","title":{"rendered":"Caf\u00e9 de l&#8217;actu &#8211; 20 mai"},"content":{"rendered":"<p>Pour d\u00e9crypter l\u2019actualit\u00e9, feuilleter le dernier magazine f\u00e9minin, discuter des sujets qui font la une des quotidiens ou d\u00e9couvrir les derni\u00e8res fake news, retrouvez-nous les mercredis matins devant un caf\u00e9 et un croissant. Histoire de comprendre les derniers enjeux politiques, environnementaux ou scientifiques, parler \u00e9ducation ou, plus l\u00e9g\u00e8rement, people.<\/p>\n<p>Mercredi 20 mai \u00e0 10h. Prix : 6\u20ac (avec le caf\u00e9 et le croissant)<\/p>\n<p><a href=\"https:\/\/www.alliancerotterdam.nl\/produit\/cafe-de-lactu-20-mai\/\">R\u00e9servez votre ticket ici !<\/a><\/p>\n","protected":false},"excerpt":{"rendered":"<p>Pour d\u00e9crypter l\u2019actualit\u00e9, feuilleter le dernier magazine f\u00e9minin, discuter des sujets qui font la une des quotidiens ou d\u00e9couvrir les derni\u00e8res fake news, retrouvez-nous les mercredis matins devant un caf\u00e9 [&hellip;]<\/p>\n","protected":false},"author":3,"featured_media":32856,"template":"","meta":{"_et_pb_use_builder":"","_et_pb_old_content":"","_et_gb_content_width":"","_tribe_events_status":"","_tribe_events_status_reason":"","footnotes":""},"tags":[],"tribe_events_cat":[],"class_list":["post-34609","tribe_events","type-tribe_events","status-publish","has-post-thumbnail","hentry"],"_links":{"self":[{"href":"http:\/\/www.alliancerotterdam.nl\/en\/wp-json\/wp\/v2\/tribe_events\/34609","targetHints":{"allow":["GET"]}}],"collection":[{"href":"http:\/\/www.alliancerotterdam.nl\/en\/wp-json\/wp\/v2\/tribe_events"}],"about":[{"href":"http:\/\/www.alliancerotterdam.nl\/en\/wp-json\/wp\/v2\/types\/tribe_events"}],"author":[{"embeddable":true,"href":"http:\/\/www.alliancerotterdam.nl\/en\/wp-json\/wp\/v2\/users\/3"}],"version-history":[{"count":3,"href":"http:\/\/www.alliancerotterdam.nl\/en\/wp-json\/wp\/v2\/tribe_events\/34609\/revisions"}],"predecessor-version":[{"id":35963,"href":"http:\/\/www.alliancerotterdam.nl\/en\/wp-json\/wp\/v2\/tribe_events\/34609\/revisions\/35963"}],"wp:featuredmedia":[{"embeddable":true,"href":"http:\/\/www.alliancerotterdam.nl\/en\/wp-json\/wp\/v2\/media\/32856"}],"wp:attachment":[{"href":"http:\/\/www.alliancerotterdam.nl\/en\/wp-json\/wp\/v2\/media?parent=34609"}],"wp:term":[{"taxonomy":"post_tag","embeddable":true,"href":"http:\/\/www.alliancerotterdam.nl\/en\/wp-json\/wp\/v2\/tags?post=34609"},{"taxonomy":"tribe_events_cat","embeddable":true,"href":"http:\/\/www.alliancerotterdam.nl\/en\/wp-json\/wp\/v2\/tribe_events_cat?post=34609"}],"curies":[{"name":"wp","href":"https:\/\/api.w.org\/{rel}","templated":true}]}}

Café de l&#8217;actu &#8211; 20 mai

<p>Pour décrypter l’actualité, feuilleter le dernier magazine féminin, discuter des sujets qui font la une des quotidiens ou découvrir les dernières fake news, retrouvez-nous les mercredis matins devant un café et un croissant. Histoire de comprendre les derniers enjeux politiques, environnementaux ou scientifiques, parler éducation ou, plus légèrement, people.</p>
<p>Mercredi 20 mai à 10h. Prix : 6€ (avec le café et le croissant)</p>
<p><a href="https://www.alliancerotterdam.nl/produit/cafe-de-lactu-20-mai/">Réservez votre ticket ici !</a></p>

<p>Pour décrypter l’actualité, feuilleter le dernier magazine féminin, discuter des sujets qui font la une des quotidiens ou découvrir les dernières fake news, retrouvez-nous les mercredis matins devant un café [&hellip;]</p>
