{"id":33756,"date":"2025-09-29T16:15:26","date_gmt":"2025-09-29T14:15:26","guid":{"rendered":"https:\/\/www.alliancerotterdam.nl\/?post_type=tribe_events&#038;p=33756"},"modified":"2025-09-29T16:15:26","modified_gmt":"2025-09-29T14:15:26","slug":"conference-oh-camille-claudel-1864-1943","status":"publish","type":"tribe_events","link":"http:\/\/www.alliancerotterdam.nl\/en\/event\/conference-oh-camille-claudel-1864-1943\/","title":{"rendered":"Conf\u00e9rence Oh ! : Camille Claudel (1864-1943)"},"content":{"rendered":"<p>Les Alliances Fran\u00e7aises du Portugal, d\u2019Espagne, de Pologne, de Belgique, des Pays-Bas ainsi que l\u2019Accueil de la Haye sont heureuses de s\u2019unir de nouveau afin de vous pr\u00e9senter une nouvelle rencontre d\u2019un cycle de conf\u00e9rences sur les incontournables de la culture fran\u00e7aise. Laissez-vous guider par Giulia FRANCESCHINI lors d\u2019une conf\u00e9rence en ligne sur la sculpteuse Camille Claudel (1864-1943).<\/p>\n<p>Pass\u00e9e \u00e0 l&#8217;histoire plut\u00f4t pour sa relation avec Rodin et ses 30 ans d&#8217;internement dans un h\u00f4pital psychiatrique, Camille Claudel et ses sculptures ressortent depuis quelques d\u00e9cennies de l&#8217;ombre du mythe rodinien. Elle fut une artiste au talent pr\u00e9coce et \u00e0 succ\u00e8s qui essaya de convoyer l&#8217;instant, le mouvement, le sentiment dans ses \u0153uvres. Gr\u00e2ce \u00e0 des livres, pi\u00e8ces de th\u00e9\u00e2tre et films, Camille Claudel est sortie peu \u00e0 peu de l&#8217;ombre de Rodin pour trouver sa place parmi les grands artistes des temps modernes.<\/p>\n<p><a href=\"https:\/\/events.teams.microsoft.com\/event\/30f2706c-a6a8-4457-aa86-80f9a1cee003@754c560a-81c5-43c4-892c-26f1fdc269ab\">Conf\u00e9rence en ligne, inscrivez-vous ICI !<\/a><\/p>\n","protected":false},"excerpt":{"rendered":"<p>Les Alliances Fran\u00e7aises du Portugal, d\u2019Espagne, de Pologne, de Belgique, des Pays-Bas ainsi que l\u2019Accueil de la Haye sont heureuses de s\u2019unir de nouveau afin de vous pr\u00e9senter une nouvelle [&hellip;]<\/p>\n","protected":false},"author":2,"featured_media":33757,"template":"","meta":{"_et_pb_use_builder":"","_et_pb_old_content":"","_et_gb_content_width":"","_tribe_events_status":"","_tribe_events_status_reason":"","footnotes":""},"tags":[],"tribe_events_cat":[],"class_list":["post-33756","tribe_events","type-tribe_events","status-publish","has-post-thumbnail","hentry"],"_links":{"self":[{"href":"http:\/\/www.alliancerotterdam.nl\/en\/wp-json\/wp\/v2\/tribe_events\/33756","targetHints":{"allow":["GET"]}}],"collection":[{"href":"http:\/\/www.alliancerotterdam.nl\/en\/wp-json\/wp\/v2\/tribe_events"}],"about":[{"href":"http:\/\/www.alliancerotterdam.nl\/en\/wp-json\/wp\/v2\/types\/tribe_events"}],"author":[{"embeddable":true,"href":"http:\/\/www.alliancerotterdam.nl\/en\/wp-json\/wp\/v2\/users\/2"}],"version-history":[{"count":1,"href":"http:\/\/www.alliancerotterdam.nl\/en\/wp-json\/wp\/v2\/tribe_events\/33756\/revisions"}],"predecessor-version":[{"id":33758,"href":"http:\/\/www.alliancerotterdam.nl\/en\/wp-json\/wp\/v2\/tribe_events\/33756\/revisions\/33758"}],"wp:featuredmedia":[{"embeddable":true,"href":"http:\/\/www.alliancerotterdam.nl\/en\/wp-json\/wp\/v2\/media\/33757"}],"wp:attachment":[{"href":"http:\/\/www.alliancerotterdam.nl\/en\/wp-json\/wp\/v2\/media?parent=33756"}],"wp:term":[{"taxonomy":"post_tag","embeddable":true,"href":"http:\/\/www.alliancerotterdam.nl\/en\/wp-json\/wp\/v2\/tags?post=33756"},{"taxonomy":"tribe_events_cat","embeddable":true,"href":"http:\/\/www.alliancerotterdam.nl\/en\/wp-json\/wp\/v2\/tribe_events_cat?post=33756"}],"curies":[{"name":"wp","href":"https:\/\/api.w.org\/{rel}","templated":true}]}}

Conférence Oh ! : Camille Claudel (1864-1943)

<p>Les Alliances Françaises du Portugal, d’Espagne, de Pologne, de Belgique, des Pays-Bas ainsi que l’Accueil de la Haye sont heureuses de s’unir de nouveau afin de vous présenter une nouvelle rencontre d’un cycle de conférences sur les incontournables de la culture française. Laissez-vous guider par Giulia FRANCESCHINI lors d’une conférence en ligne sur la sculpteuse Camille Claudel (1864-1943).</p>
<p>Passée à l&#8217;histoire plutôt pour sa relation avec Rodin et ses 30 ans d&#8217;internement dans un hôpital psychiatrique, Camille Claudel et ses sculptures ressortent depuis quelques décennies de l&#8217;ombre du mythe rodinien. Elle fut une artiste au talent précoce et à succès qui essaya de convoyer l&#8217;instant, le mouvement, le sentiment dans ses œuvres. Grâce à des livres, pièces de théâtre et films, Camille Claudel est sortie peu à peu de l&#8217;ombre de Rodin pour trouver sa place parmi les grands artistes des temps modernes.</p>
<p><a href="https://events.teams.microsoft.com/event/30f2706c-a6a8-4457-aa86-80f9a1cee003@754c560a-81c5-43c4-892c-26f1fdc269ab">Conférence en ligne, inscrivez-vous ICI !</a></p>

<p>Les Alliances Françaises du Portugal, d’Espagne, de Pologne, de Belgique, des Pays-Bas ainsi que l’Accueil de la Haye sont heureuses de s’unir de nouveau afin de vous présenter une nouvelle [&hellip;]</p>
