{"id":31464,"date":"2025-05-15T16:28:48","date_gmt":"2025-05-15T14:28:48","guid":{"rendered":"https:\/\/www.alliancerotterdam.nl\/?post_type=tribe_events&#038;p=31464"},"modified":"2025-05-26T17:41:53","modified_gmt":"2025-05-26T15:41:53","slug":"fete-de-la-musique-open-stage-karaoke","status":"publish","type":"tribe_events","link":"http:\/\/www.alliancerotterdam.nl\/en\/event\/fete-de-la-musique-open-stage-karaoke\/","title":{"rendered":"F\u00eate de la musique &#8211; Open stage &amp; Karaok\u00e9"},"content":{"rendered":"<p>To celebrate the opening of the garden of the Alliance Fran\u00e7aise Rotterdam, we invite you to meet us every Thursday in June!\ud83c\udf37\ud83c\udf7b<\/p>\n<p>Let&#8217;s celebrate the <em>F\u00eate de la musique<\/em> 2025 together, enjoy a relaxing and convivial moment over a French ap\u00e9ro (wine, beer, pastis, cider&#8230;). Join our open stage (registration still open) or our karaoke \ud83c\udf77\u2728<\/p>\n<p>The event is open to all, with teachers from the Alliance Fran\u00e7aise, Instituto Cervantes and Expedition Deutsch on hand to welcome you!<\/p>\n<p>Admission is free. Reservation on our website is not mandatory, but is highly recommended to make sure that everyone has a place. \ud83d\ude09<\/p>\n<p>\ud83d\udc49\u200b <a href=\"https:\/\/www.alliancerotterdam.nl\/produit\/fete-de-la-musique-open-stage-karaoke\/\">Reservation<\/a><\/p>\n<p>\u2501\u2501\u2501\u2501\u2501\u2501\u2501\u2501\u2501\u2501\u2501<br \/>\nPour f\u00eater l&#8217;ouverture du jardin de l&#8217;Alliance Fran\u00e7aise Rotterdam, nous vous donnons rendez-vous tous les jeudis du mois de juin ! \ud83c\udf37\ud83c\udf7b<\/p>\n<p>C\u00e9l\u00e9brons ensemble la F\u00eate de la musique 2025, profitez d&#8217;un moment d\u00e9tente et convivial autour d&#8217;un ap\u00e9ro fran\u00e7ais (vin, bi\u00e8re, pastis, cidre\u2026). Participez \u00e0 notre sc\u00e8ne ouverte (inscriptions encore possibles) ou \u00e0 notre karaok\u00e9 \ud83c\udf77\u2728<\/p>\n<p>Un rendez-vous ouvert \u00e0 tous, puisque les professeurs de l&#8217;Alliance Fran\u00e7aise, de l&#8217;Instituto Cervantes et de Expedition Deutsch seront pr\u00e9sents pour vous accueillir !<\/p>\n<p>L&#8217;entr\u00e9e est gratuite. La r\u00e9servation en avance sur notre site internet n&#8217;est pas obligatoire mais fortement recommand\u00e9e afin d&#8217;assurer une place \u00e0 tout le monde. \ud83d\ude09<\/p>\n<p>\ud83d\udc49\u200b <a href=\"https:\/\/www.alliancerotterdam.nl\/produit\/fete-de-la-musique-open-stage-karaoke\/\">R\u00e9servation\u00a0<\/a><\/p>\n","protected":false},"excerpt":{"rendered":"<p>To celebrate the opening of the garden of the Alliance Fran\u00e7aise Rotterdam, we invite you to meet us every Thursday in June!\ud83c\udf37\ud83c\udf7b Let&#8217;s celebrate the F\u00eate de la musique 2025 [&hellip;]<\/p>\n","protected":false},"author":2,"featured_media":0,"template":"","meta":{"_et_pb_use_builder":"","_et_pb_old_content":"","_et_gb_content_width":"","_tribe_events_status":"","_tribe_events_status_reason":"","footnotes":""},"tags":[],"tribe_events_cat":[],"class_list":["post-31464","tribe_events","type-tribe_events","status-publish","hentry"],"_links":{"self":[{"href":"http:\/\/www.alliancerotterdam.nl\/en\/wp-json\/wp\/v2\/tribe_events\/31464","targetHints":{"allow":["GET"]}}],"collection":[{"href":"http:\/\/www.alliancerotterdam.nl\/en\/wp-json\/wp\/v2\/tribe_events"}],"about":[{"href":"http:\/\/www.alliancerotterdam.nl\/en\/wp-json\/wp\/v2\/types\/tribe_events"}],"author":[{"embeddable":true,"href":"http:\/\/www.alliancerotterdam.nl\/en\/wp-json\/wp\/v2\/users\/2"}],"version-history":[{"count":1,"href":"http:\/\/www.alliancerotterdam.nl\/en\/wp-json\/wp\/v2\/tribe_events\/31464\/revisions"}],"predecessor-version":[{"id":31467,"href":"http:\/\/www.alliancerotterdam.nl\/en\/wp-json\/wp\/v2\/tribe_events\/31464\/revisions\/31467"}],"wp:attachment":[{"href":"http:\/\/www.alliancerotterdam.nl\/en\/wp-json\/wp\/v2\/media?parent=31464"}],"wp:term":[{"taxonomy":"post_tag","embeddable":true,"href":"http:\/\/www.alliancerotterdam.nl\/en\/wp-json\/wp\/v2\/tags?post=31464"},{"taxonomy":"tribe_events_cat","embeddable":true,"href":"http:\/\/www.alliancerotterdam.nl\/en\/wp-json\/wp\/v2\/tribe_events_cat?post=31464"}],"curies":[{"name":"wp","href":"https:\/\/api.w.org\/{rel}","templated":true}]}}

Fête de la musique &#8211; Open stage &amp; Karaoké

<p>To celebrate the opening of the garden of the Alliance Française Rotterdam, we invite you to meet us every Thursday in June!🌷🍻</p>
<p>Let&#8217;s celebrate the <em>Fête de la musique</em> 2025 together, enjoy a relaxing and convivial moment over a French apéro (wine, beer, pastis, cider&#8230;). Join our open stage (registration still open) or our karaoke 🍷✨</p>
<p>The event is open to all, with teachers from the Alliance Française, Instituto Cervantes and Expedition Deutsch on hand to welcome you!</p>
<p>Admission is free. Reservation on our website is not mandatory, but is highly recommended to make sure that everyone has a place. 😉</p>
<p>👉​ <a href="https://www.alliancerotterdam.nl/produit/fete-de-la-musique-open-stage-karaoke/">Reservation</a></p>
<p>━━━━━━━━━━━<br />
Pour fêter l&#8217;ouverture du jardin de l&#8217;Alliance Française Rotterdam, nous vous donnons rendez-vous tous les jeudis du mois de juin ! 🌷🍻</p>
<p>Célébrons ensemble la Fête de la musique 2025, profitez d&#8217;un moment détente et convivial autour d&#8217;un apéro français (vin, bière, pastis, cidre…). Participez à notre scène ouverte (inscriptions encore possibles) ou à notre karaoké 🍷✨</p>
<p>Un rendez-vous ouvert à tous, puisque les professeurs de l&#8217;Alliance Française, de l&#8217;Instituto Cervantes et de Expedition Deutsch seront présents pour vous accueillir !</p>
<p>L&#8217;entrée est gratuite. La réservation en avance sur notre site internet n&#8217;est pas obligatoire mais fortement recommandée afin d&#8217;assurer une place à tout le monde. 😉</p>
<p>👉​ <a href="https://www.alliancerotterdam.nl/produit/fete-de-la-musique-open-stage-karaoke/">Réservation </a></p>

<p>To celebrate the opening of the garden of the Alliance Française Rotterdam, we invite you to meet us every Thursday in June!🌷🍻 Let&#8217;s celebrate the Fête de la musique 2025 [&hellip;]</p>
