{"id":31460,"date":"2025-05-15T16:15:49","date_gmt":"2025-05-15T14:15:49","guid":{"rendered":"https:\/\/www.alliancerotterdam.nl\/?post_type=tribe_events&#038;p=31460"},"modified":"2025-06-17T15:49:29","modified_gmt":"2025-06-17T13:49:29","slug":"afterwork-french-apero-bbq","status":"publish","type":"tribe_events","link":"http:\/\/www.alliancerotterdam.nl\/en\/event\/afterwork-french-apero-bbq\/","title":{"rendered":"Afterwork &#8211; French ap\u00e9ro &amp; BBQ"},"content":{"rendered":"<p>To celebrate the opening of the garden of the Alliance Fran\u00e7aise Rotterdam, we invite you to meet us every Thursday in June for an Afterwork!\ud83c\udf37\ud83c\udf7b<\/p>\n<p>The last date is Thursday 16 June 2025. Come and enjoy a relaxing and convivial moment over a French ap\u00e9ro (wine, beer, pastis, cider, etc.) with a BBQ\ud83c\udf77\u2728<\/p>\n<p>The event is open to all, with teachers from the Alliance Fran\u00e7aise, Instituto Cervantes and Expedition Deutsch on hand to welcome you!<\/p>\n<p>Feel free to join us for a drink and book your BBQ <strong>before June 25.\u00a0<\/strong><\/p>\n<p>Advance booking on our website is only mandatory for the BBQ formula, drinks are on sale on site \ud83d\ude09<\/p>\n<p>\ud83d\udc49\u200b <a href=\"https:\/\/www.alliancerotterdam.nl\/produit\/afterwork-french-apero-bbq\/\">Reservation BBQ formula (2 meat skewer, salades and roasted veggies)\u00a0<\/a><\/p>\n<p>\ud83d\udc49\u200b <a href=\"https:\/\/www.alliancerotterdam.nl\/produit\/afterwork-french-apero-bbq-vegetarien\/\">Reservation BBQ formula vegetarian (2 vegetarian skewer, salades and roasted veggies)\u00a0<\/a><\/p>\n<p>\u2501\u2501\u2501\u2501\u2501\u2501\u2501\u2501\u2501\u2501\u2501<br \/>\nPour f\u00eater l&#8217;ouverture du jardin de l&#8217;Alliance Fran\u00e7aise Rotterdam, nous vous donnons rendez-vous tous les jeudis du mois de juin pour des Afterwork ! \ud83c\udf37\ud83c\udf7b<\/p>\n<p>Derni\u00e8re date le jeudi 26 juin 2025. Venez profiter d&#8217;un moment d\u00e9tente et convivial autour d&#8217;un ap\u00e9ro fran\u00e7ais (vin, bi\u00e8re, pastis, cidre\u2026) et d&#8217;un BBQ\ud83c\udf77\u2728<\/p>\n<p>Un rendez-vous ouvert \u00e0 tous, puisque les professeurs de l&#8217;Alliance Fran\u00e7aise, de l&#8217;Instituto Cervantes et de Expedition Deutsch seront pr\u00e9sents pour vous accueillir !<\/p>\n<p>N&#8217;h\u00e9sitez pas \u00e0 passer prendre un verre avec nous et \u00e0 r\u00e9servez votre formule BBQ avant<strong> le mercredi 25 juin.\u00a0<\/strong><\/p>\n<p>La r\u00e9servation en avance sur notre site internet est seulement obligatoire pour la formule barbecue, les boissons sont en vente sur place. \ud83d\ude09<\/p>\n<p>\ud83d\udc49\u200b <a href=\"https:\/\/www.alliancerotterdam.nl\/produit\/afterwork-french-apero-bbq\/\">R\u00e9servation formule BBQ (2 brochettes viande, salade et l\u00e9gumes grill\u00e9s)<\/a><\/p>\n<p>\ud83d\udc49\u200b <a href=\"https:\/\/www.alliancerotterdam.nl\/produit\/afterwork-french-apero-bbq-vegetarien\/\">R\u00e9servation formule BBQ v\u00e9g\u00e9 (2 brochettes v\u00e9g\u00e9tariennes, salade et l\u00e9gumes grill\u00e9s)<\/a><\/p>\n","protected":false},"excerpt":{"rendered":"<p>To celebrate the opening of the garden of the Alliance Fran\u00e7aise Rotterdam, we invite you to meet us every Thursday in June for an Afterwork!\ud83c\udf37\ud83c\udf7b The last date is Thursday [&hellip;]<\/p>\n","protected":false},"author":2,"featured_media":0,"template":"","meta":{"_et_pb_use_builder":"","_et_pb_old_content":"","_et_gb_content_width":"","_tribe_events_status":"","_tribe_events_status_reason":"","footnotes":""},"tags":[],"tribe_events_cat":[],"class_list":["post-31460","tribe_events","type-tribe_events","status-publish","hentry"],"_links":{"self":[{"href":"http:\/\/www.alliancerotterdam.nl\/en\/wp-json\/wp\/v2\/tribe_events\/31460","targetHints":{"allow":["GET"]}}],"collection":[{"href":"http:\/\/www.alliancerotterdam.nl\/en\/wp-json\/wp\/v2\/tribe_events"}],"about":[{"href":"http:\/\/www.alliancerotterdam.nl\/en\/wp-json\/wp\/v2\/types\/tribe_events"}],"author":[{"embeddable":true,"href":"http:\/\/www.alliancerotterdam.nl\/en\/wp-json\/wp\/v2\/users\/2"}],"version-history":[{"count":7,"href":"http:\/\/www.alliancerotterdam.nl\/en\/wp-json\/wp\/v2\/tribe_events\/31460\/revisions"}],"predecessor-version":[{"id":31821,"href":"http:\/\/www.alliancerotterdam.nl\/en\/wp-json\/wp\/v2\/tribe_events\/31460\/revisions\/31821"}],"wp:attachment":[{"href":"http:\/\/www.alliancerotterdam.nl\/en\/wp-json\/wp\/v2\/media?parent=31460"}],"wp:term":[{"taxonomy":"post_tag","embeddable":true,"href":"http:\/\/www.alliancerotterdam.nl\/en\/wp-json\/wp\/v2\/tags?post=31460"},{"taxonomy":"tribe_events_cat","embeddable":true,"href":"http:\/\/www.alliancerotterdam.nl\/en\/wp-json\/wp\/v2\/tribe_events_cat?post=31460"}],"curies":[{"name":"wp","href":"https:\/\/api.w.org\/{rel}","templated":true}]}}

Afterwork &#8211; French apéro &amp; BBQ

<p>To celebrate the opening of the garden of the Alliance Française Rotterdam, we invite you to meet us every Thursday in June for an Afterwork!🌷🍻</p>
<p>The last date is Thursday 16 June 2025. Come and enjoy a relaxing and convivial moment over a French apéro (wine, beer, pastis, cider, etc.) with a BBQ🍷✨</p>
<p>The event is open to all, with teachers from the Alliance Française, Instituto Cervantes and Expedition Deutsch on hand to welcome you!</p>
<p>Feel free to join us for a drink and book your BBQ <strong>before June 25. </strong></p>
<p>Advance booking on our website is only mandatory for the BBQ formula, drinks are on sale on site 😉</p>
<p>👉​ <a href="https://www.alliancerotterdam.nl/produit/afterwork-french-apero-bbq/">Reservation BBQ formula (2 meat skewer, salades and roasted veggies) </a></p>
<p>👉​ <a href="https://www.alliancerotterdam.nl/produit/afterwork-french-apero-bbq-vegetarien/">Reservation BBQ formula vegetarian (2 vegetarian skewer, salades and roasted veggies) </a></p>
<p>━━━━━━━━━━━<br />
Pour fêter l&#8217;ouverture du jardin de l&#8217;Alliance Française Rotterdam, nous vous donnons rendez-vous tous les jeudis du mois de juin pour des Afterwork ! 🌷🍻</p>
<p>Dernière date le jeudi 26 juin 2025. Venez profiter d&#8217;un moment détente et convivial autour d&#8217;un apéro français (vin, bière, pastis, cidre…) et d&#8217;un BBQ🍷✨</p>
<p>Un rendez-vous ouvert à tous, puisque les professeurs de l&#8217;Alliance Française, de l&#8217;Instituto Cervantes et de Expedition Deutsch seront présents pour vous accueillir !</p>
<p>N&#8217;hésitez pas à passer prendre un verre avec nous et à réservez votre formule BBQ avant<strong> le mercredi 25 juin. </strong></p>
<p>La réservation en avance sur notre site internet est seulement obligatoire pour la formule barbecue, les boissons sont en vente sur place. 😉</p>
<p>👉​ <a href="https://www.alliancerotterdam.nl/produit/afterwork-french-apero-bbq/">Réservation formule BBQ (2 brochettes viande, salade et légumes grillés)</a></p>
<p>👉​ <a href="https://www.alliancerotterdam.nl/produit/afterwork-french-apero-bbq-vegetarien/">Réservation formule BBQ végé (2 brochettes végétariennes, salade et légumes grillés)</a></p>

<p>To celebrate the opening of the garden of the Alliance Française Rotterdam, we invite you to meet us every Thursday in June for an Afterwork!🌷🍻 The last date is Thursday [&hellip;]</p>
