{"id":31434,"date":"2025-05-12T16:18:56","date_gmt":"2025-05-12T14:18:56","guid":{"rendered":"https:\/\/www.alliancerotterdam.nl\/?post_type=tribe_events&#038;p=31434"},"modified":"2025-05-15T16:09:43","modified_gmt":"2025-05-15T14:09:43","slug":"afterwok-apero-pub-quizz","status":"publish","type":"tribe_events","link":"http:\/\/www.alliancerotterdam.nl\/en\/event\/afterwok-apero-pub-quizz\/","title":{"rendered":"Afterwok &#8211; Ap\u00e9ro &amp; Pub quiz"},"content":{"rendered":"<p>To celebrate the opening of the garden of the Alliance Fran\u00e7aise Rotterdam, we invite you to meet us every Thursday in June for an Afterwork!\ud83c\udf37\ud83c\udf7b<\/p>\n<p>The first date is Thursday 5 June 2025. Come and enjoy a relaxing and convivial moment over a French ap\u00e9ro (wine, beer, pastis, cider, etc.) with charcuterie and cheese boards. \ud83c\udf77\u2728<\/p>\n<p>The event is open to all, with teachers from the Alliance Fran\u00e7aise, Instituto Cervantes and Expedition Deutsch on hand to welcome you!<\/p>\n<p>Admission is free. Reservation on our website is not mandatory, but is highly recommended to make sure that everyone has a place. \ud83d\ude09<\/p>\n<p>\ud83d\udc49\u200b <a href=\"https:\/\/www.alliancerotterdam.nl\/produit\/afterwok-apero-pub-quizz\/\">Reservation\u00a0<\/a><br \/>\n\u2501\u2501\u2501\u2501\u2501\u2501\u2501\u2501\u2501\u2501\u2501<br \/>\nPour f\u00eater l&#8217;ouverture du jardin de l&#8217;Alliance Fran\u00e7aise Rotterdam, nous vous donnons rendez-vous tous les jeudis du mois de juin pour des Afterwork ! \ud83c\udf37\ud83c\udf7b<\/p>\n<p>Premi\u00e8re date le jeudi 5 juin 2025. Venez profiter d&#8217;un moment d\u00e9tente et convivial autour d&#8217;un ap\u00e9ro fran\u00e7ais (vin, bi\u00e8re, pastis, cidre\u2026) accompagn\u00e9 de planches de charcuterie et fromages. \ud83c\udf77\u2728<\/p>\n<p>Un rendez-vous ouvert \u00e0 tous, puisque les professeurs de l&#8217;Alliance Fran\u00e7aise, de l&#8217;Instituto Cervantes et de Expedition Deutsch seront pr\u00e9sents pour vous accueillir !<\/p>\n<p>L&#8217;entr\u00e9e est gratuite. La r\u00e9servation en avance sur notre site internet n&#8217;est pas obligatoire mais fortement recommand\u00e9e afin d&#8217;assurer une place \u00e0 tout le monde. \ud83d\ude09<\/p>\n<p>\ud83d\udc49\u200b <a href=\"https:\/\/www.alliancerotterdam.nl\/produit\/afterwok-apero-pub-quizz\/\">R\u00e9servation<\/a><\/p>\n","protected":false},"excerpt":{"rendered":"<p>To celebrate the opening of the garden of the Alliance Fran\u00e7aise Rotterdam, we invite you to meet us every Thursday in June for an Afterwork!\ud83c\udf37\ud83c\udf7b The first date is Thursday [&hellip;]<\/p>\n","protected":false},"author":2,"featured_media":0,"template":"","meta":{"_et_pb_use_builder":"","_et_pb_old_content":"","_et_gb_content_width":"","_tribe_events_status":"","_tribe_events_status_reason":"","footnotes":""},"tags":[],"tribe_events_cat":[],"class_list":["post-31434","tribe_events","type-tribe_events","status-publish","hentry"],"_links":{"self":[{"href":"http:\/\/www.alliancerotterdam.nl\/en\/wp-json\/wp\/v2\/tribe_events\/31434","targetHints":{"allow":["GET"]}}],"collection":[{"href":"http:\/\/www.alliancerotterdam.nl\/en\/wp-json\/wp\/v2\/tribe_events"}],"about":[{"href":"http:\/\/www.alliancerotterdam.nl\/en\/wp-json\/wp\/v2\/types\/tribe_events"}],"author":[{"embeddable":true,"href":"http:\/\/www.alliancerotterdam.nl\/en\/wp-json\/wp\/v2\/users\/2"}],"version-history":[{"count":4,"href":"http:\/\/www.alliancerotterdam.nl\/en\/wp-json\/wp\/v2\/tribe_events\/31434\/revisions"}],"predecessor-version":[{"id":31459,"href":"http:\/\/www.alliancerotterdam.nl\/en\/wp-json\/wp\/v2\/tribe_events\/31434\/revisions\/31459"}],"wp:attachment":[{"href":"http:\/\/www.alliancerotterdam.nl\/en\/wp-json\/wp\/v2\/media?parent=31434"}],"wp:term":[{"taxonomy":"post_tag","embeddable":true,"href":"http:\/\/www.alliancerotterdam.nl\/en\/wp-json\/wp\/v2\/tags?post=31434"},{"taxonomy":"tribe_events_cat","embeddable":true,"href":"http:\/\/www.alliancerotterdam.nl\/en\/wp-json\/wp\/v2\/tribe_events_cat?post=31434"}],"curies":[{"name":"wp","href":"https:\/\/api.w.org\/{rel}","templated":true}]}}

Afterwok &#8211; Apéro &amp; Pub quiz

<p>To celebrate the opening of the garden of the Alliance Française Rotterdam, we invite you to meet us every Thursday in June for an Afterwork!🌷🍻</p>
<p>The first date is Thursday 5 June 2025. Come and enjoy a relaxing and convivial moment over a French apéro (wine, beer, pastis, cider, etc.) with charcuterie and cheese boards. 🍷✨</p>
<p>The event is open to all, with teachers from the Alliance Française, Instituto Cervantes and Expedition Deutsch on hand to welcome you!</p>
<p>Admission is free. Reservation on our website is not mandatory, but is highly recommended to make sure that everyone has a place. 😉</p>
<p>👉​ <a href="https://www.alliancerotterdam.nl/produit/afterwok-apero-pub-quizz/">Reservation </a><br />
━━━━━━━━━━━<br />
Pour fêter l&#8217;ouverture du jardin de l&#8217;Alliance Française Rotterdam, nous vous donnons rendez-vous tous les jeudis du mois de juin pour des Afterwork ! 🌷🍻</p>
<p>Première date le jeudi 5 juin 2025. Venez profiter d&#8217;un moment détente et convivial autour d&#8217;un apéro français (vin, bière, pastis, cidre…) accompagné de planches de charcuterie et fromages. 🍷✨</p>
<p>Un rendez-vous ouvert à tous, puisque les professeurs de l&#8217;Alliance Française, de l&#8217;Instituto Cervantes et de Expedition Deutsch seront présents pour vous accueillir !</p>
<p>L&#8217;entrée est gratuite. La réservation en avance sur notre site internet n&#8217;est pas obligatoire mais fortement recommandée afin d&#8217;assurer une place à tout le monde. 😉</p>
<p>👉​ <a href="https://www.alliancerotterdam.nl/produit/afterwok-apero-pub-quizz/">Réservation</a></p>

<p>To celebrate the opening of the garden of the Alliance Française Rotterdam, we invite you to meet us every Thursday in June for an Afterwork!🌷🍻 The first date is Thursday [&hellip;]</p>
