{"id":31029,"date":"2025-04-22T13:15:58","date_gmt":"2025-04-22T11:15:58","guid":{"rendered":"https:\/\/www.alliancerotterdam.nl\/?post_type=tribe_events&#038;p=31029"},"modified":"2025-06-02T18:26:48","modified_gmt":"2025-06-02T16:26:48","slug":"cafe-poussette-2","status":"publish","type":"tribe_events","link":"http:\/\/www.alliancerotterdam.nl\/en\/event\/cafe-poussette-2\/","title":{"rendered":"Caf\u00e9 poussette"},"content":{"rendered":"<p>Nous avons le plaisir de vous inviter \u00e0 notre caf\u00e9 poussette !<\/p>\n<p>Nous vous accueillons dans notre nouvelle biblioth\u00e8que pour un moment convivial entre parents-enfants francophones de Rotterdam.<\/p>\n<p><span class=\"OYPEnA font-feature-liga-off font-feature-clig-off font-feature-calt-off text-decoration-none text-strikethrough-none\">Venez papotez autour d\u2019un caf\u00e9\/th\u00e9 &amp; croissant, faites de nouvelles rencontres et profitez-en pour d\u00e9couvrir toute notre collection de livres en fran\u00e7ais pour les petits et tout-petits.\u00a0<\/span><\/p>\n<p>R\u00e9servez votre place ici \ud83d\ude09\u00a0<a href=\"https:\/\/www.alliancerotterdam.nl\/?post_type=product&amp;p=31633&amp;preview=true\">6\u20ac par famille (caf\u00e9\/th\u00e9 &amp; croissant inclus)\u00a0<\/a><\/p>\n","protected":false},"excerpt":{"rendered":"<p>Nous avons le plaisir de vous inviter \u00e0 notre caf\u00e9 poussette ! Nous vous accueillons dans notre nouvelle biblioth\u00e8que pour un moment convivial entre parents-enfants francophones de Rotterdam. Venez papotez [&hellip;]<\/p>\n","protected":false},"author":2,"featured_media":0,"template":"","meta":{"_et_pb_use_builder":"","_et_pb_old_content":"","_et_gb_content_width":"","_tribe_events_status":"","_tribe_events_status_reason":"","footnotes":""},"tags":[],"tribe_events_cat":[],"class_list":["post-31029","tribe_events","type-tribe_events","status-publish","hentry"],"_links":{"self":[{"href":"http:\/\/www.alliancerotterdam.nl\/en\/wp-json\/wp\/v2\/tribe_events\/31029","targetHints":{"allow":["GET"]}}],"collection":[{"href":"http:\/\/www.alliancerotterdam.nl\/en\/wp-json\/wp\/v2\/tribe_events"}],"about":[{"href":"http:\/\/www.alliancerotterdam.nl\/en\/wp-json\/wp\/v2\/types\/tribe_events"}],"author":[{"embeddable":true,"href":"http:\/\/www.alliancerotterdam.nl\/en\/wp-json\/wp\/v2\/users\/2"}],"version-history":[{"count":4,"href":"http:\/\/www.alliancerotterdam.nl\/en\/wp-json\/wp\/v2\/tribe_events\/31029\/revisions"}],"predecessor-version":[{"id":31635,"href":"http:\/\/www.alliancerotterdam.nl\/en\/wp-json\/wp\/v2\/tribe_events\/31029\/revisions\/31635"}],"wp:attachment":[{"href":"http:\/\/www.alliancerotterdam.nl\/en\/wp-json\/wp\/v2\/media?parent=31029"}],"wp:term":[{"taxonomy":"post_tag","embeddable":true,"href":"http:\/\/www.alliancerotterdam.nl\/en\/wp-json\/wp\/v2\/tags?post=31029"},{"taxonomy":"tribe_events_cat","embeddable":true,"href":"http:\/\/www.alliancerotterdam.nl\/en\/wp-json\/wp\/v2\/tribe_events_cat?post=31029"}],"curies":[{"name":"wp","href":"https:\/\/api.w.org\/{rel}","templated":true}]}}

Café poussette

<p>Nous avons le plaisir de vous inviter à notre café poussette !</p>
<p>Nous vous accueillons dans notre nouvelle bibliothèque pour un moment convivial entre parents-enfants francophones de Rotterdam.</p>
<p><span class="OYPEnA font-feature-liga-off font-feature-clig-off font-feature-calt-off text-decoration-none text-strikethrough-none">Venez papotez autour d’un café/thé &amp; croissant, faites de nouvelles rencontres et profitez-en pour découvrir toute notre collection de livres en français pour les petits et tout-petits. </span></p>
<p>Réservez votre place ici 😉 <a href="https://www.alliancerotterdam.nl/?post_type=product&amp;p=31633&amp;preview=true">6€ par famille (café/thé &amp; croissant inclus) </a></p>

<p>Nous avons le plaisir de vous inviter à notre café poussette ! Nous vous accueillons dans notre nouvelle bibliothèque pour un moment convivial entre parents-enfants francophones de Rotterdam. Venez papotez [&hellip;]</p>
