{"id":30651,"date":"2025-04-03T13:41:42","date_gmt":"2025-04-03T11:41:42","guid":{"rendered":"https:\/\/www.alliancerotterdam.nl\/?post_type=tribe_events&#038;p=30651"},"modified":"2025-04-03T13:43:51","modified_gmt":"2025-04-03T11:43:51","slug":"chasse-aux-oeufs-de-paques","status":"publish","type":"tribe_events","link":"http:\/\/www.alliancerotterdam.nl\/en\/event\/chasse-aux-oeufs-de-paques\/","title":{"rendered":"Chasse aux oeufs de P\u00e2ques !"},"content":{"rendered":"<p>\ud83d\udc30\u2728 Cloches ou Lapin ? \u2728\ud83d\udd14<\/p>\n<p>Cette ann\u00e9e, l&#8217;Alliance Fran\u00e7aise Rotterdam organise dans son jardin une chasse aux \u0153ufs de P\u00e2ques ! \ud83c\udf38\ud83e\udd5a\ud83d\udc07<\/p>\n<p>\ud83d\udcc5 Date : 12 avril 2025 \u00e0 10h<br \/>\n\ud83d\udccd Lieu : Alliance Fran\u00e7aise Rotterdam<br \/>\n<a href=\"https:\/\/www.alliancerotterdam.nl\/produit\/chasse-aux-oeufs-de-paques\/\">\ud83c\udf9f Entr\u00e9e : 5\u20ac<\/a><\/p>\n<p>Rejoignez-nous pour une matin\u00e9e pleine de surprises organis\u00e9e pour les enfants fran\u00e7ais et leurs amis du monde entier ! \ud83c\udf6b\ud83c\udf37<\/p>\n<p>Qui trouvera le plus d&#8217;\u0153ufs ? \ud83d\udc23<\/p>\n<p>&#8212;&#8212;&#8212;&#8212;&#8212;&#8212;&#8212;&#8212;&#8212;&#8212;&#8212;&#8212;&#8212;&#8211;<\/p>\n<p>ENG \ud83d\udc30\u2728 Easter bells or Easter bunny? \u2728\ud83d\udd14<\/p>\n<p>This year, the Alliance Fran\u00e7aise Rotterdam is organising an Easter egg hunt in its garden! \ud83c\udf38\ud83e\udd5a\ud83d\udc07<\/p>\n<p>\ud83d\udcc5 Date: 12 April 2025 at 10am<br \/>\n\ud83d\udccd Location: Alliance Fran\u00e7aise Rotterdam<br \/>\n<a href=\"https:\/\/www.alliancerotterdam.nl\/produit\/chasse-aux-oeufs-de-paques\/\">\ud83c\udf9f Entry: \u20ac5<\/a><\/p>\n<p>Join us for a morning full of surprises organised for French children and their friends from all over the world! \ud83c\udf6b\ud83c\udf37<\/p>\n<p>Who will find the most eggs? \ud83d\udc23<\/p>\n","protected":false},"excerpt":{"rendered":"<p>\ud83d\udc30\u2728 Cloches ou Lapin ? \u2728\ud83d\udd14 Cette ann\u00e9e, l&#8217;Alliance Fran\u00e7aise Rotterdam organise dans son jardin une chasse aux \u0153ufs de P\u00e2ques ! \ud83c\udf38\ud83e\udd5a\ud83d\udc07 \ud83d\udcc5 Date : 12 avril 2025 \u00e0 [&hellip;]<\/p>\n","protected":false},"author":2,"featured_media":0,"template":"","meta":{"_et_pb_use_builder":"","_et_pb_old_content":"","_et_gb_content_width":"","_tribe_events_status":"","_tribe_events_status_reason":"","footnotes":""},"tags":[],"tribe_events_cat":[],"class_list":["post-30651","tribe_events","type-tribe_events","status-publish","hentry"],"_links":{"self":[{"href":"http:\/\/www.alliancerotterdam.nl\/en\/wp-json\/wp\/v2\/tribe_events\/30651","targetHints":{"allow":["GET"]}}],"collection":[{"href":"http:\/\/www.alliancerotterdam.nl\/en\/wp-json\/wp\/v2\/tribe_events"}],"about":[{"href":"http:\/\/www.alliancerotterdam.nl\/en\/wp-json\/wp\/v2\/types\/tribe_events"}],"author":[{"embeddable":true,"href":"http:\/\/www.alliancerotterdam.nl\/en\/wp-json\/wp\/v2\/users\/2"}],"version-history":[{"count":3,"href":"http:\/\/www.alliancerotterdam.nl\/en\/wp-json\/wp\/v2\/tribe_events\/30651\/revisions"}],"predecessor-version":[{"id":30656,"href":"http:\/\/www.alliancerotterdam.nl\/en\/wp-json\/wp\/v2\/tribe_events\/30651\/revisions\/30656"}],"wp:attachment":[{"href":"http:\/\/www.alliancerotterdam.nl\/en\/wp-json\/wp\/v2\/media?parent=30651"}],"wp:term":[{"taxonomy":"post_tag","embeddable":true,"href":"http:\/\/www.alliancerotterdam.nl\/en\/wp-json\/wp\/v2\/tags?post=30651"},{"taxonomy":"tribe_events_cat","embeddable":true,"href":"http:\/\/www.alliancerotterdam.nl\/en\/wp-json\/wp\/v2\/tribe_events_cat?post=30651"}],"curies":[{"name":"wp","href":"https:\/\/api.w.org\/{rel}","templated":true}]}}

Chasse aux oeufs de Pâques !

<p>🐰✨ Cloches ou Lapin ? ✨🔔</p>
<p>Cette année, l&#8217;Alliance Française Rotterdam organise dans son jardin une chasse aux œufs de Pâques ! 🌸🥚🐇</p>
<p>📅 Date : 12 avril 2025 à 10h<br />
📍 Lieu : Alliance Française Rotterdam<br />
<a href="https://www.alliancerotterdam.nl/produit/chasse-aux-oeufs-de-paques/">🎟 Entrée : 5€</a></p>
<p>Rejoignez-nous pour une matinée pleine de surprises organisée pour les enfants français et leurs amis du monde entier ! 🍫🌷</p>
<p>Qui trouvera le plus d&#8217;œufs ? 🐣</p>
<p>&#8212;&#8212;&#8212;&#8212;&#8212;&#8212;&#8212;&#8212;&#8212;&#8212;&#8212;&#8212;&#8212;&#8211;</p>
<p>ENG 🐰✨ Easter bells or Easter bunny? ✨🔔</p>
<p>This year, the Alliance Française Rotterdam is organising an Easter egg hunt in its garden! 🌸🥚🐇</p>
<p>📅 Date: 12 April 2025 at 10am<br />
📍 Location: Alliance Française Rotterdam<br />
<a href="https://www.alliancerotterdam.nl/produit/chasse-aux-oeufs-de-paques/">🎟 Entry: €5</a></p>
<p>Join us for a morning full of surprises organised for French children and their friends from all over the world! 🍫🌷</p>
<p>Who will find the most eggs? 🐣</p>

<p>🐰✨ Cloches ou Lapin ? ✨🔔 Cette année, l&#8217;Alliance Française Rotterdam organise dans son jardin une chasse aux œufs de Pâques ! 🌸🥚🐇 📅 Date : 12 avril 2025 à [&hellip;]</p>
