{"id":19329,"date":"2024-10-15T12:43:56","date_gmt":"2024-10-15T10:43:56","guid":{"rendered":"https:\/\/www.alliancerotterdam.nl\/?post_type=tribe_events&#038;p=19171"},"modified":"2024-11-28T18:25:10","modified_gmt":"2024-11-28T17:25:10","slug":"exposition-reel-s-de-marc-vuillermoz-novembre-numerique-2024","status":"publish","type":"tribe_events","link":"http:\/\/www.alliancerotterdam.nl\/en\/event\/exposition-reel-s-de-marc-vuillermoz-novembre-numerique-2024\/","title":{"rendered":"Exposition R\u00e9el.s de Marc Vuillermoz &#8211; Novembre Num\u00e9rique 2024"},"content":{"rendered":"<p><img decoding=\"async\" src=\"https:\/\/static.xx.fbcdn.net\/images\/emoji.php\/v9\/t82\/1\/16\/1f3a8.png\" alt=\"\" \/>\u2728 D\u00e9couvrez l&#8217;univers captivant de Marc Vuillermoz \u00e0 l&#8217;Alliance Fran\u00e7aise Rotterdam ! Dans le cadre du Festival international Novembre Num\u00e9rique, cet artiste explore depuis plus de quinze ans la rencontre entre recherche et cr\u00e9ation. Ses \u0153uvres nous invitent \u00e0 explorer comment les nouveaux m\u00e9dias fa\u00e7onnent notre perception du monde sensible.<\/p>\n<p>Ne manquez pas cette occasion unique de plonger dans son travail innovant et de r\u00e9fl\u00e9chir sur l&#8217;impact des technologies sur notre sensibilit\u00e9. Rejoignez-nous pour une exp\u00e9rience artistique in\u00e9dite <img decoding=\"async\" src=\"https:\/\/static.xx.fbcdn.net\/images\/emoji.php\/v9\/t4e\/1\/16\/1f5bc.png\" alt=\"\ufe0f\" \/><\/p>\n<p>Rendez-vous le jeudi 31 octobre \u00e0 17h30 pour l&#8217;inauguration en pr\u00e9sence de l&#8217;artiste !<\/p>\n<hr \/>\n<p><img decoding=\"async\" src=\"https:\/\/static.xx.fbcdn.net\/images\/emoji.php\/v9\/t82\/1\/16\/1f3a8.png\" alt=\"\" \/>\u2728 Discover the captivating world of Marc Vuillermoz at the Alliance Fran\u00e7aise Rotterdam! As part of the International November Digital Festival, this artist has been exploring the intersection of research and creation for over fifteen years. His works invite us to examine how new media shape our perception of the sensory world.<\/p>\n<p>Don\u2019t miss this unique opportunity to dive into his innovative work and reflect on the impact of technology on our sensitivity. Join us for an unforgettable artistic experience <img decoding=\"async\" src=\"https:\/\/static.xx.fbcdn.net\/images\/emoji.php\/v9\/t4e\/1\/16\/1f5bc.png\" alt=\"\ufe0f\" \/><\/p>\n<p>Join us on Thursday, October 31 at 5:30pm for the inauguration in the presence of the artist!<\/p>\n<hr \/>\n<p><img decoding=\"async\" src=\"https:\/\/static.xx.fbcdn.net\/images\/emoji.php\/v9\/t82\/1\/16\/1f3a8.png\" alt=\"\" \/>\u2728 Ontdek de fascinerende wereld van Marc Vuillermoz bij de Alliance Fran\u00e7aise Rotterdam! Binnen het thema van het internationale festival Novembre Num\u00e9rique (Digitaal November), heeft deze artiest al meer dan vijftien jaar onderzoek gedaan en kunst gecre\u00eberd. Zijn werk nodigt uit na te denken over hoe nieuwe media ons beeld op de zintuigelijke wereld vormgeven.<\/p>\n<p>Mis deze unieke kans niet om in zijn innovatieve werk te duiken en te reflecteren op de invloed van technologie op onze zintuigen. Wees welkom voor een onvergetelijke kunstzinnige ervaring <img decoding=\"async\" src=\"https:\/\/static.xx.fbcdn.net\/images\/emoji.php\/v9\/t4e\/1\/16\/1f5bc.png\" alt=\"\ufe0f\" \/><\/p>\n<p>Opening van de tentoonstelling op 31 oktober &#8211; 17.30, in aanwezigheid van de artiest!<\/p>\n<p>&nbsp;<\/p>\n<p><em>Entr\u00e9e libre et gratuite sur les horaires d&#8217;ouverture de l&#8217;Alliance : du lundi au jeudi de 9h \u00e0 20h30 et le vendredi de 9h \u00e0 12h30.<\/em><\/p>\n<p><em>Free admission during Alliance opening hours: Monday to Thursday, 9am to 8:30pm and Friday, 9am to 12:30pm.<\/em><\/p>\n<p>&nbsp;<\/p>\n","protected":false},"excerpt":{"rendered":"<p>\u2728 D\u00e9couvrez l&#8217;univers captivant de Marc Vuillermoz \u00e0 l&#8217;Alliance Fran\u00e7aise Rotterdam ! Dans le cadre du Festival international Novembre Num\u00e9rique, cet artiste explore depuis plus de quinze ans la rencontre [&hellip;]<\/p>\n","protected":false},"author":1,"featured_media":0,"template":"","meta":{"_et_pb_use_builder":"","_et_pb_old_content":"","_et_gb_content_width":"","_tribe_events_status":"","_tribe_events_status_reason":"","footnotes":""},"tags":[],"tribe_events_cat":[],"class_list":["post-19329","tribe_events","type-tribe_events","status-publish","hentry"],"_links":{"self":[{"href":"http:\/\/www.alliancerotterdam.nl\/en\/wp-json\/wp\/v2\/tribe_events\/19329","targetHints":{"allow":["GET"]}}],"collection":[{"href":"http:\/\/www.alliancerotterdam.nl\/en\/wp-json\/wp\/v2\/tribe_events"}],"about":[{"href":"http:\/\/www.alliancerotterdam.nl\/en\/wp-json\/wp\/v2\/types\/tribe_events"}],"author":[{"embeddable":true,"href":"http:\/\/www.alliancerotterdam.nl\/en\/wp-json\/wp\/v2\/users\/1"}],"version-history":[{"count":1,"href":"http:\/\/www.alliancerotterdam.nl\/en\/wp-json\/wp\/v2\/tribe_events\/19329\/revisions"}],"predecessor-version":[{"id":20353,"href":"http:\/\/www.alliancerotterdam.nl\/en\/wp-json\/wp\/v2\/tribe_events\/19329\/revisions\/20353"}],"wp:attachment":[{"href":"http:\/\/www.alliancerotterdam.nl\/en\/wp-json\/wp\/v2\/media?parent=19329"}],"wp:term":[{"taxonomy":"post_tag","embeddable":true,"href":"http:\/\/www.alliancerotterdam.nl\/en\/wp-json\/wp\/v2\/tags?post=19329"},{"taxonomy":"tribe_events_cat","embeddable":true,"href":"http:\/\/www.alliancerotterdam.nl\/en\/wp-json\/wp\/v2\/tribe_events_cat?post=19329"}],"curies":[{"name":"wp","href":"https:\/\/api.w.org\/{rel}","templated":true}]}}

Exposition Réel.s de Marc Vuillermoz &#8211; Novembre Numérique 2024

<p><img decoding="async" src="https://static.xx.fbcdn.net/images/emoji.php/v9/t82/1/16/1f3a8.png" alt="" />✨ Découvrez l&#8217;univers captivant de Marc Vuillermoz à l&#8217;Alliance Française Rotterdam ! Dans le cadre du Festival international Novembre Numérique, cet artiste explore depuis plus de quinze ans la rencontre entre recherche et création. Ses œuvres nous invitent à explorer comment les nouveaux médias façonnent notre perception du monde sensible.</p>
<p>Ne manquez pas cette occasion unique de plonger dans son travail innovant et de réfléchir sur l&#8217;impact des technologies sur notre sensibilité. Rejoignez-nous pour une expérience artistique inédite <img decoding="async" src="https://static.xx.fbcdn.net/images/emoji.php/v9/t4e/1/16/1f5bc.png" alt="️" /></p>
<p>Rendez-vous le jeudi 31 octobre à 17h30 pour l&#8217;inauguration en présence de l&#8217;artiste !</p>
<hr />
<p><img decoding="async" src="https://static.xx.fbcdn.net/images/emoji.php/v9/t82/1/16/1f3a8.png" alt="" />✨ Discover the captivating world of Marc Vuillermoz at the Alliance Française Rotterdam! As part of the International November Digital Festival, this artist has been exploring the intersection of research and creation for over fifteen years. His works invite us to examine how new media shape our perception of the sensory world.</p>
<p>Don’t miss this unique opportunity to dive into his innovative work and reflect on the impact of technology on our sensitivity. Join us for an unforgettable artistic experience <img decoding="async" src="https://static.xx.fbcdn.net/images/emoji.php/v9/t4e/1/16/1f5bc.png" alt="️" /></p>
<p>Join us on Thursday, October 31 at 5:30pm for the inauguration in the presence of the artist!</p>
<hr />
<p><img decoding="async" src="https://static.xx.fbcdn.net/images/emoji.php/v9/t82/1/16/1f3a8.png" alt="" />✨ Ontdek de fascinerende wereld van Marc Vuillermoz bij de Alliance Française Rotterdam! Binnen het thema van het internationale festival Novembre Numérique (Digitaal November), heeft deze artiest al meer dan vijftien jaar onderzoek gedaan en kunst gecreëerd. Zijn werk nodigt uit na te denken over hoe nieuwe media ons beeld op de zintuigelijke wereld vormgeven.</p>
<p>Mis deze unieke kans niet om in zijn innovatieve werk te duiken en te reflecteren op de invloed van technologie op onze zintuigen. Wees welkom voor een onvergetelijke kunstzinnige ervaring <img decoding="async" src="https://static.xx.fbcdn.net/images/emoji.php/v9/t4e/1/16/1f5bc.png" alt="️" /></p>
<p>Opening van de tentoonstelling op 31 oktober &#8211; 17.30, in aanwezigheid van de artiest!</p>
<p>&nbsp;</p>
<p><em>Entrée libre et gratuite sur les horaires d&#8217;ouverture de l&#8217;Alliance : du lundi au jeudi de 9h à 20h30 et le vendredi de 9h à 12h30.</em></p>
<p><em>Free admission during Alliance opening hours: Monday to Thursday, 9am to 8:30pm and Friday, 9am to 12:30pm.</em></p>
<p>&nbsp;</p>

<p>✨ Découvrez l&#8217;univers captivant de Marc Vuillermoz à l&#8217;Alliance Française Rotterdam ! Dans le cadre du Festival international Novembre Numérique, cet artiste explore depuis plus de quinze ans la rencontre [&hellip;]</p>
