{"id":18271,"date":"2024-04-24T18:45:05","date_gmt":"2024-04-24T16:45:05","guid":{"rendered":"https:\/\/www.alliancerotterdam.nl\/?post_type=tribe_events&amp;p=18271"},"modified":"2024-04-24T18:45:05","modified_gmt":"2024-04-24T16:45:05","slug":"visit-the-wereldmuseum-colonialism-and-rotterdam","status":"publish","type":"tribe_events","link":"http:\/\/www.alliancerotterdam.nl\/en\/event\/visit-the-wereldmuseum-colonialism-and-rotterdam\/","title":{"rendered":"Visit the Wereldmuseum &#8211; COLONIALISM AND ROTTERDAM"},"content":{"rendered":"<p>Want to know more about Rotterdam&#8217;s migration history? The Alliance Fran\u00e7aise teams up with the Wereldmuseum to offer you a special visit of the exhibition &#8220;Colonialism and Rotterdam&#8221;!<\/p>\n<p>The exhibition &#8220;Colonialism and Rotterdam&#8221; searches the colonial history of Rotterdam and how it has shaped the city and its inhabitants; bringing together local, national, and international histories. You are invited to ask yourself the question: what history are you passing on?<\/p>\n<p>On<strong> Saturday June 8th<\/strong>, <strong>Maria Rey-Lamslag<\/strong>, the exhibition curator, will offer you a private introduction to the exhibition and also gladly answer questions &#x1f4ac;<\/p>\n<p>Introduction in English &#x1f1ec;&#x1f1e7;<\/p>\n<p><strong>&#x1f55b; Saturday June 8th, at 10.30 am\u00a0<\/strong><\/p>\n<p>&#x1f4cd;<strong>Wereldmuseum<\/strong> &#8211; Willemskade 25, 3016 DM Rotterdam<\/p>\n<p>Only 15 places available, don&#8217;t miss it !!<\/p>\n<p>&#x1f449; <a href=\"https:\/\/www.alliancerotterdam.nl\/produit\/adults-visit-the-wereldmuseum\/\">Registration for Adults\u00a0<\/a><\/p>\n<p>&#x1f449; <a href=\"https:\/\/www.alliancerotterdam.nl\/produit\/children-students-members-visit-the-wereldmuseum-copie\/\">Registration for Members, Students and Children<\/a><\/p>\n<p>&nbsp;<\/p>\n<p>Vous voulez en apprendre plus sur l&#8217;histoire de l&#8217;immigration \u00e0 Rotterdam ? L&#8217;Alliance Fran\u00e7aise s&#8217;associe au Wereldmuseum pour vous proposer une visite in\u00e9dite de l&#8217;exposition &#8220;Colonialisme et Rotterdam&#8221; !<\/p>\n<p>L&#8217;exposition se penche sur l&#8217;histoire coloniale de Rotterdam et sur la mani\u00e8re dont celle-ci a fa\u00e7onn\u00e9 la ville et ses habitants en croisant les histoires locales, nationales et internationales. Une fa\u00e7on, aussi, de se poser la question : quelle histoire transmettez-vous ?<\/p>\n<p><strong>Le samedi 8 juin<\/strong>, la commissaire de l&#8217;exposition, <strong>Maria Rey-Lamslag<\/strong>, vous propose d&#8217;assister \u00e0 une introduction in\u00e9dite et priv\u00e9e de l&#8217;exposition. Profitez-en pour lui poser toutes vos questions !<\/p>\n<p>Introduction en anglais &#x1f1ec;&#x1f1e7;<\/p>\n<p><strong>&#x1f55b; Samedi 8 juin a 10h30<\/strong><\/p>\n<p>&#x1f4cd;<strong>Au Wereldmuseum<\/strong> &#8211; Willemskade 25, 3016 DM Rotterdam<\/p>\n<p>Seulement 15 places disponibles, ne manquez pas cette opportunit\u00e9 !<\/p>\n<p>&#x1f449; <a href=\"https:\/\/www.alliancerotterdam.nl\/produit\/adults-visit-the-wereldmuseum\/\">Inscription adultes<\/a><\/p>\n<p>&#x1f449; <a href=\"https:\/\/www.alliancerotterdam.nl\/produit\/children-students-members-visit-the-wereldmuseum-copie\/\">Inscription pour les membres, \u00e9tudiants et enfants<\/a><\/p>\n","protected":false},"excerpt":{"rendered":"<p>Want to know more about Rotterdam&#8217;s migration history? The Alliance Fran\u00e7aise teams up with the Wereldmuseum to offer you a special visit of the exhibition &#8220;Colonialism and Rotterdam&#8221;! The exhibition [&hellip;]<\/p>\n","protected":false},"author":1,"featured_media":0,"template":"","meta":{"_et_pb_use_builder":"","_et_pb_old_content":"","_et_gb_content_width":"","_tribe_events_status":"","_tribe_events_status_reason":"","footnotes":""},"tags":[],"tribe_events_cat":[242,248],"class_list":["post-18271","tribe_events","type-tribe_events","status-publish","hentry","tribe_events_cat-cultuur","tribe_events_cat-exposition","cat_cultuur","cat_exposition"],"_links":{"self":[{"href":"http:\/\/www.alliancerotterdam.nl\/en\/wp-json\/wp\/v2\/tribe_events\/18271","targetHints":{"allow":["GET"]}}],"collection":[{"href":"http:\/\/www.alliancerotterdam.nl\/en\/wp-json\/wp\/v2\/tribe_events"}],"about":[{"href":"http:\/\/www.alliancerotterdam.nl\/en\/wp-json\/wp\/v2\/types\/tribe_events"}],"author":[{"embeddable":true,"href":"http:\/\/www.alliancerotterdam.nl\/en\/wp-json\/wp\/v2\/users\/1"}],"version-history":[{"count":0,"href":"http:\/\/www.alliancerotterdam.nl\/en\/wp-json\/wp\/v2\/tribe_events\/18271\/revisions"}],"wp:attachment":[{"href":"http:\/\/www.alliancerotterdam.nl\/en\/wp-json\/wp\/v2\/media?parent=18271"}],"wp:term":[{"taxonomy":"post_tag","embeddable":true,"href":"http:\/\/www.alliancerotterdam.nl\/en\/wp-json\/wp\/v2\/tags?post=18271"},{"taxonomy":"tribe_events_cat","embeddable":true,"href":"http:\/\/www.alliancerotterdam.nl\/en\/wp-json\/wp\/v2\/tribe_events_cat?post=18271"}],"curies":[{"name":"wp","href":"https:\/\/api.w.org\/{rel}","templated":true}]}}

<p>Want to know more about Rotterdam&#8217;s migration history? The Alliance Française teams up with the Wereldmuseum to offer you a special visit of the exhibition &#8220;Colonialism and Rotterdam&#8221;!</p>
<p>The exhibition &#8220;Colonialism and Rotterdam&#8221; searches the colonial history of Rotterdam and how it has shaped the city and its inhabitants; bringing together local, national, and international histories. You are invited to ask yourself the question: what history are you passing on?</p>
<p>On<strong> Saturday June 8th</strong>, <strong>Maria Rey-Lamslag</strong>, the exhibition curator, will offer you a private introduction to the exhibition and also gladly answer questions &#x1f4ac;</p>
<p>Introduction in English &#x1f1ec;&#x1f1e7;</p>
<p><strong>&#x1f55b; Saturday June 8th, at 10.30 am </strong></p>
<p>&#x1f4cd;<strong>Wereldmuseum</strong> &#8211; Willemskade 25, 3016 DM Rotterdam</p>
<p>Only 15 places available, don&#8217;t miss it !!</p>
<p>&#x1f449; <a href="https://www.alliancerotterdam.nl/produit/adults-visit-the-wereldmuseum/">Registration for Adults </a></p>
<p>&#x1f449; <a href="https://www.alliancerotterdam.nl/produit/children-students-members-visit-the-wereldmuseum-copie/">Registration for Members, Students and Children</a></p>
<p>&nbsp;</p>
<p>Vous voulez en apprendre plus sur l&#8217;histoire de l&#8217;immigration à Rotterdam ? L&#8217;Alliance Française s&#8217;associe au Wereldmuseum pour vous proposer une visite inédite de l&#8217;exposition &#8220;Colonialisme et Rotterdam&#8221; !</p>
<p>L&#8217;exposition se penche sur l&#8217;histoire coloniale de Rotterdam et sur la manière dont celle-ci a façonné la ville et ses habitants en croisant les histoires locales, nationales et internationales. Une façon, aussi, de se poser la question : quelle histoire transmettez-vous ?</p>
<p><strong>Le samedi 8 juin</strong>, la commissaire de l&#8217;exposition, <strong>Maria Rey-Lamslag</strong>, vous propose d&#8217;assister à une introduction inédite et privée de l&#8217;exposition. Profitez-en pour lui poser toutes vos questions !</p>
<p>Introduction en anglais &#x1f1ec;&#x1f1e7;</p>
<p><strong>&#x1f55b; Samedi 8 juin a 10h30</strong></p>
<p>&#x1f4cd;<strong>Au Wereldmuseum</strong> &#8211; Willemskade 25, 3016 DM Rotterdam</p>
<p>Seulement 15 places disponibles, ne manquez pas cette opportunité !</p>
<p>&#x1f449; <a href="https://www.alliancerotterdam.nl/produit/adults-visit-the-wereldmuseum/">Inscription adultes</a></p>
<p>&#x1f449; <a href="https://www.alliancerotterdam.nl/produit/children-students-members-visit-the-wereldmuseum-copie/">Inscription pour les membres, étudiants et enfants</a></p>

<p>Want to know more about Rotterdam&#8217;s migration history? The Alliance Française teams up with the Wereldmuseum to offer you a special visit of the exhibition &#8220;Colonialism and Rotterdam&#8221;! The exhibition [&hellip;]</p>
